{"id":1049,"date":"2013-08-11T01:01:01","date_gmt":"2013-08-11T01:01:01","guid":{"rendered":"https:\/\/www.forumviseu.net\/events\/moda-ao-cubo\/"},"modified":"2013-08-11T01:01:01","modified_gmt":"2013-08-11T01:01:01","slug":"moda-ao-cubo","status":"publish","type":"events","link":"https:\/\/www.forumviseu.net\/en\/events\/moda-ao-cubo\/","title":{"rendered":"Moda ao Cubo"},"content":{"rendered":"<div> \tDe 13 a 15 de Setembro, a Alameda exterior do Forum Viseu vai ser ocupada por quatro cubos gigantes e transparentes, com as grandes tend\u00eancias da esta\u00e7\u00e3o.<\/div>\n<div> \tVenha conhecer as cole\u00e7\u00f5es Outono\/Inverno das nossas lojas, que v\u00e3o ser apresentadas por manequins reais.<\/div>\n<div> \t&nbsp;<\/div>\n<div> \tO Pedro Guedes, o Ricardo Guedes e a Kelly Baron tamb\u00e9m aceitaram o nosso convite e v\u00e3o ser os padrinhos de tr\u00eas dos cubos gigantes. Um quarto cubo vai estar dispon\u00edvel para aconselhamento de moda com make-up, cabelos e fashion advising.<\/div>\n<div> \t&nbsp;<\/div>\n<div> \tSe tiver d\u00favidas quanto ao coordenado que melhor combina consigo, passe por l\u00e1 e receba gratuitamente conselhos profissionais sobre as tend\u00eancias da pr\u00f3xima esta\u00e7\u00e3o.<\/div>\n<div> \t<span style=\"line-height: 1.4;\">A apresenta\u00e7\u00e3o do evento estar\u00e1 a cargo de B\u00e1rbara Guimar\u00e3es e a DJ Isabel Figueira animar\u00e1 o evento.<\/span><\/div>\n<div> \t&nbsp;<\/div>\n<div> \tVenha ao Forum Viseu e encontre tudo o que gosta no mundo da moda, agora ao cubo.<\/div>\n","protected":false},"featured_media":920,"template":"","class_list":["post-1049","events","type-events","status-publish","has-post-thumbnail","hentry"],"yoast_head":"<!-- This site is optimized with the Yoast SEO plugin v22.2 - https:\/\/yoast.com\/wordpress\/plugins\/seo\/ -->\n<title>Moda ao Cubo - Forum Viseu<\/title>\n<meta name=\"robots\" content=\"index, follow, max-snippet:-1, max-image-preview:large, max-video-preview:-1\" \/>\n<link rel=\"canonical\" href=\"https:\/\/www.forumviseu.net\/en\/events\/moda-ao-cubo\/\" \/>\n<meta property=\"og:locale\" content=\"en_US\" \/>\n<meta property=\"og:type\" content=\"article\" \/>\n<meta property=\"og:title\" content=\"Moda ao Cubo - Forum Viseu\" \/>\n<meta property=\"og:description\" content=\"De 13 a 15 de Setembro, a Alameda exterior do Forum Viseu vai ser ocupada por quatro cubos gigantes e transparentes, com as grandes tend\u00eancias da esta\u00e7\u00e3o. Venha conhecer as cole\u00e7\u00f5es Outono\/Inverno das nossas lojas, que v\u00e3o ser apresentadas por manequins reais. &nbsp; O Pedro Guedes, o Ricardo Guedes e a Kelly Baron tamb\u00e9m aceitaram [&hellip;]\" \/>\n<meta property=\"og:url\" content=\"https:\/\/www.forumviseu.net\/en\/events\/moda-ao-cubo\/\" \/>\n<meta property=\"og:site_name\" content=\"Forum Viseu\" \/>\n<meta property=\"og:image\" content=\"https:\/\/www.forumviseu.net\/wp-content\/uploads\/sites\/15\/events\/modaaocubo.jpg\" \/>\n\t<meta property=\"og:image:width\" content=\"960\" \/>\n\t<meta property=\"og:image:height\" content=\"636\" \/>\n\t<meta property=\"og:image:type\" content=\"image\/jpeg\" \/>\n<meta name=\"twitter:card\" content=\"summary_large_image\" \/>\n<meta name=\"twitter:label1\" content=\"Est. reading time\" \/>\n\t<meta name=\"twitter:data1\" content=\"1 minute\" \/>\n<script type=\"application\/ld+json\" class=\"yoast-schema-graph\">{\"@context\":\"https:\/\/schema.org\",\"@graph\":[{\"@type\":\"WebPage\",\"@id\":\"https:\/\/www.forumviseu.net\/en\/events\/moda-ao-cubo\/\",\"url\":\"https:\/\/www.forumviseu.net\/en\/events\/moda-ao-cubo\/\",\"name\":\"Moda ao Cubo - Forum Viseu\",\"isPartOf\":{\"@id\":\"https:\/\/www.forumviseu.net\/#website\"},\"primaryImageOfPage\":{\"@id\":\"https:\/\/www.forumviseu.net\/en\/events\/moda-ao-cubo\/#primaryimage\"},\"image\":{\"@id\":\"https:\/\/www.forumviseu.net\/en\/events\/moda-ao-cubo\/#primaryimage\"},\"thumbnailUrl\":\"https:\/\/www.forumviseu.net\/wp-content\/uploads\/sites\/15\/events\/modaaocubo.jpg\",\"datePublished\":\"2013-08-11T01:01:01+00:00\",\"dateModified\":\"2013-08-11T01:01:01+00:00\",\"breadcrumb\":{\"@id\":\"https:\/\/www.forumviseu.net\/en\/events\/moda-ao-cubo\/#breadcrumb\"},\"inLanguage\":\"en-US\",\"potentialAction\":[{\"@type\":\"ReadAction\",\"target\":[\"https:\/\/www.forumviseu.net\/en\/events\/moda-ao-cubo\/\"]}]},{\"@type\":\"ImageObject\",\"inLanguage\":\"en-US\",\"@id\":\"https:\/\/www.forumviseu.net\/en\/events\/moda-ao-cubo\/#primaryimage\",\"url\":\"https:\/\/www.forumviseu.net\/wp-content\/uploads\/sites\/15\/events\/modaaocubo.jpg\",\"contentUrl\":\"https:\/\/www.forumviseu.net\/wp-content\/uploads\/sites\/15\/events\/modaaocubo.jpg\",\"width\":960,\"height\":636},{\"@type\":\"BreadcrumbList\",\"@id\":\"https:\/\/www.forumviseu.net\/en\/events\/moda-ao-cubo\/#breadcrumb\",\"itemListElement\":[{\"@type\":\"ListItem\",\"position\":1,\"name\":\"Events\",\"item\":\"https:\/\/www.forumviseu.net\/events\/\"},{\"@type\":\"ListItem\",\"position\":2,\"name\":\"Moda ao Cubo\"}]},{\"@type\":\"WebSite\",\"@id\":\"https:\/\/www.forumviseu.net\/#website\",\"url\":\"https:\/\/www.forumviseu.net\/\",\"name\":\"Forum Viseu\",\"description\":\"Ser Quem Sou\",\"publisher\":{\"@id\":\"https:\/\/www.forumviseu.net\/#organization\"},\"potentialAction\":[{\"@type\":\"SearchAction\",\"target\":{\"@type\":\"EntryPoint\",\"urlTemplate\":\"https:\/\/www.forumviseu.net\/?s={search_term_string}\"},\"query-input\":\"required name=search_term_string\"}],\"inLanguage\":\"en-US\"},{\"@type\":\"Organization\",\"@id\":\"https:\/\/www.forumviseu.net\/#organization\",\"name\":\"Forum Viseu\",\"url\":\"https:\/\/www.forumviseu.net\/\",\"logo\":{\"@type\":\"ImageObject\",\"inLanguage\":\"en-US\",\"@id\":\"https:\/\/www.forumviseu.net\/#\/schema\/logo\/image\/\",\"url\":\"https:\/\/www.forumviseu.net\/wp-content\/uploads\/sites\/15\/logo.png\",\"contentUrl\":\"https:\/\/www.forumviseu.net\/wp-content\/uploads\/sites\/15\/logo.png\",\"caption\":\"Forum Viseu\"},\"image\":{\"@id\":\"https:\/\/www.forumviseu.net\/#\/schema\/logo\/image\/\"}}]}<\/script>\n<!-- \/ Yoast SEO plugin. -->","yoast_head_json":{"title":"Moda ao Cubo - Forum Viseu","robots":{"index":"index","follow":"follow","max-snippet":"max-snippet:-1","max-image-preview":"max-image-preview:large","max-video-preview":"max-video-preview:-1"},"canonical":"https:\/\/www.forumviseu.net\/en\/events\/moda-ao-cubo\/","og_locale":"en_US","og_type":"article","og_title":"Moda ao Cubo - Forum Viseu","og_description":"De 13 a 15 de Setembro, a Alameda exterior do Forum Viseu vai ser ocupada por quatro cubos gigantes e transparentes, com as grandes tend\u00eancias da esta\u00e7\u00e3o. Venha conhecer as cole\u00e7\u00f5es Outono\/Inverno das nossas lojas, que v\u00e3o ser apresentadas por manequins reais. &nbsp; O Pedro Guedes, o Ricardo Guedes e a Kelly Baron tamb\u00e9m aceitaram [&hellip;]","og_url":"https:\/\/www.forumviseu.net\/en\/events\/moda-ao-cubo\/","og_site_name":"Forum Viseu","og_image":[{"width":960,"height":636,"url":"https:\/\/www.forumviseu.net\/wp-content\/uploads\/sites\/15\/events\/modaaocubo.jpg","type":"image\/jpeg"}],"twitter_card":"summary_large_image","twitter_misc":{"Est. reading time":"1 minute"},"schema":{"@context":"https:\/\/schema.org","@graph":[{"@type":"WebPage","@id":"https:\/\/www.forumviseu.net\/en\/events\/moda-ao-cubo\/","url":"https:\/\/www.forumviseu.net\/en\/events\/moda-ao-cubo\/","name":"Moda ao Cubo - Forum Viseu","isPartOf":{"@id":"https:\/\/www.forumviseu.net\/#website"},"primaryImageOfPage":{"@id":"https:\/\/www.forumviseu.net\/en\/events\/moda-ao-cubo\/#primaryimage"},"image":{"@id":"https:\/\/www.forumviseu.net\/en\/events\/moda-ao-cubo\/#primaryimage"},"thumbnailUrl":"https:\/\/www.forumviseu.net\/wp-content\/uploads\/sites\/15\/events\/modaaocubo.jpg","datePublished":"2013-08-11T01:01:01+00:00","dateModified":"2013-08-11T01:01:01+00:00","breadcrumb":{"@id":"https:\/\/www.forumviseu.net\/en\/events\/moda-ao-cubo\/#breadcrumb"},"inLanguage":"en-US","potentialAction":[{"@type":"ReadAction","target":["https:\/\/www.forumviseu.net\/en\/events\/moda-ao-cubo\/"]}]},{"@type":"ImageObject","inLanguage":"en-US","@id":"https:\/\/www.forumviseu.net\/en\/events\/moda-ao-cubo\/#primaryimage","url":"https:\/\/www.forumviseu.net\/wp-content\/uploads\/sites\/15\/events\/modaaocubo.jpg","contentUrl":"https:\/\/www.forumviseu.net\/wp-content\/uploads\/sites\/15\/events\/modaaocubo.jpg","width":960,"height":636},{"@type":"BreadcrumbList","@id":"https:\/\/www.forumviseu.net\/en\/events\/moda-ao-cubo\/#breadcrumb","itemListElement":[{"@type":"ListItem","position":1,"name":"Events","item":"https:\/\/www.forumviseu.net\/events\/"},{"@type":"ListItem","position":2,"name":"Moda ao Cubo"}]},{"@type":"WebSite","@id":"https:\/\/www.forumviseu.net\/#website","url":"https:\/\/www.forumviseu.net\/","name":"Forum Viseu","description":"Ser Quem Sou","publisher":{"@id":"https:\/\/www.forumviseu.net\/#organization"},"potentialAction":[{"@type":"SearchAction","target":{"@type":"EntryPoint","urlTemplate":"https:\/\/www.forumviseu.net\/?s={search_term_string}"},"query-input":"required name=search_term_string"}],"inLanguage":"en-US"},{"@type":"Organization","@id":"https:\/\/www.forumviseu.net\/#organization","name":"Forum Viseu","url":"https:\/\/www.forumviseu.net\/","logo":{"@type":"ImageObject","inLanguage":"en-US","@id":"https:\/\/www.forumviseu.net\/#\/schema\/logo\/image\/","url":"https:\/\/www.forumviseu.net\/wp-content\/uploads\/sites\/15\/logo.png","contentUrl":"https:\/\/www.forumviseu.net\/wp-content\/uploads\/sites\/15\/logo.png","caption":"Forum Viseu"},"image":{"@id":"https:\/\/www.forumviseu.net\/#\/schema\/logo\/image\/"}}]}},"_links":{"self":[{"href":"https:\/\/www.forumviseu.net\/en\/wp-json\/wp\/v2\/events\/1049","targetHints":{"allow":["GET"]}}],"collection":[{"href":"https:\/\/www.forumviseu.net\/en\/wp-json\/wp\/v2\/events"}],"about":[{"href":"https:\/\/www.forumviseu.net\/en\/wp-json\/wp\/v2\/types\/events"}],"wp:featuredmedia":[{"embeddable":true,"href":"https:\/\/www.forumviseu.net\/en\/wp-json\/wp\/v2\/media\/920"}],"wp:attachment":[{"href":"https:\/\/www.forumviseu.net\/en\/wp-json\/wp\/v2\/media?parent=1049"}],"curies":[{"name":"wp","href":"https:\/\/api.w.org\/{rel}","templated":true}]}}

<div> 	De 13 a 15 de Setembro, a Alameda exterior do Forum Viseu vai ser ocupada por quatro cubos gigantes e transparentes, com as grandes tendências da estação.</div>
<div> 	Venha conhecer as coleções Outono/Inverno das nossas lojas, que vão ser apresentadas por manequins reais.</div>
<div> 	&nbsp;</div>
<div> 	O Pedro Guedes, o Ricardo Guedes e a Kelly Baron também aceitaram o nosso convite e vão ser os padrinhos de três dos cubos gigantes. Um quarto cubo vai estar disponível para aconselhamento de moda com make-up, cabelos e fashion advising.</div>
<div> 	&nbsp;</div>
<div> 	Se tiver dúvidas quanto ao coordenado que melhor combina consigo, passe por lá e receba gratuitamente conselhos profissionais sobre as tendências da próxima estação.</div>
<div> 	<span style="line-height: 1.4;">A apresentação do evento estará a cargo de Bárbara Guimarães e a DJ Isabel Figueira animará o evento.</span></div>
<div> 	&nbsp;</div>
<div> 	Venha ao Forum Viseu e encontre tudo o que gosta no mundo da moda, agora ao cubo.</div>

<!-- This site is optimized with the Yoast SEO plugin v22.2 - https://yoast.com/wordpress/plugins/seo/ -->
<title>Moda ao Cubo - Forum Viseu</title>
<meta name="robots" content="index, follow, max-snippet:-1, max-image-preview:large, max-video-preview:-1" />
<link rel="canonical" href="https://www.forumviseu.net/en/events/moda-ao-cubo/" />
<meta property="og:locale" content="en_US" />
<meta property="og:type" content="article" />
<meta property="og:title" content="Moda ao Cubo - Forum Viseu" />
<meta property="og:description" content="De 13 a 15 de Setembro, a Alameda exterior do Forum Viseu vai ser ocupada por quatro cubos gigantes e transparentes, com as grandes tendências da estação. Venha conhecer as coleções Outono/Inverno das nossas lojas, que vão ser apresentadas por manequins reais. &nbsp; O Pedro Guedes, o Ricardo Guedes e a Kelly Baron também aceitaram [&hellip;]" />
<meta property="og:url" content="https://www.forumviseu.net/en/events/moda-ao-cubo/" />
<meta property="og:site_name" content="Forum Viseu" />
<meta property="og:image" content="https://www.forumviseu.net/wp-content/uploads/sites/15/events/modaaocubo.jpg" />
	<meta property="og:image:width" content="960" />
	<meta property="og:image:height" content="636" />
	<meta property="og:image:type" content="image/jpeg" />
<meta name="twitter:card" content="summary_large_image" />
<meta name="twitter:label1" content="Est. reading time" />
	<meta name="twitter:data1" content="1 minute" />
<script type="application/ld+json" class="yoast-schema-graph">{"@context":"https://schema.org","@graph":[{"@type":"WebPage","@id":"https://www.forumviseu.net/en/events/moda-ao-cubo/","url":"https://www.forumviseu.net/en/events/moda-ao-cubo/","name":"Moda ao Cubo - Forum Viseu","isPartOf":{"@id":"https://www.forumviseu.net/#website"},"primaryImageOfPage":{"@id":"https://www.forumviseu.net/en/events/moda-ao-cubo/#primaryimage"},"image":{"@id":"https://www.forumviseu.net/en/events/moda-ao-cubo/#primaryimage"},"thumbnailUrl":"https://www.forumviseu.net/wp-content/uploads/sites/15/events/modaaocubo.jpg","datePublished":"2013-08-11T01:01:01+00:00","dateModified":"2013-08-11T01:01:01+00:00","breadcrumb":{"@id":"https://www.forumviseu.net/en/events/moda-ao-cubo/#breadcrumb"},"inLanguage":"en-US","potentialAction":[{"@type":"ReadAction","target":["https://www.forumviseu.net/en/events/moda-ao-cubo/"]}]},{"@type":"ImageObject","inLanguage":"en-US","@id":"https://www.forumviseu.net/en/events/moda-ao-cubo/#primaryimage","url":"https://www.forumviseu.net/wp-content/uploads/sites/15/events/modaaocubo.jpg","contentUrl":"https://www.forumviseu.net/wp-content/uploads/sites/15/events/modaaocubo.jpg","width":960,"height":636},{"@type":"BreadcrumbList","@id":"https://www.forumviseu.net/en/events/moda-ao-cubo/#breadcrumb","itemListElement":[{"@type":"ListItem","position":1,"name":"Events","item":"https://www.forumviseu.net/events/"},{"@type":"ListItem","position":2,"name":"Moda ao Cubo"}]},{"@type":"WebSite","@id":"https://www.forumviseu.net/#website","url":"https://www.forumviseu.net/","name":"Forum Viseu","description":"Ser Quem Sou","publisher":{"@id":"https://www.forumviseu.net/#organization"},"potentialAction":[{"@type":"SearchAction","target":{"@type":"EntryPoint","urlTemplate":"https://www.forumviseu.net/?s={search_term_string}"},"query-input":"required name=search_term_string"}],"inLanguage":"en-US"},{"@type":"Organization","@id":"https://www.forumviseu.net/#organization","name":"Forum Viseu","url":"https://www.forumviseu.net/","logo":{"@type":"ImageObject","inLanguage":"en-US","@id":"https://www.forumviseu.net/#/schema/logo/image/","url":"https://www.forumviseu.net/wp-content/uploads/sites/15/logo.png","contentUrl":"https://www.forumviseu.net/wp-content/uploads/sites/15/logo.png","caption":"Forum Viseu"},"image":{"@id":"https://www.forumviseu.net/#/schema/logo/image/"}}]}</script>
<!-- / Yoast SEO plugin. -->

De 13 a 15 de Setembro, a Alameda exterior do Forum Viseu vai ser ocupada por quatro cubos gigantes e transparentes, com as grandes tendências da estação. Venha conhecer as coleções Outono/Inverno das nossas lojas, que vão ser apresentadas por manequins reais. &nbsp; O Pedro Guedes, o Ricardo Guedes e a Kelly Baron também aceitaram [&hellip;]
