{"id":1050,"date":"2010-11-16T01:01:01","date_gmt":"2010-11-16T01:01:01","guid":{"rendered":"https:\/\/www.forumviseu.net\/events\/chegada-do-pai-natal\/"},"modified":"2010-11-16T01:01:01","modified_gmt":"2010-11-16T01:01:01","slug":"chegada-do-pai-natal","status":"publish","type":"events","link":"https:\/\/www.forumviseu.net\/en\/events\/chegada-do-pai-natal\/","title":{"rendered":"Chegada do Pai Natal"},"content":{"rendered":"<div> \tO Natal j\u00e1 chegou ao Forum Viseu, com uma festa no S\u00e1bado, dia 13 de Novembro, que contou com v\u00e1rios momentos de anima\u00e7\u00e3o.<\/div>\n<div> \tAp\u00f3s um teatro alusivo \u00e0 hist\u00f3ria da nova edi\u00e7\u00e3o do Livro do Gui, centenas de pessoas concentraram-se na alameda do Forum para apreciar o espect\u00e1culo de neve, que tornou o ambiente verdadeiramente m\u00e1gico.<\/div>\n<div> \t&nbsp;<\/div>\n<div> \tEste ano, o Pai Natal chegou num autocarro descapot\u00e1vel pelas 17h00, e veio acompanhado pela actriz Catarina Urbani, a C\u00e1tia Besugo da s\u00e9rie de Ver\u00e3o dos Morangos com A\u00e7ucar, e por mais 20 meninas do Internato de Sta Teresinha que puderam desta forma viver um dia inesquec\u00edvel.<\/div>\n<div> \t&nbsp;<\/div>\n<div> \tO Forum Viseu inaugurou tamb\u00e9m a sua ilumina\u00e7\u00e3o de Natal, criando uma exibi\u00e7\u00e3o maravilhosa para todos os que assistiam.<\/div>\n<div> \t&nbsp;<\/div>\n","protected":false},"featured_media":932,"template":"","class_list":["post-1050","events","type-events","status-publish","has-post-thumbnail","hentry"],"yoast_head":"<!-- This site is optimized with the Yoast SEO plugin v22.2 - https:\/\/yoast.com\/wordpress\/plugins\/seo\/ -->\n<title>Chegada do Pai Natal - Forum Viseu<\/title>\n<meta name=\"robots\" content=\"index, follow, max-snippet:-1, max-image-preview:large, max-video-preview:-1\" \/>\n<link rel=\"canonical\" href=\"https:\/\/www.forumviseu.net\/en\/events\/chegada-do-pai-natal\/\" \/>\n<meta property=\"og:locale\" content=\"en_US\" \/>\n<meta property=\"og:type\" content=\"article\" \/>\n<meta property=\"og:title\" content=\"Chegada do Pai Natal - Forum Viseu\" \/>\n<meta property=\"og:description\" content=\"O Natal j\u00e1 chegou ao Forum Viseu, com uma festa no S\u00e1bado, dia 13 de Novembro, que contou com v\u00e1rios momentos de anima\u00e7\u00e3o. Ap\u00f3s um teatro alusivo \u00e0 hist\u00f3ria da nova edi\u00e7\u00e3o do Livro do Gui, centenas de pessoas concentraram-se na alameda do Forum para apreciar o espect\u00e1culo de neve, que tornou o ambiente verdadeiramente [&hellip;]\" \/>\n<meta property=\"og:url\" content=\"https:\/\/www.forumviseu.net\/en\/events\/chegada-do-pai-natal\/\" \/>\n<meta property=\"og:site_name\" content=\"Forum Viseu\" \/>\n<meta property=\"og:image\" content=\"https:\/\/www.forumviseu.net\/wp-content\/uploads\/sites\/15\/events\/chegadadopainatal.jpg\" \/>\n\t<meta property=\"og:image:width\" content=\"960\" \/>\n\t<meta property=\"og:image:height\" content=\"639\" \/>\n\t<meta property=\"og:image:type\" content=\"image\/jpeg\" \/>\n<meta name=\"twitter:card\" content=\"summary_large_image\" \/>\n<meta name=\"twitter:label1\" content=\"Est. reading time\" \/>\n\t<meta name=\"twitter:data1\" content=\"1 minute\" \/>\n<script type=\"application\/ld+json\" class=\"yoast-schema-graph\">{\"@context\":\"https:\/\/schema.org\",\"@graph\":[{\"@type\":\"WebPage\",\"@id\":\"https:\/\/www.forumviseu.net\/en\/events\/chegada-do-pai-natal\/\",\"url\":\"https:\/\/www.forumviseu.net\/en\/events\/chegada-do-pai-natal\/\",\"name\":\"Chegada do Pai Natal - Forum Viseu\",\"isPartOf\":{\"@id\":\"https:\/\/www.forumviseu.net\/#website\"},\"primaryImageOfPage\":{\"@id\":\"https:\/\/www.forumviseu.net\/en\/events\/chegada-do-pai-natal\/#primaryimage\"},\"image\":{\"@id\":\"https:\/\/www.forumviseu.net\/en\/events\/chegada-do-pai-natal\/#primaryimage\"},\"thumbnailUrl\":\"https:\/\/www.forumviseu.net\/wp-content\/uploads\/sites\/15\/events\/chegadadopainatal.jpg\",\"datePublished\":\"2010-11-16T01:01:01+00:00\",\"dateModified\":\"2010-11-16T01:01:01+00:00\",\"breadcrumb\":{\"@id\":\"https:\/\/www.forumviseu.net\/en\/events\/chegada-do-pai-natal\/#breadcrumb\"},\"inLanguage\":\"en-US\",\"potentialAction\":[{\"@type\":\"ReadAction\",\"target\":[\"https:\/\/www.forumviseu.net\/en\/events\/chegada-do-pai-natal\/\"]}]},{\"@type\":\"ImageObject\",\"inLanguage\":\"en-US\",\"@id\":\"https:\/\/www.forumviseu.net\/en\/events\/chegada-do-pai-natal\/#primaryimage\",\"url\":\"https:\/\/www.forumviseu.net\/wp-content\/uploads\/sites\/15\/events\/chegadadopainatal.jpg\",\"contentUrl\":\"https:\/\/www.forumviseu.net\/wp-content\/uploads\/sites\/15\/events\/chegadadopainatal.jpg\",\"width\":960,\"height\":639},{\"@type\":\"BreadcrumbList\",\"@id\":\"https:\/\/www.forumviseu.net\/en\/events\/chegada-do-pai-natal\/#breadcrumb\",\"itemListElement\":[{\"@type\":\"ListItem\",\"position\":1,\"name\":\"Events\",\"item\":\"https:\/\/www.forumviseu.net\/events\/\"},{\"@type\":\"ListItem\",\"position\":2,\"name\":\"Chegada do Pai Natal\"}]},{\"@type\":\"WebSite\",\"@id\":\"https:\/\/www.forumviseu.net\/#website\",\"url\":\"https:\/\/www.forumviseu.net\/\",\"name\":\"Forum Viseu\",\"description\":\"Ser Quem Sou\",\"publisher\":{\"@id\":\"https:\/\/www.forumviseu.net\/#organization\"},\"potentialAction\":[{\"@type\":\"SearchAction\",\"target\":{\"@type\":\"EntryPoint\",\"urlTemplate\":\"https:\/\/www.forumviseu.net\/?s={search_term_string}\"},\"query-input\":\"required name=search_term_string\"}],\"inLanguage\":\"en-US\"},{\"@type\":\"Organization\",\"@id\":\"https:\/\/www.forumviseu.net\/#organization\",\"name\":\"Forum Viseu\",\"url\":\"https:\/\/www.forumviseu.net\/\",\"logo\":{\"@type\":\"ImageObject\",\"inLanguage\":\"en-US\",\"@id\":\"https:\/\/www.forumviseu.net\/#\/schema\/logo\/image\/\",\"url\":\"https:\/\/www.forumviseu.net\/wp-content\/uploads\/sites\/15\/logo.png\",\"contentUrl\":\"https:\/\/www.forumviseu.net\/wp-content\/uploads\/sites\/15\/logo.png\",\"caption\":\"Forum Viseu\"},\"image\":{\"@id\":\"https:\/\/www.forumviseu.net\/#\/schema\/logo\/image\/\"}}]}<\/script>\n<!-- \/ Yoast SEO plugin. -->","yoast_head_json":{"title":"Chegada do Pai Natal - Forum Viseu","robots":{"index":"index","follow":"follow","max-snippet":"max-snippet:-1","max-image-preview":"max-image-preview:large","max-video-preview":"max-video-preview:-1"},"canonical":"https:\/\/www.forumviseu.net\/en\/events\/chegada-do-pai-natal\/","og_locale":"en_US","og_type":"article","og_title":"Chegada do Pai Natal - Forum Viseu","og_description":"O Natal j\u00e1 chegou ao Forum Viseu, com uma festa no S\u00e1bado, dia 13 de Novembro, que contou com v\u00e1rios momentos de anima\u00e7\u00e3o. Ap\u00f3s um teatro alusivo \u00e0 hist\u00f3ria da nova edi\u00e7\u00e3o do Livro do Gui, centenas de pessoas concentraram-se na alameda do Forum para apreciar o espect\u00e1culo de neve, que tornou o ambiente verdadeiramente [&hellip;]","og_url":"https:\/\/www.forumviseu.net\/en\/events\/chegada-do-pai-natal\/","og_site_name":"Forum Viseu","og_image":[{"width":960,"height":639,"url":"https:\/\/www.forumviseu.net\/wp-content\/uploads\/sites\/15\/events\/chegadadopainatal.jpg","type":"image\/jpeg"}],"twitter_card":"summary_large_image","twitter_misc":{"Est. reading time":"1 minute"},"schema":{"@context":"https:\/\/schema.org","@graph":[{"@type":"WebPage","@id":"https:\/\/www.forumviseu.net\/en\/events\/chegada-do-pai-natal\/","url":"https:\/\/www.forumviseu.net\/en\/events\/chegada-do-pai-natal\/","name":"Chegada do Pai Natal - Forum Viseu","isPartOf":{"@id":"https:\/\/www.forumviseu.net\/#website"},"primaryImageOfPage":{"@id":"https:\/\/www.forumviseu.net\/en\/events\/chegada-do-pai-natal\/#primaryimage"},"image":{"@id":"https:\/\/www.forumviseu.net\/en\/events\/chegada-do-pai-natal\/#primaryimage"},"thumbnailUrl":"https:\/\/www.forumviseu.net\/wp-content\/uploads\/sites\/15\/events\/chegadadopainatal.jpg","datePublished":"2010-11-16T01:01:01+00:00","dateModified":"2010-11-16T01:01:01+00:00","breadcrumb":{"@id":"https:\/\/www.forumviseu.net\/en\/events\/chegada-do-pai-natal\/#breadcrumb"},"inLanguage":"en-US","potentialAction":[{"@type":"ReadAction","target":["https:\/\/www.forumviseu.net\/en\/events\/chegada-do-pai-natal\/"]}]},{"@type":"ImageObject","inLanguage":"en-US","@id":"https:\/\/www.forumviseu.net\/en\/events\/chegada-do-pai-natal\/#primaryimage","url":"https:\/\/www.forumviseu.net\/wp-content\/uploads\/sites\/15\/events\/chegadadopainatal.jpg","contentUrl":"https:\/\/www.forumviseu.net\/wp-content\/uploads\/sites\/15\/events\/chegadadopainatal.jpg","width":960,"height":639},{"@type":"BreadcrumbList","@id":"https:\/\/www.forumviseu.net\/en\/events\/chegada-do-pai-natal\/#breadcrumb","itemListElement":[{"@type":"ListItem","position":1,"name":"Events","item":"https:\/\/www.forumviseu.net\/events\/"},{"@type":"ListItem","position":2,"name":"Chegada do Pai Natal"}]},{"@type":"WebSite","@id":"https:\/\/www.forumviseu.net\/#website","url":"https:\/\/www.forumviseu.net\/","name":"Forum Viseu","description":"Ser Quem Sou","publisher":{"@id":"https:\/\/www.forumviseu.net\/#organization"},"potentialAction":[{"@type":"SearchAction","target":{"@type":"EntryPoint","urlTemplate":"https:\/\/www.forumviseu.net\/?s={search_term_string}"},"query-input":"required name=search_term_string"}],"inLanguage":"en-US"},{"@type":"Organization","@id":"https:\/\/www.forumviseu.net\/#organization","name":"Forum Viseu","url":"https:\/\/www.forumviseu.net\/","logo":{"@type":"ImageObject","inLanguage":"en-US","@id":"https:\/\/www.forumviseu.net\/#\/schema\/logo\/image\/","url":"https:\/\/www.forumviseu.net\/wp-content\/uploads\/sites\/15\/logo.png","contentUrl":"https:\/\/www.forumviseu.net\/wp-content\/uploads\/sites\/15\/logo.png","caption":"Forum Viseu"},"image":{"@id":"https:\/\/www.forumviseu.net\/#\/schema\/logo\/image\/"}}]}},"_links":{"self":[{"href":"https:\/\/www.forumviseu.net\/en\/wp-json\/wp\/v2\/events\/1050","targetHints":{"allow":["GET"]}}],"collection":[{"href":"https:\/\/www.forumviseu.net\/en\/wp-json\/wp\/v2\/events"}],"about":[{"href":"https:\/\/www.forumviseu.net\/en\/wp-json\/wp\/v2\/types\/events"}],"wp:featuredmedia":[{"embeddable":true,"href":"https:\/\/www.forumviseu.net\/en\/wp-json\/wp\/v2\/media\/932"}],"wp:attachment":[{"href":"https:\/\/www.forumviseu.net\/en\/wp-json\/wp\/v2\/media?parent=1050"}],"curies":[{"name":"wp","href":"https:\/\/api.w.org\/{rel}","templated":true}]}}

<div> 	O Natal já chegou ao Forum Viseu, com uma festa no Sábado, dia 13 de Novembro, que contou com vários momentos de animação.</div>
<div> 	Após um teatro alusivo à história da nova edição do Livro do Gui, centenas de pessoas concentraram-se na alameda do Forum para apreciar o espectáculo de neve, que tornou o ambiente verdadeiramente mágico.</div>
<div> 	&nbsp;</div>
<div> 	Este ano, o Pai Natal chegou num autocarro descapotável pelas 17h00, e veio acompanhado pela actriz Catarina Urbani, a Cátia Besugo da série de Verão dos Morangos com Açucar, e por mais 20 meninas do Internato de Sta Teresinha que puderam desta forma viver um dia inesquecível.</div>
<div> 	&nbsp;</div>
<div> 	O Forum Viseu inaugurou também a sua iluminação de Natal, criando uma exibição maravilhosa para todos os que assistiam.</div>
<div> 	&nbsp;</div>

<!-- This site is optimized with the Yoast SEO plugin v22.2 - https://yoast.com/wordpress/plugins/seo/ -->
<title>Chegada do Pai Natal - Forum Viseu</title>
<meta name="robots" content="index, follow, max-snippet:-1, max-image-preview:large, max-video-preview:-1" />
<link rel="canonical" href="https://www.forumviseu.net/en/events/chegada-do-pai-natal/" />
<meta property="og:locale" content="en_US" />
<meta property="og:type" content="article" />
<meta property="og:title" content="Chegada do Pai Natal - Forum Viseu" />
<meta property="og:description" content="O Natal já chegou ao Forum Viseu, com uma festa no Sábado, dia 13 de Novembro, que contou com vários momentos de animação. Após um teatro alusivo à história da nova edição do Livro do Gui, centenas de pessoas concentraram-se na alameda do Forum para apreciar o espectáculo de neve, que tornou o ambiente verdadeiramente [&hellip;]" />
<meta property="og:url" content="https://www.forumviseu.net/en/events/chegada-do-pai-natal/" />
<meta property="og:site_name" content="Forum Viseu" />
<meta property="og:image" content="https://www.forumviseu.net/wp-content/uploads/sites/15/events/chegadadopainatal.jpg" />
	<meta property="og:image:width" content="960" />
	<meta property="og:image:height" content="639" />
	<meta property="og:image:type" content="image/jpeg" />
<meta name="twitter:card" content="summary_large_image" />
<meta name="twitter:label1" content="Est. reading time" />
	<meta name="twitter:data1" content="1 minute" />
<script type="application/ld+json" class="yoast-schema-graph">{"@context":"https://schema.org","@graph":[{"@type":"WebPage","@id":"https://www.forumviseu.net/en/events/chegada-do-pai-natal/","url":"https://www.forumviseu.net/en/events/chegada-do-pai-natal/","name":"Chegada do Pai Natal - Forum Viseu","isPartOf":{"@id":"https://www.forumviseu.net/#website"},"primaryImageOfPage":{"@id":"https://www.forumviseu.net/en/events/chegada-do-pai-natal/#primaryimage"},"image":{"@id":"https://www.forumviseu.net/en/events/chegada-do-pai-natal/#primaryimage"},"thumbnailUrl":"https://www.forumviseu.net/wp-content/uploads/sites/15/events/chegadadopainatal.jpg","datePublished":"2010-11-16T01:01:01+00:00","dateModified":"2010-11-16T01:01:01+00:00","breadcrumb":{"@id":"https://www.forumviseu.net/en/events/chegada-do-pai-natal/#breadcrumb"},"inLanguage":"en-US","potentialAction":[{"@type":"ReadAction","target":["https://www.forumviseu.net/en/events/chegada-do-pai-natal/"]}]},{"@type":"ImageObject","inLanguage":"en-US","@id":"https://www.forumviseu.net/en/events/chegada-do-pai-natal/#primaryimage","url":"https://www.forumviseu.net/wp-content/uploads/sites/15/events/chegadadopainatal.jpg","contentUrl":"https://www.forumviseu.net/wp-content/uploads/sites/15/events/chegadadopainatal.jpg","width":960,"height":639},{"@type":"BreadcrumbList","@id":"https://www.forumviseu.net/en/events/chegada-do-pai-natal/#breadcrumb","itemListElement":[{"@type":"ListItem","position":1,"name":"Events","item":"https://www.forumviseu.net/events/"},{"@type":"ListItem","position":2,"name":"Chegada do Pai Natal"}]},{"@type":"WebSite","@id":"https://www.forumviseu.net/#website","url":"https://www.forumviseu.net/","name":"Forum Viseu","description":"Ser Quem Sou","publisher":{"@id":"https://www.forumviseu.net/#organization"},"potentialAction":[{"@type":"SearchAction","target":{"@type":"EntryPoint","urlTemplate":"https://www.forumviseu.net/?s={search_term_string}"},"query-input":"required name=search_term_string"}],"inLanguage":"en-US"},{"@type":"Organization","@id":"https://www.forumviseu.net/#organization","name":"Forum Viseu","url":"https://www.forumviseu.net/","logo":{"@type":"ImageObject","inLanguage":"en-US","@id":"https://www.forumviseu.net/#/schema/logo/image/","url":"https://www.forumviseu.net/wp-content/uploads/sites/15/logo.png","contentUrl":"https://www.forumviseu.net/wp-content/uploads/sites/15/logo.png","caption":"Forum Viseu"},"image":{"@id":"https://www.forumviseu.net/#/schema/logo/image/"}}]}</script>
<!-- / Yoast SEO plugin. -->

O Natal já chegou ao Forum Viseu, com uma festa no Sábado, dia 13 de Novembro, que contou com vários momentos de animação. Após um teatro alusivo à história da nova edição do Livro do Gui, centenas de pessoas concentraram-se na alameda do Forum para apreciar o espectáculo de neve, que tornou o ambiente verdadeiramente [&hellip;]
