{"id":1054,"date":"2013-11-06T01:01:01","date_gmt":"2013-11-06T01:01:01","guid":{"rendered":"https:\/\/www.forumviseu.net\/events\/chegada-do-pai-nat-1\/"},"modified":"2013-11-06T01:01:01","modified_gmt":"2013-11-06T01:01:01","slug":"chegada-do-pai-nat-1","status":"publish","type":"events","link":"https:\/\/www.forumviseu.net\/en\/events\/chegada-do-pai-nat-1\/","title":{"rendered":"Chegada do Pai Natal"},"content":{"rendered":"<div> \tPai Natal chega ao Forum Viseu no dia 16 de Novembro.<\/div>\n<div> \tN\u00e3o percas a chegada do Pai Natal ao Forum Viseu e toda a anima\u00e7\u00e3o que ter\u00e1 in\u00edcio a partir das 15h00.<\/div>\n<div> \tEle vai chegar, com um musical do Gui a acompanhar.<\/div>\n<div> \tE tu, vais c\u00e1 estar?<\/div>\n<div> \t&nbsp;<\/div>\n<div> \tHor\u00e1rios do Trono do Pai Natal<\/div>\n<div> \t<strong>Novembro e Dezembro<\/strong><\/div>\n<ul>\n<li> \t\t2\u00aa a 5\u00aa &#8211; das 15h00 \u00e0s 19h00<\/li>\n<li> \t\t6\u00aa a Domingo &#8211; das 11h00 \u00e0s 13h00 e das 15h00 \u00e0s 19h00<\/li>\n<li> \t\tDia 24 de Dezembro &#8211; das 11h00 \u00e0s 13h00 e das 14h00 \u00e0s 19h00<\/li>\n<\/ul>\n<div> \t<strong>&#8220;Toca a Brilhar&#8221;<\/strong><\/div>\n<div> \tSe tens entre 3 e 12 anos, jeito para cantar, tocar, dan\u00e7ar ou actuar, esta divers\u00e3o \u00e9 para ti. Este Natal, o Gui fez uma m\u00fasica para todos e s\u00f3 tens que a interpretar com o melhor dos teus talentos.<\/div>\n<div> \tDe 16 de Novembro a 6 de Janeiro, vai a <a href=\"http:\/\/www.livrodogui.com\" target=\"_blank\" rel=\"noopener\">www.livrodogui.com<\/a>, conhece a can\u00e7\u00e3o que o Gui fez este Natal, grava a tua performance ao ritmo dela, faz o upload do teu talento no youtube e, por \u00faltimo, introduz o respectivo endere\u00e7o no site do Livro do Gui. Se fores um dos talentos mais brilhantes, tens uma surpresa cintilante: vais poder actuar na Gala do Gui, um espect\u00e1culo a s\u00e9rio que vai decorrer no inicio do ano de 2014.<\/div>\n<div> \t&nbsp;<\/div>\n<div> \t<strong>Palco do Gui<\/strong><\/div>\n<div> \tPara brilhares como um verdadeiro artista, o Forum Viseu tem \u00e0 tua disposi\u00e7\u00e3o o palco do Gui, junto \u00e0 Restaura\u00e7\u00e3o.<\/div>\n","protected":false},"featured_media":932,"template":"","class_list":["post-1054","events","type-events","status-publish","has-post-thumbnail","hentry"],"yoast_head":"<!-- This site is optimized with the Yoast SEO plugin v22.2 - https:\/\/yoast.com\/wordpress\/plugins\/seo\/ -->\n<title>Chegada do Pai Natal - Forum Viseu<\/title>\n<meta name=\"robots\" content=\"index, follow, max-snippet:-1, max-image-preview:large, max-video-preview:-1\" \/>\n<link rel=\"canonical\" href=\"https:\/\/www.forumviseu.net\/en\/events\/chegada-do-pai-nat-1\/\" \/>\n<meta property=\"og:locale\" content=\"en_US\" \/>\n<meta property=\"og:type\" content=\"article\" \/>\n<meta property=\"og:title\" content=\"Chegada do Pai Natal - Forum Viseu\" \/>\n<meta property=\"og:description\" content=\"Pai Natal chega ao Forum Viseu no dia 16 de Novembro. N\u00e3o percas a chegada do Pai Natal ao Forum Viseu e toda a anima\u00e7\u00e3o que ter\u00e1 in\u00edcio a partir das 15h00. Ele vai chegar, com um musical do Gui a acompanhar. E tu, vais c\u00e1 estar? &nbsp; Hor\u00e1rios do Trono do Pai Natal Novembro [&hellip;]\" \/>\n<meta property=\"og:url\" content=\"https:\/\/www.forumviseu.net\/en\/events\/chegada-do-pai-nat-1\/\" \/>\n<meta property=\"og:site_name\" content=\"Forum Viseu\" \/>\n<meta property=\"og:image\" content=\"https:\/\/www.forumviseu.net\/wp-content\/uploads\/sites\/15\/events\/chegadadopainatal.jpg\" \/>\n\t<meta property=\"og:image:width\" content=\"960\" \/>\n\t<meta property=\"og:image:height\" content=\"639\" \/>\n\t<meta property=\"og:image:type\" content=\"image\/jpeg\" \/>\n<meta name=\"twitter:card\" content=\"summary_large_image\" \/>\n<meta name=\"twitter:label1\" content=\"Est. reading time\" \/>\n\t<meta name=\"twitter:data1\" content=\"1 minute\" \/>\n<script type=\"application\/ld+json\" class=\"yoast-schema-graph\">{\"@context\":\"https:\/\/schema.org\",\"@graph\":[{\"@type\":\"WebPage\",\"@id\":\"https:\/\/www.forumviseu.net\/en\/events\/chegada-do-pai-nat-1\/\",\"url\":\"https:\/\/www.forumviseu.net\/en\/events\/chegada-do-pai-nat-1\/\",\"name\":\"Chegada do Pai Natal - Forum Viseu\",\"isPartOf\":{\"@id\":\"https:\/\/www.forumviseu.net\/#website\"},\"primaryImageOfPage\":{\"@id\":\"https:\/\/www.forumviseu.net\/en\/events\/chegada-do-pai-nat-1\/#primaryimage\"},\"image\":{\"@id\":\"https:\/\/www.forumviseu.net\/en\/events\/chegada-do-pai-nat-1\/#primaryimage\"},\"thumbnailUrl\":\"https:\/\/www.forumviseu.net\/wp-content\/uploads\/sites\/15\/events\/chegadadopainatal.jpg\",\"datePublished\":\"2013-11-06T01:01:01+00:00\",\"dateModified\":\"2013-11-06T01:01:01+00:00\",\"breadcrumb\":{\"@id\":\"https:\/\/www.forumviseu.net\/en\/events\/chegada-do-pai-nat-1\/#breadcrumb\"},\"inLanguage\":\"en-US\",\"potentialAction\":[{\"@type\":\"ReadAction\",\"target\":[\"https:\/\/www.forumviseu.net\/en\/events\/chegada-do-pai-nat-1\/\"]}]},{\"@type\":\"ImageObject\",\"inLanguage\":\"en-US\",\"@id\":\"https:\/\/www.forumviseu.net\/en\/events\/chegada-do-pai-nat-1\/#primaryimage\",\"url\":\"https:\/\/www.forumviseu.net\/wp-content\/uploads\/sites\/15\/events\/chegadadopainatal.jpg\",\"contentUrl\":\"https:\/\/www.forumviseu.net\/wp-content\/uploads\/sites\/15\/events\/chegadadopainatal.jpg\",\"width\":960,\"height\":639},{\"@type\":\"BreadcrumbList\",\"@id\":\"https:\/\/www.forumviseu.net\/en\/events\/chegada-do-pai-nat-1\/#breadcrumb\",\"itemListElement\":[{\"@type\":\"ListItem\",\"position\":1,\"name\":\"Events\",\"item\":\"https:\/\/www.forumviseu.net\/events\/\"},{\"@type\":\"ListItem\",\"position\":2,\"name\":\"Chegada do Pai Natal\"}]},{\"@type\":\"WebSite\",\"@id\":\"https:\/\/www.forumviseu.net\/#website\",\"url\":\"https:\/\/www.forumviseu.net\/\",\"name\":\"Forum Viseu\",\"description\":\"Ser Quem Sou\",\"publisher\":{\"@id\":\"https:\/\/www.forumviseu.net\/#organization\"},\"potentialAction\":[{\"@type\":\"SearchAction\",\"target\":{\"@type\":\"EntryPoint\",\"urlTemplate\":\"https:\/\/www.forumviseu.net\/?s={search_term_string}\"},\"query-input\":\"required name=search_term_string\"}],\"inLanguage\":\"en-US\"},{\"@type\":\"Organization\",\"@id\":\"https:\/\/www.forumviseu.net\/#organization\",\"name\":\"Forum Viseu\",\"url\":\"https:\/\/www.forumviseu.net\/\",\"logo\":{\"@type\":\"ImageObject\",\"inLanguage\":\"en-US\",\"@id\":\"https:\/\/www.forumviseu.net\/#\/schema\/logo\/image\/\",\"url\":\"https:\/\/www.forumviseu.net\/wp-content\/uploads\/sites\/15\/logo.png\",\"contentUrl\":\"https:\/\/www.forumviseu.net\/wp-content\/uploads\/sites\/15\/logo.png\",\"caption\":\"Forum Viseu\"},\"image\":{\"@id\":\"https:\/\/www.forumviseu.net\/#\/schema\/logo\/image\/\"}}]}<\/script>\n<!-- \/ Yoast SEO plugin. -->","yoast_head_json":{"title":"Chegada do Pai Natal - Forum Viseu","robots":{"index":"index","follow":"follow","max-snippet":"max-snippet:-1","max-image-preview":"max-image-preview:large","max-video-preview":"max-video-preview:-1"},"canonical":"https:\/\/www.forumviseu.net\/en\/events\/chegada-do-pai-nat-1\/","og_locale":"en_US","og_type":"article","og_title":"Chegada do Pai Natal - Forum Viseu","og_description":"Pai Natal chega ao Forum Viseu no dia 16 de Novembro. N\u00e3o percas a chegada do Pai Natal ao Forum Viseu e toda a anima\u00e7\u00e3o que ter\u00e1 in\u00edcio a partir das 15h00. Ele vai chegar, com um musical do Gui a acompanhar. E tu, vais c\u00e1 estar? &nbsp; Hor\u00e1rios do Trono do Pai Natal Novembro [&hellip;]","og_url":"https:\/\/www.forumviseu.net\/en\/events\/chegada-do-pai-nat-1\/","og_site_name":"Forum Viseu","og_image":[{"width":960,"height":639,"url":"https:\/\/www.forumviseu.net\/wp-content\/uploads\/sites\/15\/events\/chegadadopainatal.jpg","type":"image\/jpeg"}],"twitter_card":"summary_large_image","twitter_misc":{"Est. reading time":"1 minute"},"schema":{"@context":"https:\/\/schema.org","@graph":[{"@type":"WebPage","@id":"https:\/\/www.forumviseu.net\/en\/events\/chegada-do-pai-nat-1\/","url":"https:\/\/www.forumviseu.net\/en\/events\/chegada-do-pai-nat-1\/","name":"Chegada do Pai Natal - Forum Viseu","isPartOf":{"@id":"https:\/\/www.forumviseu.net\/#website"},"primaryImageOfPage":{"@id":"https:\/\/www.forumviseu.net\/en\/events\/chegada-do-pai-nat-1\/#primaryimage"},"image":{"@id":"https:\/\/www.forumviseu.net\/en\/events\/chegada-do-pai-nat-1\/#primaryimage"},"thumbnailUrl":"https:\/\/www.forumviseu.net\/wp-content\/uploads\/sites\/15\/events\/chegadadopainatal.jpg","datePublished":"2013-11-06T01:01:01+00:00","dateModified":"2013-11-06T01:01:01+00:00","breadcrumb":{"@id":"https:\/\/www.forumviseu.net\/en\/events\/chegada-do-pai-nat-1\/#breadcrumb"},"inLanguage":"en-US","potentialAction":[{"@type":"ReadAction","target":["https:\/\/www.forumviseu.net\/en\/events\/chegada-do-pai-nat-1\/"]}]},{"@type":"ImageObject","inLanguage":"en-US","@id":"https:\/\/www.forumviseu.net\/en\/events\/chegada-do-pai-nat-1\/#primaryimage","url":"https:\/\/www.forumviseu.net\/wp-content\/uploads\/sites\/15\/events\/chegadadopainatal.jpg","contentUrl":"https:\/\/www.forumviseu.net\/wp-content\/uploads\/sites\/15\/events\/chegadadopainatal.jpg","width":960,"height":639},{"@type":"BreadcrumbList","@id":"https:\/\/www.forumviseu.net\/en\/events\/chegada-do-pai-nat-1\/#breadcrumb","itemListElement":[{"@type":"ListItem","position":1,"name":"Events","item":"https:\/\/www.forumviseu.net\/events\/"},{"@type":"ListItem","position":2,"name":"Chegada do Pai Natal"}]},{"@type":"WebSite","@id":"https:\/\/www.forumviseu.net\/#website","url":"https:\/\/www.forumviseu.net\/","name":"Forum Viseu","description":"Ser Quem Sou","publisher":{"@id":"https:\/\/www.forumviseu.net\/#organization"},"potentialAction":[{"@type":"SearchAction","target":{"@type":"EntryPoint","urlTemplate":"https:\/\/www.forumviseu.net\/?s={search_term_string}"},"query-input":"required name=search_term_string"}],"inLanguage":"en-US"},{"@type":"Organization","@id":"https:\/\/www.forumviseu.net\/#organization","name":"Forum Viseu","url":"https:\/\/www.forumviseu.net\/","logo":{"@type":"ImageObject","inLanguage":"en-US","@id":"https:\/\/www.forumviseu.net\/#\/schema\/logo\/image\/","url":"https:\/\/www.forumviseu.net\/wp-content\/uploads\/sites\/15\/logo.png","contentUrl":"https:\/\/www.forumviseu.net\/wp-content\/uploads\/sites\/15\/logo.png","caption":"Forum Viseu"},"image":{"@id":"https:\/\/www.forumviseu.net\/#\/schema\/logo\/image\/"}}]}},"_links":{"self":[{"href":"https:\/\/www.forumviseu.net\/en\/wp-json\/wp\/v2\/events\/1054","targetHints":{"allow":["GET"]}}],"collection":[{"href":"https:\/\/www.forumviseu.net\/en\/wp-json\/wp\/v2\/events"}],"about":[{"href":"https:\/\/www.forumviseu.net\/en\/wp-json\/wp\/v2\/types\/events"}],"wp:featuredmedia":[{"embeddable":true,"href":"https:\/\/www.forumviseu.net\/en\/wp-json\/wp\/v2\/media\/932"}],"wp:attachment":[{"href":"https:\/\/www.forumviseu.net\/en\/wp-json\/wp\/v2\/media?parent=1054"}],"curies":[{"name":"wp","href":"https:\/\/api.w.org\/{rel}","templated":true}]}}

<div> 	Pai Natal chega ao Forum Viseu no dia 16 de Novembro.</div>
<div> 	Não percas a chegada do Pai Natal ao Forum Viseu e toda a animação que terá início a partir das 15h00.</div>
<div> 	Ele vai chegar, com um musical do Gui a acompanhar.</div>
<div> 	E tu, vais cá estar?</div>
<div> 	&nbsp;</div>
<div> 	Horários do Trono do Pai Natal</div>
<div> 	<strong>Novembro e Dezembro</strong></div>
<ul>
<li> 		2ª a 5ª &#8211; das 15h00 às 19h00</li>
<li> 		6ª a Domingo &#8211; das 11h00 às 13h00 e das 15h00 às 19h00</li>
<li> 		Dia 24 de Dezembro &#8211; das 11h00 às 13h00 e das 14h00 às 19h00</li>
</ul>
<div> 	<strong>&#8220;Toca a Brilhar&#8221;</strong></div>
<div> 	Se tens entre 3 e 12 anos, jeito para cantar, tocar, dançar ou actuar, esta diversão é para ti. Este Natal, o Gui fez uma música para todos e só tens que a interpretar com o melhor dos teus talentos.</div>
<div> 	De 16 de Novembro a 6 de Janeiro, vai a <a href="http://www.livrodogui.com" target="_blank" rel="noopener">www.livrodogui.com</a>, conhece a canção que o Gui fez este Natal, grava a tua performance ao ritmo dela, faz o upload do teu talento no youtube e, por último, introduz o respectivo endereço no site do Livro do Gui. Se fores um dos talentos mais brilhantes, tens uma surpresa cintilante: vais poder actuar na Gala do Gui, um espectáculo a sério que vai decorrer no inicio do ano de 2014.</div>
<div> 	&nbsp;</div>
<div> 	<strong>Palco do Gui</strong></div>
<div> 	Para brilhares como um verdadeiro artista, o Forum Viseu tem à tua disposição o palco do Gui, junto à Restauração.</div>

<!-- This site is optimized with the Yoast SEO plugin v22.2 - https://yoast.com/wordpress/plugins/seo/ -->
<title>Chegada do Pai Natal - Forum Viseu</title>
<meta name="robots" content="index, follow, max-snippet:-1, max-image-preview:large, max-video-preview:-1" />
<link rel="canonical" href="https://www.forumviseu.net/en/events/chegada-do-pai-nat-1/" />
<meta property="og:locale" content="en_US" />
<meta property="og:type" content="article" />
<meta property="og:title" content="Chegada do Pai Natal - Forum Viseu" />
<meta property="og:description" content="Pai Natal chega ao Forum Viseu no dia 16 de Novembro. Não percas a chegada do Pai Natal ao Forum Viseu e toda a animação que terá início a partir das 15h00. Ele vai chegar, com um musical do Gui a acompanhar. E tu, vais cá estar? &nbsp; Horários do Trono do Pai Natal Novembro [&hellip;]" />
<meta property="og:url" content="https://www.forumviseu.net/en/events/chegada-do-pai-nat-1/" />
<meta property="og:site_name" content="Forum Viseu" />
<meta property="og:image" content="https://www.forumviseu.net/wp-content/uploads/sites/15/events/chegadadopainatal.jpg" />
	<meta property="og:image:width" content="960" />
	<meta property="og:image:height" content="639" />
	<meta property="og:image:type" content="image/jpeg" />
<meta name="twitter:card" content="summary_large_image" />
<meta name="twitter:label1" content="Est. reading time" />
	<meta name="twitter:data1" content="1 minute" />
<script type="application/ld+json" class="yoast-schema-graph">{"@context":"https://schema.org","@graph":[{"@type":"WebPage","@id":"https://www.forumviseu.net/en/events/chegada-do-pai-nat-1/","url":"https://www.forumviseu.net/en/events/chegada-do-pai-nat-1/","name":"Chegada do Pai Natal - Forum Viseu","isPartOf":{"@id":"https://www.forumviseu.net/#website"},"primaryImageOfPage":{"@id":"https://www.forumviseu.net/en/events/chegada-do-pai-nat-1/#primaryimage"},"image":{"@id":"https://www.forumviseu.net/en/events/chegada-do-pai-nat-1/#primaryimage"},"thumbnailUrl":"https://www.forumviseu.net/wp-content/uploads/sites/15/events/chegadadopainatal.jpg","datePublished":"2013-11-06T01:01:01+00:00","dateModified":"2013-11-06T01:01:01+00:00","breadcrumb":{"@id":"https://www.forumviseu.net/en/events/chegada-do-pai-nat-1/#breadcrumb"},"inLanguage":"en-US","potentialAction":[{"@type":"ReadAction","target":["https://www.forumviseu.net/en/events/chegada-do-pai-nat-1/"]}]},{"@type":"ImageObject","inLanguage":"en-US","@id":"https://www.forumviseu.net/en/events/chegada-do-pai-nat-1/#primaryimage","url":"https://www.forumviseu.net/wp-content/uploads/sites/15/events/chegadadopainatal.jpg","contentUrl":"https://www.forumviseu.net/wp-content/uploads/sites/15/events/chegadadopainatal.jpg","width":960,"height":639},{"@type":"BreadcrumbList","@id":"https://www.forumviseu.net/en/events/chegada-do-pai-nat-1/#breadcrumb","itemListElement":[{"@type":"ListItem","position":1,"name":"Events","item":"https://www.forumviseu.net/events/"},{"@type":"ListItem","position":2,"name":"Chegada do Pai Natal"}]},{"@type":"WebSite","@id":"https://www.forumviseu.net/#website","url":"https://www.forumviseu.net/","name":"Forum Viseu","description":"Ser Quem Sou","publisher":{"@id":"https://www.forumviseu.net/#organization"},"potentialAction":[{"@type":"SearchAction","target":{"@type":"EntryPoint","urlTemplate":"https://www.forumviseu.net/?s={search_term_string}"},"query-input":"required name=search_term_string"}],"inLanguage":"en-US"},{"@type":"Organization","@id":"https://www.forumviseu.net/#organization","name":"Forum Viseu","url":"https://www.forumviseu.net/","logo":{"@type":"ImageObject","inLanguage":"en-US","@id":"https://www.forumviseu.net/#/schema/logo/image/","url":"https://www.forumviseu.net/wp-content/uploads/sites/15/logo.png","contentUrl":"https://www.forumviseu.net/wp-content/uploads/sites/15/logo.png","caption":"Forum Viseu"},"image":{"@id":"https://www.forumviseu.net/#/schema/logo/image/"}}]}</script>
<!-- / Yoast SEO plugin. -->

Pai Natal chega ao Forum Viseu no dia 16 de Novembro. Não percas a chegada do Pai Natal ao Forum Viseu e toda a animação que terá início a partir das 15h00. Ele vai chegar, com um musical do Gui a acompanhar. E tu, vais cá estar? &nbsp; Horários do Trono do Pai Natal Novembro [&hellip;]
