{"id":1060,"date":"2016-09-02T01:01:01","date_gmt":"2016-09-02T01:01:01","guid":{"rendered":"https:\/\/www.forumviseu.net\/events\/forum-fashion-wine\/"},"modified":"2016-09-02T01:01:01","modified_gmt":"2016-09-02T01:01:01","slug":"forum-fashion-wine","status":"publish","type":"events","link":"https:\/\/www.forumviseu.net\/en\/events\/forum-fashion-wine\/","title":{"rendered":"FORUM FASHION &#038; WINE"},"content":{"rendered":"<p> \t&nbsp;<\/p>\n<p> \t<strong>DE 13 A 17 DE SETEMBRO FORUM FASHION &amp; WINE <\/strong><\/p>\n<p> \t<strong>UM EVENTO DE MODA \u00daNICO ONDE A MODA SE ENCONTRA COM O VINHO <\/strong><\/p>\n<p> \t<strong>13 de setembro | 18H &#8211; Festa de Anivers\u00e1rio do Forum Viseu e Abertura do Espa\u00e7o Forum Fashion &amp; Wine<\/strong>.<\/p>\n<p> \t\u2022 Numa festa animada pela <strong>DJ Isabel Figueira <\/strong>n\u00e3o v\u00e3o faltar os vinhos da regi\u00e3o e o brinde aos 11 anos do Forum Viseu.<\/p>\n<p> \t<strong>14 de setembro | Workshops de Moda e Vinho &#8211; 15H \u00e0s 20H <\/strong><\/p>\n<p> \t\u2022 <strong>15H | Workshop &#8220;Como fazer um arm\u00e1rio c\u00e1psula &#8211; pe\u00e7as essenciais de um guarda-roupa&#8221;<\/strong> com a consultora de imagem e comunica\u00e7\u00e3o<strong> Alcina Monteiro<\/strong>.<\/p>\n<p> \t\u2022 Apresenta\u00e7\u00e3o e venda de vinhos dos produtores da regi\u00e3o do D\u00e3o presentes no espa\u00e7o.<\/p>\n<p> \t\u2022 <strong>18H | &#8220;O VINHO E A ARTE&#8221;, <\/strong>com a en\u00f3loga <strong>Mafalda Perdig\u00e3o <\/strong>e a artista pl\u00e1stica <strong>Vanessa Chrystie,<\/strong> da <strong>Quinta do Perdig\u00e3o<\/strong>. De seguida, prova comentada dos vinhos da Quinta do Perdig\u00e3o e provas nos espa\u00e7os dos produtores presentes.<\/p>\n<p> \t<strong>15 de setembro | Workshops de Hair &amp; Make up e Vinho &#8211; 15H \u00e0s 20H <\/strong><\/p>\n<p> \t<strong>\u2022 15H | Workshop &#8220;O penteado e a maquilhagem fazem a diferen\u00e7a&#8221;, <\/strong>com <strong>Mariana Monteiro <\/strong>e <strong>Raquel Sousa<\/strong>, profissionais especializadas em TV e Cinema.<\/p>\n<p> \t\u2022 Apresenta\u00e7\u00e3o e venda de vinhos dos produtores da regi\u00e3o do D\u00e3o presentes no espa\u00e7o.<\/p>\n<p> \t\u2022 <strong>18H | &#8220;O ENVELHECIMENTO DO VINHO DO D\u00c3O&#8221;, <\/strong>pela en\u00f3loga <strong>Beatriz Cabral de Almeida<\/strong>, da Sogrape, e de seguida uma prova comentada dos vinhos <strong>Quinta dos Carvalhais e Gr\u00e3o Vasco<\/strong>, bem como provas nos espa\u00e7os dos produtores presentes.<\/p>\n<p> \t<strong>16 de setembro | Workshops e Fashion Talk Show \u2013 15H \u00e0s 20H <\/strong><\/p>\n<p> \t\u2022 <strong>15h | <\/strong>Apresenta\u00e7\u00e3o e venda de vinhos dos produtores da regi\u00e3o do D\u00e3o presentes no espa\u00e7o.<\/p>\n<p> \t\u2022 <strong>17H30 | &#8220;Poesia Engarrafa&#8221;, <\/strong>o conceito de <strong>PSIQUE D\u00e3o DOP 2014<\/strong>, criado por <strong>Carlos Silva <\/strong>e vestido por <strong>Susana Abreu<\/strong>, para <strong>Amora Brava<\/strong>.<\/p>\n<p> \t\u2022 <strong>18H Talk Show <\/strong>| Com a apresenta\u00e7\u00e3o de <strong>Raquel Strada<\/strong>, v\u00e3o estar \u00e0 conversa a blogger e consultora de moda <strong>M\u00f3nica Lice<\/strong>, a consultora de imagem e comunica\u00e7\u00e3o <strong>Alcina Monteiro<\/strong>, as en\u00f3logas <strong>Beatriz Cabral de Almeida <\/strong>e <strong>Mafalda Perdig\u00e3o<\/strong>, onde v\u00e3o partilhar as suas opini\u00f5es e tend\u00eancias de Moda e Vinho.<\/p>\n<p> \t\u2022 <strong>19h | &#8220;O ENOTURISMO&#8221;<\/strong>, por Rita Barros da <strong>Ch\u00e3o de S\u00e3o Francisco<\/strong>, de seguida com provas de vinho <strong>Ch\u00e3o da Quinta <\/strong>provas nos espa\u00e7os dos produtores presentes.<\/p>\n<p> \t<strong>17 de setembro | 21H30 \u2013 DESFILE <\/strong>com a presen\u00e7a de <strong>Ana Sofia Martins<\/strong>,<strong> Lu\u00edsa Beir\u00e3o <\/strong>e <strong>Pedro Teixeira<\/strong>.<\/p>\n<p> \t&nbsp;<\/p>\n<p> \t&nbsp;<\/p>\n<p> \tParceiros: <strong>Viseu Marca e D\u00e3o Wines <\/strong><\/p>\n<p> \tProdutores parceiros: <strong>Quinta do Perdig\u00e3o; Quinta de Lemos; Vinha Paz; Soito Wines; Amora Brava; Ch\u00e3o de S\u00e3o Francisco; Quinta dos Carvalhais\/ Sogrape.<\/strong><\/p>\n<p> \t&nbsp;<\/p>\n","protected":false},"featured_media":956,"template":"","class_list":["post-1060","events","type-events","status-publish","has-post-thumbnail","hentry"],"yoast_head":"<!-- This site is optimized with the Yoast SEO plugin v22.2 - https:\/\/yoast.com\/wordpress\/plugins\/seo\/ -->\n<title>FORUM FASHION &amp; WINE - Forum Viseu<\/title>\n<meta name=\"robots\" content=\"index, follow, max-snippet:-1, max-image-preview:large, max-video-preview:-1\" \/>\n<link rel=\"canonical\" href=\"https:\/\/www.forumviseu.net\/en\/events\/forum-fashion-wine\/\" \/>\n<meta property=\"og:locale\" content=\"en_US\" \/>\n<meta property=\"og:type\" content=\"article\" \/>\n<meta property=\"og:title\" content=\"FORUM FASHION &amp; WINE - Forum Viseu\" \/>\n<meta property=\"og:description\" content=\"&nbsp; DE 13 A 17 DE SETEMBRO FORUM FASHION &amp; WINE UM EVENTO DE MODA \u00daNICO ONDE A MODA SE ENCONTRA COM O VINHO 13 de setembro | 18H &#8211; Festa de Anivers\u00e1rio do Forum Viseu e Abertura do Espa\u00e7o Forum Fashion &amp; Wine. \u2022 Numa festa animada pela DJ Isabel Figueira n\u00e3o v\u00e3o faltar [&hellip;]\" \/>\n<meta property=\"og:url\" content=\"https:\/\/www.forumviseu.net\/en\/events\/forum-fashion-wine\/\" \/>\n<meta property=\"og:site_name\" content=\"Forum Viseu\" \/>\n<meta property=\"og:image\" content=\"https:\/\/www.forumviseu.net\/wp-content\/uploads\/sites\/15\/events\/forumfashion_wine.png\" \/>\n\t<meta property=\"og:image:width\" content=\"960\" \/>\n\t<meta property=\"og:image:height\" content=\"550\" \/>\n\t<meta property=\"og:image:type\" content=\"image\/png\" \/>\n<meta name=\"twitter:card\" content=\"summary_large_image\" \/>\n<meta name=\"twitter:label1\" content=\"Est. reading time\" \/>\n\t<meta name=\"twitter:data1\" content=\"2 minutes\" \/>\n<script type=\"application\/ld+json\" class=\"yoast-schema-graph\">{\"@context\":\"https:\/\/schema.org\",\"@graph\":[{\"@type\":\"WebPage\",\"@id\":\"https:\/\/www.forumviseu.net\/en\/events\/forum-fashion-wine\/\",\"url\":\"https:\/\/www.forumviseu.net\/en\/events\/forum-fashion-wine\/\",\"name\":\"FORUM FASHION & WINE - Forum Viseu\",\"isPartOf\":{\"@id\":\"https:\/\/www.forumviseu.net\/#website\"},\"primaryImageOfPage\":{\"@id\":\"https:\/\/www.forumviseu.net\/en\/events\/forum-fashion-wine\/#primaryimage\"},\"image\":{\"@id\":\"https:\/\/www.forumviseu.net\/en\/events\/forum-fashion-wine\/#primaryimage\"},\"thumbnailUrl\":\"https:\/\/www.forumviseu.net\/wp-content\/uploads\/sites\/15\/events\/forumfashion_wine.png\",\"datePublished\":\"2016-09-02T01:01:01+00:00\",\"dateModified\":\"2016-09-02T01:01:01+00:00\",\"breadcrumb\":{\"@id\":\"https:\/\/www.forumviseu.net\/en\/events\/forum-fashion-wine\/#breadcrumb\"},\"inLanguage\":\"en-US\",\"potentialAction\":[{\"@type\":\"ReadAction\",\"target\":[\"https:\/\/www.forumviseu.net\/en\/events\/forum-fashion-wine\/\"]}]},{\"@type\":\"ImageObject\",\"inLanguage\":\"en-US\",\"@id\":\"https:\/\/www.forumviseu.net\/en\/events\/forum-fashion-wine\/#primaryimage\",\"url\":\"https:\/\/www.forumviseu.net\/wp-content\/uploads\/sites\/15\/events\/forumfashion_wine.png\",\"contentUrl\":\"https:\/\/www.forumviseu.net\/wp-content\/uploads\/sites\/15\/events\/forumfashion_wine.png\",\"width\":960,\"height\":550},{\"@type\":\"BreadcrumbList\",\"@id\":\"https:\/\/www.forumviseu.net\/en\/events\/forum-fashion-wine\/#breadcrumb\",\"itemListElement\":[{\"@type\":\"ListItem\",\"position\":1,\"name\":\"Events\",\"item\":\"https:\/\/www.forumviseu.net\/events\/\"},{\"@type\":\"ListItem\",\"position\":2,\"name\":\"FORUM FASHION &#038; WINE\"}]},{\"@type\":\"WebSite\",\"@id\":\"https:\/\/www.forumviseu.net\/#website\",\"url\":\"https:\/\/www.forumviseu.net\/\",\"name\":\"Forum Viseu\",\"description\":\"Ser Quem Sou\",\"publisher\":{\"@id\":\"https:\/\/www.forumviseu.net\/#organization\"},\"potentialAction\":[{\"@type\":\"SearchAction\",\"target\":{\"@type\":\"EntryPoint\",\"urlTemplate\":\"https:\/\/www.forumviseu.net\/?s={search_term_string}\"},\"query-input\":\"required name=search_term_string\"}],\"inLanguage\":\"en-US\"},{\"@type\":\"Organization\",\"@id\":\"https:\/\/www.forumviseu.net\/#organization\",\"name\":\"Forum Viseu\",\"url\":\"https:\/\/www.forumviseu.net\/\",\"logo\":{\"@type\":\"ImageObject\",\"inLanguage\":\"en-US\",\"@id\":\"https:\/\/www.forumviseu.net\/#\/schema\/logo\/image\/\",\"url\":\"https:\/\/www.forumviseu.net\/wp-content\/uploads\/sites\/15\/logo.png\",\"contentUrl\":\"https:\/\/www.forumviseu.net\/wp-content\/uploads\/sites\/15\/logo.png\",\"caption\":\"Forum Viseu\"},\"image\":{\"@id\":\"https:\/\/www.forumviseu.net\/#\/schema\/logo\/image\/\"}}]}<\/script>\n<!-- \/ Yoast SEO plugin. -->","yoast_head_json":{"title":"FORUM FASHION & WINE - Forum Viseu","robots":{"index":"index","follow":"follow","max-snippet":"max-snippet:-1","max-image-preview":"max-image-preview:large","max-video-preview":"max-video-preview:-1"},"canonical":"https:\/\/www.forumviseu.net\/en\/events\/forum-fashion-wine\/","og_locale":"en_US","og_type":"article","og_title":"FORUM FASHION & WINE - Forum Viseu","og_description":"&nbsp; DE 13 A 17 DE SETEMBRO FORUM FASHION &amp; WINE UM EVENTO DE MODA \u00daNICO ONDE A MODA SE ENCONTRA COM O VINHO 13 de setembro | 18H &#8211; Festa de Anivers\u00e1rio do Forum Viseu e Abertura do Espa\u00e7o Forum Fashion &amp; Wine. \u2022 Numa festa animada pela DJ Isabel Figueira n\u00e3o v\u00e3o faltar [&hellip;]","og_url":"https:\/\/www.forumviseu.net\/en\/events\/forum-fashion-wine\/","og_site_name":"Forum Viseu","og_image":[{"width":960,"height":550,"url":"https:\/\/www.forumviseu.net\/wp-content\/uploads\/sites\/15\/events\/forumfashion_wine.png","type":"image\/png"}],"twitter_card":"summary_large_image","twitter_misc":{"Est. reading time":"2 minutes"},"schema":{"@context":"https:\/\/schema.org","@graph":[{"@type":"WebPage","@id":"https:\/\/www.forumviseu.net\/en\/events\/forum-fashion-wine\/","url":"https:\/\/www.forumviseu.net\/en\/events\/forum-fashion-wine\/","name":"FORUM FASHION & WINE - Forum Viseu","isPartOf":{"@id":"https:\/\/www.forumviseu.net\/#website"},"primaryImageOfPage":{"@id":"https:\/\/www.forumviseu.net\/en\/events\/forum-fashion-wine\/#primaryimage"},"image":{"@id":"https:\/\/www.forumviseu.net\/en\/events\/forum-fashion-wine\/#primaryimage"},"thumbnailUrl":"https:\/\/www.forumviseu.net\/wp-content\/uploads\/sites\/15\/events\/forumfashion_wine.png","datePublished":"2016-09-02T01:01:01+00:00","dateModified":"2016-09-02T01:01:01+00:00","breadcrumb":{"@id":"https:\/\/www.forumviseu.net\/en\/events\/forum-fashion-wine\/#breadcrumb"},"inLanguage":"en-US","potentialAction":[{"@type":"ReadAction","target":["https:\/\/www.forumviseu.net\/en\/events\/forum-fashion-wine\/"]}]},{"@type":"ImageObject","inLanguage":"en-US","@id":"https:\/\/www.forumviseu.net\/en\/events\/forum-fashion-wine\/#primaryimage","url":"https:\/\/www.forumviseu.net\/wp-content\/uploads\/sites\/15\/events\/forumfashion_wine.png","contentUrl":"https:\/\/www.forumviseu.net\/wp-content\/uploads\/sites\/15\/events\/forumfashion_wine.png","width":960,"height":550},{"@type":"BreadcrumbList","@id":"https:\/\/www.forumviseu.net\/en\/events\/forum-fashion-wine\/#breadcrumb","itemListElement":[{"@type":"ListItem","position":1,"name":"Events","item":"https:\/\/www.forumviseu.net\/events\/"},{"@type":"ListItem","position":2,"name":"FORUM FASHION &#038; WINE"}]},{"@type":"WebSite","@id":"https:\/\/www.forumviseu.net\/#website","url":"https:\/\/www.forumviseu.net\/","name":"Forum Viseu","description":"Ser Quem Sou","publisher":{"@id":"https:\/\/www.forumviseu.net\/#organization"},"potentialAction":[{"@type":"SearchAction","target":{"@type":"EntryPoint","urlTemplate":"https:\/\/www.forumviseu.net\/?s={search_term_string}"},"query-input":"required name=search_term_string"}],"inLanguage":"en-US"},{"@type":"Organization","@id":"https:\/\/www.forumviseu.net\/#organization","name":"Forum Viseu","url":"https:\/\/www.forumviseu.net\/","logo":{"@type":"ImageObject","inLanguage":"en-US","@id":"https:\/\/www.forumviseu.net\/#\/schema\/logo\/image\/","url":"https:\/\/www.forumviseu.net\/wp-content\/uploads\/sites\/15\/logo.png","contentUrl":"https:\/\/www.forumviseu.net\/wp-content\/uploads\/sites\/15\/logo.png","caption":"Forum Viseu"},"image":{"@id":"https:\/\/www.forumviseu.net\/#\/schema\/logo\/image\/"}}]}},"_links":{"self":[{"href":"https:\/\/www.forumviseu.net\/en\/wp-json\/wp\/v2\/events\/1060","targetHints":{"allow":["GET"]}}],"collection":[{"href":"https:\/\/www.forumviseu.net\/en\/wp-json\/wp\/v2\/events"}],"about":[{"href":"https:\/\/www.forumviseu.net\/en\/wp-json\/wp\/v2\/types\/events"}],"wp:featuredmedia":[{"embeddable":true,"href":"https:\/\/www.forumviseu.net\/en\/wp-json\/wp\/v2\/media\/956"}],"wp:attachment":[{"href":"https:\/\/www.forumviseu.net\/en\/wp-json\/wp\/v2\/media?parent=1060"}],"curies":[{"name":"wp","href":"https:\/\/api.w.org\/{rel}","templated":true}]}}

<p> 	&nbsp;</p>
<p> 	<strong>DE 13 A 17 DE SETEMBRO FORUM FASHION &amp; WINE </strong></p>
<p> 	<strong>UM EVENTO DE MODA ÚNICO ONDE A MODA SE ENCONTRA COM O VINHO </strong></p>
<p> 	<strong>13 de setembro | 18H &#8211; Festa de Aniversário do Forum Viseu e Abertura do Espaço Forum Fashion &amp; Wine</strong>.</p>
<p> 	• Numa festa animada pela <strong>DJ Isabel Figueira </strong>não vão faltar os vinhos da região e o brinde aos 11 anos do Forum Viseu.</p>
<p> 	<strong>14 de setembro | Workshops de Moda e Vinho &#8211; 15H às 20H </strong></p>
<p> 	• <strong>15H | Workshop &#8220;Como fazer um armário cápsula &#8211; peças essenciais de um guarda-roupa&#8221;</strong> com a consultora de imagem e comunicação<strong> Alcina Monteiro</strong>.</p>
<p> 	• Apresentação e venda de vinhos dos produtores da região do Dão presentes no espaço.</p>
<p> 	• <strong>18H | &#8220;O VINHO E A ARTE&#8221;, </strong>com a enóloga <strong>Mafalda Perdigão </strong>e a artista plástica <strong>Vanessa Chrystie,</strong> da <strong>Quinta do Perdigão</strong>. De seguida, prova comentada dos vinhos da Quinta do Perdigão e provas nos espaços dos produtores presentes.</p>
<p> 	<strong>15 de setembro | Workshops de Hair &amp; Make up e Vinho &#8211; 15H às 20H </strong></p>
<p> 	<strong>• 15H | Workshop &#8220;O penteado e a maquilhagem fazem a diferença&#8221;, </strong>com <strong>Mariana Monteiro </strong>e <strong>Raquel Sousa</strong>, profissionais especializadas em TV e Cinema.</p>
<p> 	• Apresentação e venda de vinhos dos produtores da região do Dão presentes no espaço.</p>
<p> 	• <strong>18H | &#8220;O ENVELHECIMENTO DO VINHO DO DÃO&#8221;, </strong>pela enóloga <strong>Beatriz Cabral de Almeida</strong>, da Sogrape, e de seguida uma prova comentada dos vinhos <strong>Quinta dos Carvalhais e Grão Vasco</strong>, bem como provas nos espaços dos produtores presentes.</p>
<p> 	<strong>16 de setembro | Workshops e Fashion Talk Show – 15H às 20H </strong></p>
<p> 	• <strong>15h | </strong>Apresentação e venda de vinhos dos produtores da região do Dão presentes no espaço.</p>
<p> 	• <strong>17H30 | &#8220;Poesia Engarrafa&#8221;, </strong>o conceito de <strong>PSIQUE Dão DOP 2014</strong>, criado por <strong>Carlos Silva </strong>e vestido por <strong>Susana Abreu</strong>, para <strong>Amora Brava</strong>.</p>
<p> 	• <strong>18H Talk Show </strong>| Com a apresentação de <strong>Raquel Strada</strong>, vão estar à conversa a blogger e consultora de moda <strong>Mónica Lice</strong>, a consultora de imagem e comunicação <strong>Alcina Monteiro</strong>, as enólogas <strong>Beatriz Cabral de Almeida </strong>e <strong>Mafalda Perdigão</strong>, onde vão partilhar as suas opiniões e tendências de Moda e Vinho.</p>
<p> 	• <strong>19h | &#8220;O ENOTURISMO&#8221;</strong>, por Rita Barros da <strong>Chão de São Francisco</strong>, de seguida com provas de vinho <strong>Chão da Quinta </strong>provas nos espaços dos produtores presentes.</p>
<p> 	<strong>17 de setembro | 21H30 – DESFILE </strong>com a presença de <strong>Ana Sofia Martins</strong>,<strong> Luísa Beirão </strong>e <strong>Pedro Teixeira</strong>.</p>
<p> 	&nbsp;</p>
<p> 	&nbsp;</p>
<p> 	Parceiros: <strong>Viseu Marca e Dão Wines </strong></p>
<p> 	Produtores parceiros: <strong>Quinta do Perdigão; Quinta de Lemos; Vinha Paz; Soito Wines; Amora Brava; Chão de São Francisco; Quinta dos Carvalhais/ Sogrape.</strong></p>
<p> 	&nbsp;</p>

<!-- This site is optimized with the Yoast SEO plugin v22.2 - https://yoast.com/wordpress/plugins/seo/ -->
<title>FORUM FASHION &amp; WINE - Forum Viseu</title>
<meta name="robots" content="index, follow, max-snippet:-1, max-image-preview:large, max-video-preview:-1" />
<link rel="canonical" href="https://www.forumviseu.net/en/events/forum-fashion-wine/" />
<meta property="og:locale" content="en_US" />
<meta property="og:type" content="article" />
<meta property="og:title" content="FORUM FASHION &amp; WINE - Forum Viseu" />
<meta property="og:description" content="&nbsp; DE 13 A 17 DE SETEMBRO FORUM FASHION &amp; WINE UM EVENTO DE MODA ÚNICO ONDE A MODA SE ENCONTRA COM O VINHO 13 de setembro | 18H &#8211; Festa de Aniversário do Forum Viseu e Abertura do Espaço Forum Fashion &amp; Wine. • Numa festa animada pela DJ Isabel Figueira não vão faltar [&hellip;]" />
<meta property="og:url" content="https://www.forumviseu.net/en/events/forum-fashion-wine/" />
<meta property="og:site_name" content="Forum Viseu" />
<meta property="og:image" content="https://www.forumviseu.net/wp-content/uploads/sites/15/events/forumfashion_wine.png" />
	<meta property="og:image:width" content="960" />
	<meta property="og:image:height" content="550" />
	<meta property="og:image:type" content="image/png" />
<meta name="twitter:card" content="summary_large_image" />
<meta name="twitter:label1" content="Est. reading time" />
	<meta name="twitter:data1" content="2 minutes" />
<script type="application/ld+json" class="yoast-schema-graph">{"@context":"https://schema.org","@graph":[{"@type":"WebPage","@id":"https://www.forumviseu.net/en/events/forum-fashion-wine/","url":"https://www.forumviseu.net/en/events/forum-fashion-wine/","name":"FORUM FASHION & WINE - Forum Viseu","isPartOf":{"@id":"https://www.forumviseu.net/#website"},"primaryImageOfPage":{"@id":"https://www.forumviseu.net/en/events/forum-fashion-wine/#primaryimage"},"image":{"@id":"https://www.forumviseu.net/en/events/forum-fashion-wine/#primaryimage"},"thumbnailUrl":"https://www.forumviseu.net/wp-content/uploads/sites/15/events/forumfashion_wine.png","datePublished":"2016-09-02T01:01:01+00:00","dateModified":"2016-09-02T01:01:01+00:00","breadcrumb":{"@id":"https://www.forumviseu.net/en/events/forum-fashion-wine/#breadcrumb"},"inLanguage":"en-US","potentialAction":[{"@type":"ReadAction","target":["https://www.forumviseu.net/en/events/forum-fashion-wine/"]}]},{"@type":"ImageObject","inLanguage":"en-US","@id":"https://www.forumviseu.net/en/events/forum-fashion-wine/#primaryimage","url":"https://www.forumviseu.net/wp-content/uploads/sites/15/events/forumfashion_wine.png","contentUrl":"https://www.forumviseu.net/wp-content/uploads/sites/15/events/forumfashion_wine.png","width":960,"height":550},{"@type":"BreadcrumbList","@id":"https://www.forumviseu.net/en/events/forum-fashion-wine/#breadcrumb","itemListElement":[{"@type":"ListItem","position":1,"name":"Events","item":"https://www.forumviseu.net/events/"},{"@type":"ListItem","position":2,"name":"FORUM FASHION &#038; WINE"}]},{"@type":"WebSite","@id":"https://www.forumviseu.net/#website","url":"https://www.forumviseu.net/","name":"Forum Viseu","description":"Ser Quem Sou","publisher":{"@id":"https://www.forumviseu.net/#organization"},"potentialAction":[{"@type":"SearchAction","target":{"@type":"EntryPoint","urlTemplate":"https://www.forumviseu.net/?s={search_term_string}"},"query-input":"required name=search_term_string"}],"inLanguage":"en-US"},{"@type":"Organization","@id":"https://www.forumviseu.net/#organization","name":"Forum Viseu","url":"https://www.forumviseu.net/","logo":{"@type":"ImageObject","inLanguage":"en-US","@id":"https://www.forumviseu.net/#/schema/logo/image/","url":"https://www.forumviseu.net/wp-content/uploads/sites/15/logo.png","contentUrl":"https://www.forumviseu.net/wp-content/uploads/sites/15/logo.png","caption":"Forum Viseu"},"image":{"@id":"https://www.forumviseu.net/#/schema/logo/image/"}}]}</script>
<!-- / Yoast SEO plugin. -->

&nbsp; DE 13 A 17 DE SETEMBRO FORUM FASHION &amp; WINE UM EVENTO DE MODA ÚNICO ONDE A MODA SE ENCONTRA COM O VINHO 13 de setembro | 18H &#8211; Festa de Aniversário do Forum Viseu e Abertura do Espaço Forum Fashion &amp; Wine. • Numa festa animada pela DJ Isabel Figueira não vão faltar [&hellip;]
