{"id":1062,"date":"2016-11-22T01:01:01","date_gmt":"2016-11-22T01:01:01","guid":{"rendered":"https:\/\/www.forumviseu.net\/events\/black-friday\/"},"modified":"2016-11-22T01:01:01","modified_gmt":"2016-11-22T01:01:01","slug":"black-friday","status":"publish","type":"events","link":"https:\/\/www.forumviseu.net\/en\/events\/black-friday\/","title":{"rendered":"Black Friday"},"content":{"rendered":"<p> \tNo pr\u00f3ximo dia 25 Novembro no \u00e2mbito do Black Friday, o Forum Viseu vai funcionar num hor\u00e1rio alargado, entre as 9h \u00e0s 24h para as seguintes lojas:<\/p>\n<p> \t&nbsp;<\/p>\n<div style=\"float: left; width: 50%;\">\n<p> \t\tZara<\/p>\n<p> \t\tMassimo Dutti<\/p>\n<p> \t\tSalsa<\/p>\n<p> \t\tCalzed\u00f3nia<\/p>\n<p> \t\tKiko<\/p>\n<p> \t\tPull and Bear<\/p>\n<p> \t\tOysho<\/p>\n<p> \t\tBershka<\/p>\n<p> \t\tStradivarius<\/p>\n<p> \t\tAna Sousa<\/p>\n<p> \t\tLefties<\/p>\n<p> \t\tIntimissimi<\/p>\n<p> \t\tCentroxogo**<\/p>\n<p> \t\t<em>*Das 9h30 \u00e0s 23h<\/em><\/p>\n<p> \t\t** <em>Das 10h \u00e0s 22h<\/em><\/p>\n<\/p><\/div>\n<div style=\"float: right; width: 50%;\">\n<p> \t\tAldo<\/p>\n<p> \t\tTimberland<\/p>\n<p> \t\tMundo dos Fatos<\/p>\n<p> \t\tTiger<\/p>\n<p> \t\tPress Center Silgarrete*<\/p>\n<p> \t\tSpringfield<\/p>\n<p> \t\tParfois<\/p>\n<p> \t\tKicks<\/p>\n<p> \t\tTiffosi Denim<\/p>\n<p> \t\tWomen&#8217;Secret<\/p>\n<p> \t\tAttrium Caf\u00e9<\/p>\n<p> \t\tSacoor Brothers<\/p>\n<p> \t\t&nbsp;<\/p>\n<\/p><\/div>\n<div style=\"float: left; width: 50%;\">\n<p> \t\t&nbsp;<\/p>\n<\/p><\/div>\n","protected":false},"featured_media":988,"template":"","class_list":["post-1062","events","type-events","status-publish","has-post-thumbnail","hentry"],"yoast_head":"<!-- This site is optimized with the Yoast SEO plugin v22.2 - https:\/\/yoast.com\/wordpress\/plugins\/seo\/ -->\n<title>Black Friday - Forum Viseu<\/title>\n<meta name=\"robots\" content=\"index, follow, max-snippet:-1, max-image-preview:large, max-video-preview:-1\" \/>\n<link rel=\"canonical\" href=\"https:\/\/www.forumviseu.net\/en\/events\/black-friday\/\" \/>\n<meta property=\"og:locale\" content=\"en_US\" \/>\n<meta property=\"og:type\" content=\"article\" \/>\n<meta property=\"og:title\" content=\"Black Friday - Forum Viseu\" \/>\n<meta property=\"og:description\" content=\"No pr\u00f3ximo dia 25 Novembro no \u00e2mbito do Black Friday, o Forum Viseu vai funcionar num hor\u00e1rio alargado, entre as 9h \u00e0s 24h para as seguintes lojas: &nbsp; Zara Massimo Dutti Salsa Calzed\u00f3nia Kiko Pull and Bear Oysho Bershka Stradivarius Ana Sousa Lefties Intimissimi Centroxogo** *Das 9h30 \u00e0s 23h ** Das 10h \u00e0s 22h Aldo [&hellip;]\" \/>\n<meta property=\"og:url\" content=\"https:\/\/www.forumviseu.net\/en\/events\/black-friday\/\" \/>\n<meta property=\"og:site_name\" content=\"Forum Viseu\" \/>\n<meta property=\"og:image\" content=\"https:\/\/www.forumviseu.net\/wp-content\/uploads\/sites\/15\/events\/blackfriday.png\" \/>\n\t<meta property=\"og:image:width\" content=\"1600\" \/>\n\t<meta property=\"og:image:height\" content=\"925\" \/>\n\t<meta property=\"og:image:type\" content=\"image\/png\" \/>\n<meta name=\"twitter:card\" content=\"summary_large_image\" \/>\n<script type=\"application\/ld+json\" class=\"yoast-schema-graph\">{\"@context\":\"https:\/\/schema.org\",\"@graph\":[{\"@type\":\"WebPage\",\"@id\":\"https:\/\/www.forumviseu.net\/en\/events\/black-friday\/\",\"url\":\"https:\/\/www.forumviseu.net\/en\/events\/black-friday\/\",\"name\":\"Black Friday - Forum Viseu\",\"isPartOf\":{\"@id\":\"https:\/\/www.forumviseu.net\/#website\"},\"primaryImageOfPage\":{\"@id\":\"https:\/\/www.forumviseu.net\/en\/events\/black-friday\/#primaryimage\"},\"image\":{\"@id\":\"https:\/\/www.forumviseu.net\/en\/events\/black-friday\/#primaryimage\"},\"thumbnailUrl\":\"https:\/\/www.forumviseu.net\/wp-content\/uploads\/sites\/15\/events\/blackfriday.png\",\"datePublished\":\"2016-11-22T01:01:01+00:00\",\"dateModified\":\"2016-11-22T01:01:01+00:00\",\"breadcrumb\":{\"@id\":\"https:\/\/www.forumviseu.net\/en\/events\/black-friday\/#breadcrumb\"},\"inLanguage\":\"en-US\",\"potentialAction\":[{\"@type\":\"ReadAction\",\"target\":[\"https:\/\/www.forumviseu.net\/en\/events\/black-friday\/\"]}]},{\"@type\":\"ImageObject\",\"inLanguage\":\"en-US\",\"@id\":\"https:\/\/www.forumviseu.net\/en\/events\/black-friday\/#primaryimage\",\"url\":\"https:\/\/www.forumviseu.net\/wp-content\/uploads\/sites\/15\/events\/blackfriday.png\",\"contentUrl\":\"https:\/\/www.forumviseu.net\/wp-content\/uploads\/sites\/15\/events\/blackfriday.png\",\"width\":1600,\"height\":925},{\"@type\":\"BreadcrumbList\",\"@id\":\"https:\/\/www.forumviseu.net\/en\/events\/black-friday\/#breadcrumb\",\"itemListElement\":[{\"@type\":\"ListItem\",\"position\":1,\"name\":\"Events\",\"item\":\"https:\/\/www.forumviseu.net\/events\/\"},{\"@type\":\"ListItem\",\"position\":2,\"name\":\"Black Friday\"}]},{\"@type\":\"WebSite\",\"@id\":\"https:\/\/www.forumviseu.net\/#website\",\"url\":\"https:\/\/www.forumviseu.net\/\",\"name\":\"Forum Viseu\",\"description\":\"Ser Quem Sou\",\"publisher\":{\"@id\":\"https:\/\/www.forumviseu.net\/#organization\"},\"potentialAction\":[{\"@type\":\"SearchAction\",\"target\":{\"@type\":\"EntryPoint\",\"urlTemplate\":\"https:\/\/www.forumviseu.net\/?s={search_term_string}\"},\"query-input\":\"required name=search_term_string\"}],\"inLanguage\":\"en-US\"},{\"@type\":\"Organization\",\"@id\":\"https:\/\/www.forumviseu.net\/#organization\",\"name\":\"Forum Viseu\",\"url\":\"https:\/\/www.forumviseu.net\/\",\"logo\":{\"@type\":\"ImageObject\",\"inLanguage\":\"en-US\",\"@id\":\"https:\/\/www.forumviseu.net\/#\/schema\/logo\/image\/\",\"url\":\"https:\/\/www.forumviseu.net\/wp-content\/uploads\/sites\/15\/logo.png\",\"contentUrl\":\"https:\/\/www.forumviseu.net\/wp-content\/uploads\/sites\/15\/logo.png\",\"caption\":\"Forum Viseu\"},\"image\":{\"@id\":\"https:\/\/www.forumviseu.net\/#\/schema\/logo\/image\/\"}}]}<\/script>\n<!-- \/ Yoast SEO plugin. -->","yoast_head_json":{"title":"Black Friday - Forum Viseu","robots":{"index":"index","follow":"follow","max-snippet":"max-snippet:-1","max-image-preview":"max-image-preview:large","max-video-preview":"max-video-preview:-1"},"canonical":"https:\/\/www.forumviseu.net\/en\/events\/black-friday\/","og_locale":"en_US","og_type":"article","og_title":"Black Friday - Forum Viseu","og_description":"No pr\u00f3ximo dia 25 Novembro no \u00e2mbito do Black Friday, o Forum Viseu vai funcionar num hor\u00e1rio alargado, entre as 9h \u00e0s 24h para as seguintes lojas: &nbsp; Zara Massimo Dutti Salsa Calzed\u00f3nia Kiko Pull and Bear Oysho Bershka Stradivarius Ana Sousa Lefties Intimissimi Centroxogo** *Das 9h30 \u00e0s 23h ** Das 10h \u00e0s 22h Aldo [&hellip;]","og_url":"https:\/\/www.forumviseu.net\/en\/events\/black-friday\/","og_site_name":"Forum Viseu","og_image":[{"width":1600,"height":925,"url":"https:\/\/www.forumviseu.net\/wp-content\/uploads\/sites\/15\/events\/blackfriday.png","type":"image\/png"}],"twitter_card":"summary_large_image","schema":{"@context":"https:\/\/schema.org","@graph":[{"@type":"WebPage","@id":"https:\/\/www.forumviseu.net\/en\/events\/black-friday\/","url":"https:\/\/www.forumviseu.net\/en\/events\/black-friday\/","name":"Black Friday - Forum Viseu","isPartOf":{"@id":"https:\/\/www.forumviseu.net\/#website"},"primaryImageOfPage":{"@id":"https:\/\/www.forumviseu.net\/en\/events\/black-friday\/#primaryimage"},"image":{"@id":"https:\/\/www.forumviseu.net\/en\/events\/black-friday\/#primaryimage"},"thumbnailUrl":"https:\/\/www.forumviseu.net\/wp-content\/uploads\/sites\/15\/events\/blackfriday.png","datePublished":"2016-11-22T01:01:01+00:00","dateModified":"2016-11-22T01:01:01+00:00","breadcrumb":{"@id":"https:\/\/www.forumviseu.net\/en\/events\/black-friday\/#breadcrumb"},"inLanguage":"en-US","potentialAction":[{"@type":"ReadAction","target":["https:\/\/www.forumviseu.net\/en\/events\/black-friday\/"]}]},{"@type":"ImageObject","inLanguage":"en-US","@id":"https:\/\/www.forumviseu.net\/en\/events\/black-friday\/#primaryimage","url":"https:\/\/www.forumviseu.net\/wp-content\/uploads\/sites\/15\/events\/blackfriday.png","contentUrl":"https:\/\/www.forumviseu.net\/wp-content\/uploads\/sites\/15\/events\/blackfriday.png","width":1600,"height":925},{"@type":"BreadcrumbList","@id":"https:\/\/www.forumviseu.net\/en\/events\/black-friday\/#breadcrumb","itemListElement":[{"@type":"ListItem","position":1,"name":"Events","item":"https:\/\/www.forumviseu.net\/events\/"},{"@type":"ListItem","position":2,"name":"Black Friday"}]},{"@type":"WebSite","@id":"https:\/\/www.forumviseu.net\/#website","url":"https:\/\/www.forumviseu.net\/","name":"Forum Viseu","description":"Ser Quem Sou","publisher":{"@id":"https:\/\/www.forumviseu.net\/#organization"},"potentialAction":[{"@type":"SearchAction","target":{"@type":"EntryPoint","urlTemplate":"https:\/\/www.forumviseu.net\/?s={search_term_string}"},"query-input":"required name=search_term_string"}],"inLanguage":"en-US"},{"@type":"Organization","@id":"https:\/\/www.forumviseu.net\/#organization","name":"Forum Viseu","url":"https:\/\/www.forumviseu.net\/","logo":{"@type":"ImageObject","inLanguage":"en-US","@id":"https:\/\/www.forumviseu.net\/#\/schema\/logo\/image\/","url":"https:\/\/www.forumviseu.net\/wp-content\/uploads\/sites\/15\/logo.png","contentUrl":"https:\/\/www.forumviseu.net\/wp-content\/uploads\/sites\/15\/logo.png","caption":"Forum Viseu"},"image":{"@id":"https:\/\/www.forumviseu.net\/#\/schema\/logo\/image\/"}}]}},"_links":{"self":[{"href":"https:\/\/www.forumviseu.net\/en\/wp-json\/wp\/v2\/events\/1062","targetHints":{"allow":["GET"]}}],"collection":[{"href":"https:\/\/www.forumviseu.net\/en\/wp-json\/wp\/v2\/events"}],"about":[{"href":"https:\/\/www.forumviseu.net\/en\/wp-json\/wp\/v2\/types\/events"}],"wp:featuredmedia":[{"embeddable":true,"href":"https:\/\/www.forumviseu.net\/en\/wp-json\/wp\/v2\/media\/988"}],"wp:attachment":[{"href":"https:\/\/www.forumviseu.net\/en\/wp-json\/wp\/v2\/media?parent=1062"}],"curies":[{"name":"wp","href":"https:\/\/api.w.org\/{rel}","templated":true}]}}

<p> 	No próximo dia 25 Novembro no âmbito do Black Friday, o Forum Viseu vai funcionar num horário alargado, entre as 9h às 24h para as seguintes lojas:</p>
<p> 	&nbsp;</p>
<div style="float: left; width: 50%;">
<p> 		Zara</p>
<p> 		Massimo Dutti</p>
<p> 		Salsa</p>
<p> 		Calzedónia</p>
<p> 		Kiko</p>
<p> 		Pull and Bear</p>
<p> 		Oysho</p>
<p> 		Bershka</p>
<p> 		Stradivarius</p>
<p> 		Ana Sousa</p>
<p> 		Lefties</p>
<p> 		Intimissimi</p>
<p> 		Centroxogo**</p>
<p> 		<em>*Das 9h30 às 23h</em></p>
<p> 		** <em>Das 10h às 22h</em></p>
</p></div>
<div style="float: right; width: 50%;">
<p> 		Aldo</p>
<p> 		Timberland</p>
<p> 		Mundo dos Fatos</p>
<p> 		Tiger</p>
<p> 		Press Center Silgarrete*</p>
<p> 		Springfield</p>
<p> 		Parfois</p>
<p> 		Kicks</p>
<p> 		Tiffosi Denim</p>
<p> 		Women&#8217;Secret</p>
<p> 		Attrium Café</p>
<p> 		Sacoor Brothers</p>
<p> 		&nbsp;</p>
</p></div>
<div style="float: left; width: 50%;">
<p> 		&nbsp;</p>
</p></div>

<!-- This site is optimized with the Yoast SEO plugin v22.2 - https://yoast.com/wordpress/plugins/seo/ -->
<title>Black Friday - Forum Viseu</title>
<meta name="robots" content="index, follow, max-snippet:-1, max-image-preview:large, max-video-preview:-1" />
<link rel="canonical" href="https://www.forumviseu.net/en/events/black-friday/" />
<meta property="og:locale" content="en_US" />
<meta property="og:type" content="article" />
<meta property="og:title" content="Black Friday - Forum Viseu" />
<meta property="og:description" content="No próximo dia 25 Novembro no âmbito do Black Friday, o Forum Viseu vai funcionar num horário alargado, entre as 9h às 24h para as seguintes lojas: &nbsp; Zara Massimo Dutti Salsa Calzedónia Kiko Pull and Bear Oysho Bershka Stradivarius Ana Sousa Lefties Intimissimi Centroxogo** *Das 9h30 às 23h ** Das 10h às 22h Aldo [&hellip;]" />
<meta property="og:url" content="https://www.forumviseu.net/en/events/black-friday/" />
<meta property="og:site_name" content="Forum Viseu" />
<meta property="og:image" content="https://www.forumviseu.net/wp-content/uploads/sites/15/events/blackfriday.png" />
	<meta property="og:image:width" content="1600" />
	<meta property="og:image:height" content="925" />
	<meta property="og:image:type" content="image/png" />
<meta name="twitter:card" content="summary_large_image" />
<script type="application/ld+json" class="yoast-schema-graph">{"@context":"https://schema.org","@graph":[{"@type":"WebPage","@id":"https://www.forumviseu.net/en/events/black-friday/","url":"https://www.forumviseu.net/en/events/black-friday/","name":"Black Friday - Forum Viseu","isPartOf":{"@id":"https://www.forumviseu.net/#website"},"primaryImageOfPage":{"@id":"https://www.forumviseu.net/en/events/black-friday/#primaryimage"},"image":{"@id":"https://www.forumviseu.net/en/events/black-friday/#primaryimage"},"thumbnailUrl":"https://www.forumviseu.net/wp-content/uploads/sites/15/events/blackfriday.png","datePublished":"2016-11-22T01:01:01+00:00","dateModified":"2016-11-22T01:01:01+00:00","breadcrumb":{"@id":"https://www.forumviseu.net/en/events/black-friday/#breadcrumb"},"inLanguage":"en-US","potentialAction":[{"@type":"ReadAction","target":["https://www.forumviseu.net/en/events/black-friday/"]}]},{"@type":"ImageObject","inLanguage":"en-US","@id":"https://www.forumviseu.net/en/events/black-friday/#primaryimage","url":"https://www.forumviseu.net/wp-content/uploads/sites/15/events/blackfriday.png","contentUrl":"https://www.forumviseu.net/wp-content/uploads/sites/15/events/blackfriday.png","width":1600,"height":925},{"@type":"BreadcrumbList","@id":"https://www.forumviseu.net/en/events/black-friday/#breadcrumb","itemListElement":[{"@type":"ListItem","position":1,"name":"Events","item":"https://www.forumviseu.net/events/"},{"@type":"ListItem","position":2,"name":"Black Friday"}]},{"@type":"WebSite","@id":"https://www.forumviseu.net/#website","url":"https://www.forumviseu.net/","name":"Forum Viseu","description":"Ser Quem Sou","publisher":{"@id":"https://www.forumviseu.net/#organization"},"potentialAction":[{"@type":"SearchAction","target":{"@type":"EntryPoint","urlTemplate":"https://www.forumviseu.net/?s={search_term_string}"},"query-input":"required name=search_term_string"}],"inLanguage":"en-US"},{"@type":"Organization","@id":"https://www.forumviseu.net/#organization","name":"Forum Viseu","url":"https://www.forumviseu.net/","logo":{"@type":"ImageObject","inLanguage":"en-US","@id":"https://www.forumviseu.net/#/schema/logo/image/","url":"https://www.forumviseu.net/wp-content/uploads/sites/15/logo.png","contentUrl":"https://www.forumviseu.net/wp-content/uploads/sites/15/logo.png","caption":"Forum Viseu"},"image":{"@id":"https://www.forumviseu.net/#/schema/logo/image/"}}]}</script>
<!-- / Yoast SEO plugin. -->

No próximo dia 25 Novembro no âmbito do Black Friday, o Forum Viseu vai funcionar num horário alargado, entre as 9h às 24h para as seguintes lojas: &nbsp; Zara Massimo Dutti Salsa Calzedónia Kiko Pull and Bear Oysho Bershka Stradivarius Ana Sousa Lefties Intimissimi Centroxogo** *Das 9h30 às 23h ** Das 10h às 22h Aldo [&hellip;]
