{"id":1066,"date":"2017-09-09T01:01:01","date_gmt":"2017-09-09T01:01:01","guid":{"rendered":"https:\/\/www.forumviseu.net\/events\/fashion-show-16-de-setembro-18h-as-22h\/"},"modified":"2017-09-09T01:01:01","modified_gmt":"2017-09-09T01:01:01","slug":"fashion-show-16-de-setembro-18h-as-22h","status":"publish","type":"events","link":"https:\/\/www.forumviseu.net\/en\/events\/fashion-show-16-de-setembro-18h-as-22h\/","title":{"rendered":"FASHION SHOW &#8211; 16 DE SETEMBRO | 18h \u00e0s 22h"},"content":{"rendered":"<p> \t&nbsp;<\/p>\n<p> \tIntegrado no evento <strong>Street Food Market<\/strong>, a decorrer de 29 de julho a 17 de setembro, o FORUM VISEU apresenta o seu <strong>Fashion Show <\/strong>2017.<\/p>\n<p> \tNo<strong> dia 16 <\/strong>a Moda vai ser o prato principal do Street Food Market do Forum Viseu.<\/p>\n<p> \tA partir das <strong>18h<\/strong> e at\u00e9 \u00e0s <strong>22h<\/strong>, na Alameda do Piso 1, as&nbsp;tend\u00eancias que v\u00e3o fazer as del\u00edcias da pr\u00f3xima esta\u00e7\u00e3o ser\u00e3o&nbsp;apresentadas por algumas caras bem conhecidas, como <strong>Andreia Rodrigues<\/strong>, <strong>Louren\u00e7o Ortig\u00e3o <\/strong>e o <strong>DJ convidado Valter Carvalho<\/strong>.<\/p>\n<p> \tNo Forum Viseu, o ver\u00e3o sabe sempre melhor.<\/p>\n","protected":false},"featured_media":980,"template":"","class_list":["post-1066","events","type-events","status-publish","has-post-thumbnail","hentry"],"yoast_head":"<!-- This site is optimized with the Yoast SEO plugin v22.2 - https:\/\/yoast.com\/wordpress\/plugins\/seo\/ -->\n<title>FASHION SHOW - 16 DE SETEMBRO | 18h \u00e0s 22h - Forum Viseu<\/title>\n<meta name=\"robots\" content=\"index, follow, max-snippet:-1, max-image-preview:large, max-video-preview:-1\" \/>\n<link rel=\"canonical\" href=\"https:\/\/www.forumviseu.net\/en\/events\/fashion-show-16-de-setembro-18h-as-22h\/\" \/>\n<meta property=\"og:locale\" content=\"en_US\" \/>\n<meta property=\"og:type\" content=\"article\" \/>\n<meta property=\"og:title\" content=\"FASHION SHOW - 16 DE SETEMBRO | 18h \u00e0s 22h - Forum Viseu\" \/>\n<meta property=\"og:description\" content=\"&nbsp; Integrado no evento Street Food Market, a decorrer de 29 de julho a 17 de setembro, o FORUM VISEU apresenta o seu Fashion Show 2017. No dia 16 a Moda vai ser o prato principal do Street Food Market do Forum Viseu. A partir das 18h e at\u00e9 \u00e0s 22h, na Alameda do Piso [&hellip;]\" \/>\n<meta property=\"og:url\" content=\"https:\/\/www.forumviseu.net\/en\/events\/fashion-show-16-de-setembro-18h-as-22h\/\" \/>\n<meta property=\"og:site_name\" content=\"Forum Viseu\" \/>\n<meta property=\"og:image\" content=\"https:\/\/www.forumviseu.net\/wp-content\/uploads\/sites\/15\/events\/fashionshow-16desetembro_18has22h.jpg\" \/>\n\t<meta property=\"og:image:width\" content=\"2500\" \/>\n\t<meta property=\"og:image:height\" content=\"1500\" \/>\n\t<meta property=\"og:image:type\" content=\"image\/jpeg\" \/>\n<meta name=\"twitter:card\" content=\"summary_large_image\" \/>\n<script type=\"application\/ld+json\" class=\"yoast-schema-graph\">{\"@context\":\"https:\/\/schema.org\",\"@graph\":[{\"@type\":\"WebPage\",\"@id\":\"https:\/\/www.forumviseu.net\/en\/events\/fashion-show-16-de-setembro-18h-as-22h\/\",\"url\":\"https:\/\/www.forumviseu.net\/en\/events\/fashion-show-16-de-setembro-18h-as-22h\/\",\"name\":\"FASHION SHOW - 16 DE SETEMBRO | 18h \u00e0s 22h - Forum Viseu\",\"isPartOf\":{\"@id\":\"https:\/\/www.forumviseu.net\/#website\"},\"primaryImageOfPage\":{\"@id\":\"https:\/\/www.forumviseu.net\/en\/events\/fashion-show-16-de-setembro-18h-as-22h\/#primaryimage\"},\"image\":{\"@id\":\"https:\/\/www.forumviseu.net\/en\/events\/fashion-show-16-de-setembro-18h-as-22h\/#primaryimage\"},\"thumbnailUrl\":\"https:\/\/www.forumviseu.net\/wp-content\/uploads\/sites\/15\/events\/fashionshow-16desetembro_18has22h.jpg\",\"datePublished\":\"2017-09-09T01:01:01+00:00\",\"dateModified\":\"2017-09-09T01:01:01+00:00\",\"breadcrumb\":{\"@id\":\"https:\/\/www.forumviseu.net\/en\/events\/fashion-show-16-de-setembro-18h-as-22h\/#breadcrumb\"},\"inLanguage\":\"en-US\",\"potentialAction\":[{\"@type\":\"ReadAction\",\"target\":[\"https:\/\/www.forumviseu.net\/en\/events\/fashion-show-16-de-setembro-18h-as-22h\/\"]}]},{\"@type\":\"ImageObject\",\"inLanguage\":\"en-US\",\"@id\":\"https:\/\/www.forumviseu.net\/en\/events\/fashion-show-16-de-setembro-18h-as-22h\/#primaryimage\",\"url\":\"https:\/\/www.forumviseu.net\/wp-content\/uploads\/sites\/15\/events\/fashionshow-16desetembro_18has22h.jpg\",\"contentUrl\":\"https:\/\/www.forumviseu.net\/wp-content\/uploads\/sites\/15\/events\/fashionshow-16desetembro_18has22h.jpg\",\"width\":2500,\"height\":1500},{\"@type\":\"BreadcrumbList\",\"@id\":\"https:\/\/www.forumviseu.net\/en\/events\/fashion-show-16-de-setembro-18h-as-22h\/#breadcrumb\",\"itemListElement\":[{\"@type\":\"ListItem\",\"position\":1,\"name\":\"Events\",\"item\":\"https:\/\/www.forumviseu.net\/events\/\"},{\"@type\":\"ListItem\",\"position\":2,\"name\":\"FASHION SHOW &#8211; 16 DE SETEMBRO | 18h \u00e0s 22h\"}]},{\"@type\":\"WebSite\",\"@id\":\"https:\/\/www.forumviseu.net\/#website\",\"url\":\"https:\/\/www.forumviseu.net\/\",\"name\":\"Forum Viseu\",\"description\":\"Ser Quem Sou\",\"publisher\":{\"@id\":\"https:\/\/www.forumviseu.net\/#organization\"},\"potentialAction\":[{\"@type\":\"SearchAction\",\"target\":{\"@type\":\"EntryPoint\",\"urlTemplate\":\"https:\/\/www.forumviseu.net\/?s={search_term_string}\"},\"query-input\":\"required name=search_term_string\"}],\"inLanguage\":\"en-US\"},{\"@type\":\"Organization\",\"@id\":\"https:\/\/www.forumviseu.net\/#organization\",\"name\":\"Forum Viseu\",\"url\":\"https:\/\/www.forumviseu.net\/\",\"logo\":{\"@type\":\"ImageObject\",\"inLanguage\":\"en-US\",\"@id\":\"https:\/\/www.forumviseu.net\/#\/schema\/logo\/image\/\",\"url\":\"https:\/\/www.forumviseu.net\/wp-content\/uploads\/sites\/15\/logo.png\",\"contentUrl\":\"https:\/\/www.forumviseu.net\/wp-content\/uploads\/sites\/15\/logo.png\",\"caption\":\"Forum Viseu\"},\"image\":{\"@id\":\"https:\/\/www.forumviseu.net\/#\/schema\/logo\/image\/\"}}]}<\/script>\n<!-- \/ Yoast SEO plugin. -->","yoast_head_json":{"title":"FASHION SHOW - 16 DE SETEMBRO | 18h \u00e0s 22h - Forum Viseu","robots":{"index":"index","follow":"follow","max-snippet":"max-snippet:-1","max-image-preview":"max-image-preview:large","max-video-preview":"max-video-preview:-1"},"canonical":"https:\/\/www.forumviseu.net\/en\/events\/fashion-show-16-de-setembro-18h-as-22h\/","og_locale":"en_US","og_type":"article","og_title":"FASHION SHOW - 16 DE SETEMBRO | 18h \u00e0s 22h - Forum Viseu","og_description":"&nbsp; Integrado no evento Street Food Market, a decorrer de 29 de julho a 17 de setembro, o FORUM VISEU apresenta o seu Fashion Show 2017. No dia 16 a Moda vai ser o prato principal do Street Food Market do Forum Viseu. A partir das 18h e at\u00e9 \u00e0s 22h, na Alameda do Piso [&hellip;]","og_url":"https:\/\/www.forumviseu.net\/en\/events\/fashion-show-16-de-setembro-18h-as-22h\/","og_site_name":"Forum Viseu","og_image":[{"width":2500,"height":1500,"url":"https:\/\/www.forumviseu.net\/wp-content\/uploads\/sites\/15\/events\/fashionshow-16desetembro_18has22h.jpg","type":"image\/jpeg"}],"twitter_card":"summary_large_image","schema":{"@context":"https:\/\/schema.org","@graph":[{"@type":"WebPage","@id":"https:\/\/www.forumviseu.net\/en\/events\/fashion-show-16-de-setembro-18h-as-22h\/","url":"https:\/\/www.forumviseu.net\/en\/events\/fashion-show-16-de-setembro-18h-as-22h\/","name":"FASHION SHOW - 16 DE SETEMBRO | 18h \u00e0s 22h - Forum Viseu","isPartOf":{"@id":"https:\/\/www.forumviseu.net\/#website"},"primaryImageOfPage":{"@id":"https:\/\/www.forumviseu.net\/en\/events\/fashion-show-16-de-setembro-18h-as-22h\/#primaryimage"},"image":{"@id":"https:\/\/www.forumviseu.net\/en\/events\/fashion-show-16-de-setembro-18h-as-22h\/#primaryimage"},"thumbnailUrl":"https:\/\/www.forumviseu.net\/wp-content\/uploads\/sites\/15\/events\/fashionshow-16desetembro_18has22h.jpg","datePublished":"2017-09-09T01:01:01+00:00","dateModified":"2017-09-09T01:01:01+00:00","breadcrumb":{"@id":"https:\/\/www.forumviseu.net\/en\/events\/fashion-show-16-de-setembro-18h-as-22h\/#breadcrumb"},"inLanguage":"en-US","potentialAction":[{"@type":"ReadAction","target":["https:\/\/www.forumviseu.net\/en\/events\/fashion-show-16-de-setembro-18h-as-22h\/"]}]},{"@type":"ImageObject","inLanguage":"en-US","@id":"https:\/\/www.forumviseu.net\/en\/events\/fashion-show-16-de-setembro-18h-as-22h\/#primaryimage","url":"https:\/\/www.forumviseu.net\/wp-content\/uploads\/sites\/15\/events\/fashionshow-16desetembro_18has22h.jpg","contentUrl":"https:\/\/www.forumviseu.net\/wp-content\/uploads\/sites\/15\/events\/fashionshow-16desetembro_18has22h.jpg","width":2500,"height":1500},{"@type":"BreadcrumbList","@id":"https:\/\/www.forumviseu.net\/en\/events\/fashion-show-16-de-setembro-18h-as-22h\/#breadcrumb","itemListElement":[{"@type":"ListItem","position":1,"name":"Events","item":"https:\/\/www.forumviseu.net\/events\/"},{"@type":"ListItem","position":2,"name":"FASHION SHOW &#8211; 16 DE SETEMBRO | 18h \u00e0s 22h"}]},{"@type":"WebSite","@id":"https:\/\/www.forumviseu.net\/#website","url":"https:\/\/www.forumviseu.net\/","name":"Forum Viseu","description":"Ser Quem Sou","publisher":{"@id":"https:\/\/www.forumviseu.net\/#organization"},"potentialAction":[{"@type":"SearchAction","target":{"@type":"EntryPoint","urlTemplate":"https:\/\/www.forumviseu.net\/?s={search_term_string}"},"query-input":"required name=search_term_string"}],"inLanguage":"en-US"},{"@type":"Organization","@id":"https:\/\/www.forumviseu.net\/#organization","name":"Forum Viseu","url":"https:\/\/www.forumviseu.net\/","logo":{"@type":"ImageObject","inLanguage":"en-US","@id":"https:\/\/www.forumviseu.net\/#\/schema\/logo\/image\/","url":"https:\/\/www.forumviseu.net\/wp-content\/uploads\/sites\/15\/logo.png","contentUrl":"https:\/\/www.forumviseu.net\/wp-content\/uploads\/sites\/15\/logo.png","caption":"Forum Viseu"},"image":{"@id":"https:\/\/www.forumviseu.net\/#\/schema\/logo\/image\/"}}]}},"_links":{"self":[{"href":"https:\/\/www.forumviseu.net\/en\/wp-json\/wp\/v2\/events\/1066","targetHints":{"allow":["GET"]}}],"collection":[{"href":"https:\/\/www.forumviseu.net\/en\/wp-json\/wp\/v2\/events"}],"about":[{"href":"https:\/\/www.forumviseu.net\/en\/wp-json\/wp\/v2\/types\/events"}],"wp:featuredmedia":[{"embeddable":true,"href":"https:\/\/www.forumviseu.net\/en\/wp-json\/wp\/v2\/media\/980"}],"wp:attachment":[{"href":"https:\/\/www.forumviseu.net\/en\/wp-json\/wp\/v2\/media?parent=1066"}],"curies":[{"name":"wp","href":"https:\/\/api.w.org\/{rel}","templated":true}]}}

FASHION SHOW &#8211; 16 DE SETEMBRO | 18h às 22h

<p> 	&nbsp;</p>
<p> 	Integrado no evento <strong>Street Food Market</strong>, a decorrer de 29 de julho a 17 de setembro, o FORUM VISEU apresenta o seu <strong>Fashion Show </strong>2017.</p>
<p> 	No<strong> dia 16 </strong>a Moda vai ser o prato principal do Street Food Market do Forum Viseu.</p>
<p> 	A partir das <strong>18h</strong> e até às <strong>22h</strong>, na Alameda do Piso 1, as&nbsp;tendências que vão fazer as delícias da próxima estação serão&nbsp;apresentadas por algumas caras bem conhecidas, como <strong>Andreia Rodrigues</strong>, <strong>Lourenço Ortigão </strong>e o <strong>DJ convidado Valter Carvalho</strong>.</p>
<p> 	No Forum Viseu, o verão sabe sempre melhor.</p>

<!-- This site is optimized with the Yoast SEO plugin v22.2 - https://yoast.com/wordpress/plugins/seo/ -->
<title>FASHION SHOW - 16 DE SETEMBRO | 18h às 22h - Forum Viseu</title>
<meta name="robots" content="index, follow, max-snippet:-1, max-image-preview:large, max-video-preview:-1" />
<link rel="canonical" href="https://www.forumviseu.net/en/events/fashion-show-16-de-setembro-18h-as-22h/" />
<meta property="og:locale" content="en_US" />
<meta property="og:type" content="article" />
<meta property="og:title" content="FASHION SHOW - 16 DE SETEMBRO | 18h às 22h - Forum Viseu" />
<meta property="og:description" content="&nbsp; Integrado no evento Street Food Market, a decorrer de 29 de julho a 17 de setembro, o FORUM VISEU apresenta o seu Fashion Show 2017. No dia 16 a Moda vai ser o prato principal do Street Food Market do Forum Viseu. A partir das 18h e até às 22h, na Alameda do Piso [&hellip;]" />
<meta property="og:url" content="https://www.forumviseu.net/en/events/fashion-show-16-de-setembro-18h-as-22h/" />
<meta property="og:site_name" content="Forum Viseu" />
<meta property="og:image" content="https://www.forumviseu.net/wp-content/uploads/sites/15/events/fashionshow-16desetembro_18has22h.jpg" />
	<meta property="og:image:width" content="2500" />
	<meta property="og:image:height" content="1500" />
	<meta property="og:image:type" content="image/jpeg" />
<meta name="twitter:card" content="summary_large_image" />
<script type="application/ld+json" class="yoast-schema-graph">{"@context":"https://schema.org","@graph":[{"@type":"WebPage","@id":"https://www.forumviseu.net/en/events/fashion-show-16-de-setembro-18h-as-22h/","url":"https://www.forumviseu.net/en/events/fashion-show-16-de-setembro-18h-as-22h/","name":"FASHION SHOW - 16 DE SETEMBRO | 18h às 22h - Forum Viseu","isPartOf":{"@id":"https://www.forumviseu.net/#website"},"primaryImageOfPage":{"@id":"https://www.forumviseu.net/en/events/fashion-show-16-de-setembro-18h-as-22h/#primaryimage"},"image":{"@id":"https://www.forumviseu.net/en/events/fashion-show-16-de-setembro-18h-as-22h/#primaryimage"},"thumbnailUrl":"https://www.forumviseu.net/wp-content/uploads/sites/15/events/fashionshow-16desetembro_18has22h.jpg","datePublished":"2017-09-09T01:01:01+00:00","dateModified":"2017-09-09T01:01:01+00:00","breadcrumb":{"@id":"https://www.forumviseu.net/en/events/fashion-show-16-de-setembro-18h-as-22h/#breadcrumb"},"inLanguage":"en-US","potentialAction":[{"@type":"ReadAction","target":["https://www.forumviseu.net/en/events/fashion-show-16-de-setembro-18h-as-22h/"]}]},{"@type":"ImageObject","inLanguage":"en-US","@id":"https://www.forumviseu.net/en/events/fashion-show-16-de-setembro-18h-as-22h/#primaryimage","url":"https://www.forumviseu.net/wp-content/uploads/sites/15/events/fashionshow-16desetembro_18has22h.jpg","contentUrl":"https://www.forumviseu.net/wp-content/uploads/sites/15/events/fashionshow-16desetembro_18has22h.jpg","width":2500,"height":1500},{"@type":"BreadcrumbList","@id":"https://www.forumviseu.net/en/events/fashion-show-16-de-setembro-18h-as-22h/#breadcrumb","itemListElement":[{"@type":"ListItem","position":1,"name":"Events","item":"https://www.forumviseu.net/events/"},{"@type":"ListItem","position":2,"name":"FASHION SHOW &#8211; 16 DE SETEMBRO | 18h às 22h"}]},{"@type":"WebSite","@id":"https://www.forumviseu.net/#website","url":"https://www.forumviseu.net/","name":"Forum Viseu","description":"Ser Quem Sou","publisher":{"@id":"https://www.forumviseu.net/#organization"},"potentialAction":[{"@type":"SearchAction","target":{"@type":"EntryPoint","urlTemplate":"https://www.forumviseu.net/?s={search_term_string}"},"query-input":"required name=search_term_string"}],"inLanguage":"en-US"},{"@type":"Organization","@id":"https://www.forumviseu.net/#organization","name":"Forum Viseu","url":"https://www.forumviseu.net/","logo":{"@type":"ImageObject","inLanguage":"en-US","@id":"https://www.forumviseu.net/#/schema/logo/image/","url":"https://www.forumviseu.net/wp-content/uploads/sites/15/logo.png","contentUrl":"https://www.forumviseu.net/wp-content/uploads/sites/15/logo.png","caption":"Forum Viseu"},"image":{"@id":"https://www.forumviseu.net/#/schema/logo/image/"}}]}</script>
<!-- / Yoast SEO plugin. -->

FASHION SHOW - 16 DE SETEMBRO | 18h às 22h - Forum Viseu

&nbsp; Integrado no evento Street Food Market, a decorrer de 29 de julho a 17 de setembro, o FORUM VISEU apresenta o seu Fashion Show 2017. No dia 16 a Moda vai ser o prato principal do Street Food Market do Forum Viseu. A partir das 18h e até às 22h, na Alameda do Piso [&hellip;]
