{"id":1072,"date":"2018-07-11T01:01:01","date_gmt":"2018-07-11T01:01:01","guid":{"rendered":"https:\/\/www.forumviseu.net\/events\/comedia-as-tercas-17-jul-a-7-ago\/"},"modified":"2018-07-11T01:01:01","modified_gmt":"2018-07-11T01:01:01","slug":"comedia-as-tercas-17-jul-a-7-ago","status":"publish","type":"events","link":"https:\/\/www.forumviseu.net\/en\/events\/comedia-as-tercas-17-jul-a-7-ago\/","title":{"rendered":"COM\u00c9DIA \u00c0S TER\u00c7AS &#8211; 17 JUL a 7 AGO"},"content":{"rendered":"<p> \tDe <strong>17 de julho a 7 de agosto<\/strong>, \u00e0s <strong>ter\u00e7as-feiras, <\/strong>\u00e0s<strong> 21h<\/strong>, a Alameda Principal, no Piso 1,&nbsp;transforma-se numa aut\u00eantica sala de espet\u00e1culos para o primeiro festival de com\u00e9dia de Viseu e conta com 5 dos mais conhecidos humoristas\/entertainers nacionais:<\/p>\n<p> \t<strong>17 julho \u2013 Francisco Menezes <\/strong><\/p>\n<p> \t<strong>24 julho \u2013 Herman Jos\u00e9 <\/strong><\/p>\n<p> \t<strong>31 julho \u2013 Top Genious, com Nuno Markl e Vasco Palmeirim <\/strong><\/p>\n<p> \t<strong>7 agosto \u2013 Eduardo Madeira <\/strong><\/p>\n<p> \t&nbsp;<\/p>\n<p> \t<strong>FORUM VISEU. ENCONTRAMO-NOS AQUI.<\/strong><\/p>\n","protected":false},"featured_media":1004,"template":"","class_list":["post-1072","events","type-events","status-publish","has-post-thumbnail","hentry"],"yoast_head":"<!-- This site is optimized with the Yoast SEO plugin v22.2 - https:\/\/yoast.com\/wordpress\/plugins\/seo\/ -->\n<title>COM\u00c9DIA \u00c0S TER\u00c7AS - 17 JUL a 7 AGO - Forum Viseu<\/title>\n<meta name=\"robots\" content=\"index, follow, max-snippet:-1, max-image-preview:large, max-video-preview:-1\" \/>\n<link rel=\"canonical\" href=\"https:\/\/www.forumviseu.net\/en\/events\/comedia-as-tercas-17-jul-a-7-ago\/\" \/>\n<meta property=\"og:locale\" content=\"en_US\" \/>\n<meta property=\"og:type\" content=\"article\" \/>\n<meta property=\"og:title\" content=\"COM\u00c9DIA \u00c0S TER\u00c7AS - 17 JUL a 7 AGO - Forum Viseu\" \/>\n<meta property=\"og:description\" content=\"De 17 de julho a 7 de agosto, \u00e0s ter\u00e7as-feiras, \u00e0s 21h, a Alameda Principal, no Piso 1,&nbsp;transforma-se numa aut\u00eantica sala de espet\u00e1culos para o primeiro festival de com\u00e9dia de Viseu e conta com 5 dos mais conhecidos humoristas\/entertainers nacionais: 17 julho \u2013 Francisco Menezes 24 julho \u2013 Herman Jos\u00e9 31 julho \u2013 Top Genious, [&hellip;]\" \/>\n<meta property=\"og:url\" content=\"https:\/\/www.forumviseu.net\/en\/events\/comedia-as-tercas-17-jul-a-7-ago\/\" \/>\n<meta property=\"og:site_name\" content=\"Forum Viseu\" \/>\n<meta property=\"og:image\" content=\"https:\/\/www.forumviseu.net\/wp-content\/uploads\/sites\/15\/events\/comediaastercas-17jula7ago.jpg\" \/>\n\t<meta property=\"og:image:width\" content=\"722\" \/>\n\t<meta property=\"og:image:height\" content=\"532\" \/>\n\t<meta property=\"og:image:type\" content=\"image\/jpeg\" \/>\n<meta name=\"twitter:card\" content=\"summary_large_image\" \/>\n<script type=\"application\/ld+json\" class=\"yoast-schema-graph\">{\"@context\":\"https:\/\/schema.org\",\"@graph\":[{\"@type\":\"WebPage\",\"@id\":\"https:\/\/www.forumviseu.net\/en\/events\/comedia-as-tercas-17-jul-a-7-ago\/\",\"url\":\"https:\/\/www.forumviseu.net\/en\/events\/comedia-as-tercas-17-jul-a-7-ago\/\",\"name\":\"COM\u00c9DIA \u00c0S TER\u00c7AS - 17 JUL a 7 AGO - Forum Viseu\",\"isPartOf\":{\"@id\":\"https:\/\/www.forumviseu.net\/#website\"},\"primaryImageOfPage\":{\"@id\":\"https:\/\/www.forumviseu.net\/en\/events\/comedia-as-tercas-17-jul-a-7-ago\/#primaryimage\"},\"image\":{\"@id\":\"https:\/\/www.forumviseu.net\/en\/events\/comedia-as-tercas-17-jul-a-7-ago\/#primaryimage\"},\"thumbnailUrl\":\"https:\/\/www.forumviseu.net\/wp-content\/uploads\/sites\/15\/events\/comediaastercas-17jula7ago.jpg\",\"datePublished\":\"2018-07-11T01:01:01+00:00\",\"dateModified\":\"2018-07-11T01:01:01+00:00\",\"breadcrumb\":{\"@id\":\"https:\/\/www.forumviseu.net\/en\/events\/comedia-as-tercas-17-jul-a-7-ago\/#breadcrumb\"},\"inLanguage\":\"en-US\",\"potentialAction\":[{\"@type\":\"ReadAction\",\"target\":[\"https:\/\/www.forumviseu.net\/en\/events\/comedia-as-tercas-17-jul-a-7-ago\/\"]}]},{\"@type\":\"ImageObject\",\"inLanguage\":\"en-US\",\"@id\":\"https:\/\/www.forumviseu.net\/en\/events\/comedia-as-tercas-17-jul-a-7-ago\/#primaryimage\",\"url\":\"https:\/\/www.forumviseu.net\/wp-content\/uploads\/sites\/15\/events\/comediaastercas-17jula7ago.jpg\",\"contentUrl\":\"https:\/\/www.forumviseu.net\/wp-content\/uploads\/sites\/15\/events\/comediaastercas-17jula7ago.jpg\",\"width\":722,\"height\":532},{\"@type\":\"BreadcrumbList\",\"@id\":\"https:\/\/www.forumviseu.net\/en\/events\/comedia-as-tercas-17-jul-a-7-ago\/#breadcrumb\",\"itemListElement\":[{\"@type\":\"ListItem\",\"position\":1,\"name\":\"Events\",\"item\":\"https:\/\/www.forumviseu.net\/events\/\"},{\"@type\":\"ListItem\",\"position\":2,\"name\":\"COM\u00c9DIA \u00c0S TER\u00c7AS &#8211; 17 JUL a 7 AGO\"}]},{\"@type\":\"WebSite\",\"@id\":\"https:\/\/www.forumviseu.net\/#website\",\"url\":\"https:\/\/www.forumviseu.net\/\",\"name\":\"Forum Viseu\",\"description\":\"Ser Quem Sou\",\"publisher\":{\"@id\":\"https:\/\/www.forumviseu.net\/#organization\"},\"potentialAction\":[{\"@type\":\"SearchAction\",\"target\":{\"@type\":\"EntryPoint\",\"urlTemplate\":\"https:\/\/www.forumviseu.net\/?s={search_term_string}\"},\"query-input\":\"required name=search_term_string\"}],\"inLanguage\":\"en-US\"},{\"@type\":\"Organization\",\"@id\":\"https:\/\/www.forumviseu.net\/#organization\",\"name\":\"Forum Viseu\",\"url\":\"https:\/\/www.forumviseu.net\/\",\"logo\":{\"@type\":\"ImageObject\",\"inLanguage\":\"en-US\",\"@id\":\"https:\/\/www.forumviseu.net\/#\/schema\/logo\/image\/\",\"url\":\"https:\/\/www.forumviseu.net\/wp-content\/uploads\/sites\/15\/logo.png\",\"contentUrl\":\"https:\/\/www.forumviseu.net\/wp-content\/uploads\/sites\/15\/logo.png\",\"caption\":\"Forum Viseu\"},\"image\":{\"@id\":\"https:\/\/www.forumviseu.net\/#\/schema\/logo\/image\/\"}}]}<\/script>\n<!-- \/ Yoast SEO plugin. -->","yoast_head_json":{"title":"COM\u00c9DIA \u00c0S TER\u00c7AS - 17 JUL a 7 AGO - Forum Viseu","robots":{"index":"index","follow":"follow","max-snippet":"max-snippet:-1","max-image-preview":"max-image-preview:large","max-video-preview":"max-video-preview:-1"},"canonical":"https:\/\/www.forumviseu.net\/en\/events\/comedia-as-tercas-17-jul-a-7-ago\/","og_locale":"en_US","og_type":"article","og_title":"COM\u00c9DIA \u00c0S TER\u00c7AS - 17 JUL a 7 AGO - Forum Viseu","og_description":"De 17 de julho a 7 de agosto, \u00e0s ter\u00e7as-feiras, \u00e0s 21h, a Alameda Principal, no Piso 1,&nbsp;transforma-se numa aut\u00eantica sala de espet\u00e1culos para o primeiro festival de com\u00e9dia de Viseu e conta com 5 dos mais conhecidos humoristas\/entertainers nacionais: 17 julho \u2013 Francisco Menezes 24 julho \u2013 Herman Jos\u00e9 31 julho \u2013 Top Genious, [&hellip;]","og_url":"https:\/\/www.forumviseu.net\/en\/events\/comedia-as-tercas-17-jul-a-7-ago\/","og_site_name":"Forum Viseu","og_image":[{"width":722,"height":532,"url":"https:\/\/www.forumviseu.net\/wp-content\/uploads\/sites\/15\/events\/comediaastercas-17jula7ago.jpg","type":"image\/jpeg"}],"twitter_card":"summary_large_image","schema":{"@context":"https:\/\/schema.org","@graph":[{"@type":"WebPage","@id":"https:\/\/www.forumviseu.net\/en\/events\/comedia-as-tercas-17-jul-a-7-ago\/","url":"https:\/\/www.forumviseu.net\/en\/events\/comedia-as-tercas-17-jul-a-7-ago\/","name":"COM\u00c9DIA \u00c0S TER\u00c7AS - 17 JUL a 7 AGO - Forum Viseu","isPartOf":{"@id":"https:\/\/www.forumviseu.net\/#website"},"primaryImageOfPage":{"@id":"https:\/\/www.forumviseu.net\/en\/events\/comedia-as-tercas-17-jul-a-7-ago\/#primaryimage"},"image":{"@id":"https:\/\/www.forumviseu.net\/en\/events\/comedia-as-tercas-17-jul-a-7-ago\/#primaryimage"},"thumbnailUrl":"https:\/\/www.forumviseu.net\/wp-content\/uploads\/sites\/15\/events\/comediaastercas-17jula7ago.jpg","datePublished":"2018-07-11T01:01:01+00:00","dateModified":"2018-07-11T01:01:01+00:00","breadcrumb":{"@id":"https:\/\/www.forumviseu.net\/en\/events\/comedia-as-tercas-17-jul-a-7-ago\/#breadcrumb"},"inLanguage":"en-US","potentialAction":[{"@type":"ReadAction","target":["https:\/\/www.forumviseu.net\/en\/events\/comedia-as-tercas-17-jul-a-7-ago\/"]}]},{"@type":"ImageObject","inLanguage":"en-US","@id":"https:\/\/www.forumviseu.net\/en\/events\/comedia-as-tercas-17-jul-a-7-ago\/#primaryimage","url":"https:\/\/www.forumviseu.net\/wp-content\/uploads\/sites\/15\/events\/comediaastercas-17jula7ago.jpg","contentUrl":"https:\/\/www.forumviseu.net\/wp-content\/uploads\/sites\/15\/events\/comediaastercas-17jula7ago.jpg","width":722,"height":532},{"@type":"BreadcrumbList","@id":"https:\/\/www.forumviseu.net\/en\/events\/comedia-as-tercas-17-jul-a-7-ago\/#breadcrumb","itemListElement":[{"@type":"ListItem","position":1,"name":"Events","item":"https:\/\/www.forumviseu.net\/events\/"},{"@type":"ListItem","position":2,"name":"COM\u00c9DIA \u00c0S TER\u00c7AS &#8211; 17 JUL a 7 AGO"}]},{"@type":"WebSite","@id":"https:\/\/www.forumviseu.net\/#website","url":"https:\/\/www.forumviseu.net\/","name":"Forum Viseu","description":"Ser Quem Sou","publisher":{"@id":"https:\/\/www.forumviseu.net\/#organization"},"potentialAction":[{"@type":"SearchAction","target":{"@type":"EntryPoint","urlTemplate":"https:\/\/www.forumviseu.net\/?s={search_term_string}"},"query-input":"required name=search_term_string"}],"inLanguage":"en-US"},{"@type":"Organization","@id":"https:\/\/www.forumviseu.net\/#organization","name":"Forum Viseu","url":"https:\/\/www.forumviseu.net\/","logo":{"@type":"ImageObject","inLanguage":"en-US","@id":"https:\/\/www.forumviseu.net\/#\/schema\/logo\/image\/","url":"https:\/\/www.forumviseu.net\/wp-content\/uploads\/sites\/15\/logo.png","contentUrl":"https:\/\/www.forumviseu.net\/wp-content\/uploads\/sites\/15\/logo.png","caption":"Forum Viseu"},"image":{"@id":"https:\/\/www.forumviseu.net\/#\/schema\/logo\/image\/"}}]}},"_links":{"self":[{"href":"https:\/\/www.forumviseu.net\/en\/wp-json\/wp\/v2\/events\/1072","targetHints":{"allow":["GET"]}}],"collection":[{"href":"https:\/\/www.forumviseu.net\/en\/wp-json\/wp\/v2\/events"}],"about":[{"href":"https:\/\/www.forumviseu.net\/en\/wp-json\/wp\/v2\/types\/events"}],"wp:featuredmedia":[{"embeddable":true,"href":"https:\/\/www.forumviseu.net\/en\/wp-json\/wp\/v2\/media\/1004"}],"wp:attachment":[{"href":"https:\/\/www.forumviseu.net\/en\/wp-json\/wp\/v2\/media?parent=1072"}],"curies":[{"name":"wp","href":"https:\/\/api.w.org\/{rel}","templated":true}]}}

COMÉDIA ÀS TERÇAS &#8211; 17 JUL a 7 AGO

<p> 	De <strong>17 de julho a 7 de agosto</strong>, às <strong>terças-feiras, </strong>às<strong> 21h</strong>, a Alameda Principal, no Piso 1,&nbsp;transforma-se numa autêntica sala de espetáculos para o primeiro festival de comédia de Viseu e conta com 5 dos mais conhecidos humoristas/entertainers nacionais:</p>
<p> 	<strong>17 julho – Francisco Menezes </strong></p>
<p> 	<strong>24 julho – Herman José </strong></p>
<p> 	<strong>31 julho – Top Genious, com Nuno Markl e Vasco Palmeirim </strong></p>
<p> 	<strong>7 agosto – Eduardo Madeira </strong></p>
<p> 	&nbsp;</p>
<p> 	<strong>FORUM VISEU. ENCONTRAMO-NOS AQUI.</strong></p>

<!-- This site is optimized with the Yoast SEO plugin v22.2 - https://yoast.com/wordpress/plugins/seo/ -->
<title>COMÉDIA ÀS TERÇAS - 17 JUL a 7 AGO - Forum Viseu</title>
<meta name="robots" content="index, follow, max-snippet:-1, max-image-preview:large, max-video-preview:-1" />
<link rel="canonical" href="https://www.forumviseu.net/en/events/comedia-as-tercas-17-jul-a-7-ago/" />
<meta property="og:locale" content="en_US" />
<meta property="og:type" content="article" />
<meta property="og:title" content="COMÉDIA ÀS TERÇAS - 17 JUL a 7 AGO - Forum Viseu" />
<meta property="og:description" content="De 17 de julho a 7 de agosto, às terças-feiras, às 21h, a Alameda Principal, no Piso 1,&nbsp;transforma-se numa autêntica sala de espetáculos para o primeiro festival de comédia de Viseu e conta com 5 dos mais conhecidos humoristas/entertainers nacionais: 17 julho – Francisco Menezes 24 julho – Herman José 31 julho – Top Genious, [&hellip;]" />
<meta property="og:url" content="https://www.forumviseu.net/en/events/comedia-as-tercas-17-jul-a-7-ago/" />
<meta property="og:site_name" content="Forum Viseu" />
<meta property="og:image" content="https://www.forumviseu.net/wp-content/uploads/sites/15/events/comediaastercas-17jula7ago.jpg" />
	<meta property="og:image:width" content="722" />
	<meta property="og:image:height" content="532" />
	<meta property="og:image:type" content="image/jpeg" />
<meta name="twitter:card" content="summary_large_image" />
<script type="application/ld+json" class="yoast-schema-graph">{"@context":"https://schema.org","@graph":[{"@type":"WebPage","@id":"https://www.forumviseu.net/en/events/comedia-as-tercas-17-jul-a-7-ago/","url":"https://www.forumviseu.net/en/events/comedia-as-tercas-17-jul-a-7-ago/","name":"COMÉDIA ÀS TERÇAS - 17 JUL a 7 AGO - Forum Viseu","isPartOf":{"@id":"https://www.forumviseu.net/#website"},"primaryImageOfPage":{"@id":"https://www.forumviseu.net/en/events/comedia-as-tercas-17-jul-a-7-ago/#primaryimage"},"image":{"@id":"https://www.forumviseu.net/en/events/comedia-as-tercas-17-jul-a-7-ago/#primaryimage"},"thumbnailUrl":"https://www.forumviseu.net/wp-content/uploads/sites/15/events/comediaastercas-17jula7ago.jpg","datePublished":"2018-07-11T01:01:01+00:00","dateModified":"2018-07-11T01:01:01+00:00","breadcrumb":{"@id":"https://www.forumviseu.net/en/events/comedia-as-tercas-17-jul-a-7-ago/#breadcrumb"},"inLanguage":"en-US","potentialAction":[{"@type":"ReadAction","target":["https://www.forumviseu.net/en/events/comedia-as-tercas-17-jul-a-7-ago/"]}]},{"@type":"ImageObject","inLanguage":"en-US","@id":"https://www.forumviseu.net/en/events/comedia-as-tercas-17-jul-a-7-ago/#primaryimage","url":"https://www.forumviseu.net/wp-content/uploads/sites/15/events/comediaastercas-17jula7ago.jpg","contentUrl":"https://www.forumviseu.net/wp-content/uploads/sites/15/events/comediaastercas-17jula7ago.jpg","width":722,"height":532},{"@type":"BreadcrumbList","@id":"https://www.forumviseu.net/en/events/comedia-as-tercas-17-jul-a-7-ago/#breadcrumb","itemListElement":[{"@type":"ListItem","position":1,"name":"Events","item":"https://www.forumviseu.net/events/"},{"@type":"ListItem","position":2,"name":"COMÉDIA ÀS TERÇAS &#8211; 17 JUL a 7 AGO"}]},{"@type":"WebSite","@id":"https://www.forumviseu.net/#website","url":"https://www.forumviseu.net/","name":"Forum Viseu","description":"Ser Quem Sou","publisher":{"@id":"https://www.forumviseu.net/#organization"},"potentialAction":[{"@type":"SearchAction","target":{"@type":"EntryPoint","urlTemplate":"https://www.forumviseu.net/?s={search_term_string}"},"query-input":"required name=search_term_string"}],"inLanguage":"en-US"},{"@type":"Organization","@id":"https://www.forumviseu.net/#organization","name":"Forum Viseu","url":"https://www.forumviseu.net/","logo":{"@type":"ImageObject","inLanguage":"en-US","@id":"https://www.forumviseu.net/#/schema/logo/image/","url":"https://www.forumviseu.net/wp-content/uploads/sites/15/logo.png","contentUrl":"https://www.forumviseu.net/wp-content/uploads/sites/15/logo.png","caption":"Forum Viseu"},"image":{"@id":"https://www.forumviseu.net/#/schema/logo/image/"}}]}</script>
<!-- / Yoast SEO plugin. -->

COMÉDIA ÀS TERÇAS - 17 JUL a 7 AGO - Forum Viseu

De 17 de julho a 7 de agosto, às terças-feiras, às 21h, a Alameda Principal, no Piso 1,&nbsp;transforma-se numa autêntica sala de espetáculos para o primeiro festival de comédia de Viseu e conta com 5 dos mais conhecidos humoristas/entertainers nacionais: 17 julho – Francisco Menezes 24 julho – Herman José 31 julho – Top Genious, [&hellip;]
