{"id":1073,"date":"2018-08-31T01:01:01","date_gmt":"2018-08-31T01:01:01","guid":{"rendered":"https:\/\/www.forumviseu.net\/events\/barbie-cinema-e-moda-8-a-23-de-setembro\/"},"modified":"2018-08-31T01:01:01","modified_gmt":"2018-08-31T01:01:01","slug":"barbie-cinema-e-moda-8-a-23-de-setembro","status":"publish","type":"events","link":"https:\/\/www.forumviseu.net\/en\/events\/barbie-cinema-e-moda-8-a-23-de-setembro\/","title":{"rendered":"BARBIE &#8211; CINEMA E MODA | 8 A 23 DE SETEMBRO"},"content":{"rendered":"<p> \tDe <strong>8 a 23 de setembro<\/strong>, o&nbsp;Forum Viseu recebe uma exposi\u00e7\u00e3o \u00fanica da consagrada <strong>boneca Barbie<\/strong>.<\/p>\n<p> \t<strong>BARBIE \u2013 CINEMA E MODA<\/strong>, \u00e9 uma exposi\u00e7\u00e3o <strong>gratuita<\/strong>, que estar\u00e1, pela primeira vez, em Portugal. Trata-se de uma sele\u00e7\u00e3o composta por mais de 150 Barbies de cole\u00e7\u00e3o voltada para o mundo do cinema e da moda, combinando tamb\u00e9m cultura, hist\u00f3ria e divers\u00e3o. Todos os exemplares apresentados pertencem a edi\u00e7\u00f5es limitadas, em alguns casos de 25.000 exemplares e em outros apenas 999 em todo o mundo.<\/p>\n<p> \t<strong>FORUM VISEU. ENCONTRAMO-NOS AQUI.<\/strong><\/p>\n","protected":false},"featured_media":1008,"template":"","class_list":["post-1073","events","type-events","status-publish","has-post-thumbnail","hentry"],"yoast_head":"<!-- This site is optimized with the Yoast SEO plugin v22.2 - https:\/\/yoast.com\/wordpress\/plugins\/seo\/ -->\n<title>BARBIE - CINEMA E MODA | 8 A 23 DE SETEMBRO - Forum Viseu<\/title>\n<meta name=\"robots\" content=\"index, follow, max-snippet:-1, max-image-preview:large, max-video-preview:-1\" \/>\n<link rel=\"canonical\" href=\"https:\/\/www.forumviseu.net\/en\/events\/barbie-cinema-e-moda-8-a-23-de-setembro\/\" \/>\n<meta property=\"og:locale\" content=\"en_US\" \/>\n<meta property=\"og:type\" content=\"article\" \/>\n<meta property=\"og:title\" content=\"BARBIE - CINEMA E MODA | 8 A 23 DE SETEMBRO - Forum Viseu\" \/>\n<meta property=\"og:description\" content=\"De 8 a 23 de setembro, o&nbsp;Forum Viseu recebe uma exposi\u00e7\u00e3o \u00fanica da consagrada boneca Barbie. BARBIE \u2013 CINEMA E MODA, \u00e9 uma exposi\u00e7\u00e3o gratuita, que estar\u00e1, pela primeira vez, em Portugal. Trata-se de uma sele\u00e7\u00e3o composta por mais de 150 Barbies de cole\u00e7\u00e3o voltada para o mundo do cinema e da moda, combinando tamb\u00e9m [&hellip;]\" \/>\n<meta property=\"og:url\" content=\"https:\/\/www.forumviseu.net\/en\/events\/barbie-cinema-e-moda-8-a-23-de-setembro\/\" \/>\n<meta property=\"og:site_name\" content=\"Forum Viseu\" \/>\n<meta property=\"og:image\" content=\"https:\/\/www.forumviseu.net\/wp-content\/uploads\/sites\/15\/events\/barbie-cinemaemoda_8a23desetembro.jpg\" \/>\n\t<meta property=\"og:image:width\" content=\"960\" \/>\n\t<meta property=\"og:image:height\" content=\"360\" \/>\n\t<meta property=\"og:image:type\" content=\"image\/jpeg\" \/>\n<meta name=\"twitter:card\" content=\"summary_large_image\" \/>\n<script type=\"application\/ld+json\" class=\"yoast-schema-graph\">{\"@context\":\"https:\/\/schema.org\",\"@graph\":[{\"@type\":\"WebPage\",\"@id\":\"https:\/\/www.forumviseu.net\/en\/events\/barbie-cinema-e-moda-8-a-23-de-setembro\/\",\"url\":\"https:\/\/www.forumviseu.net\/en\/events\/barbie-cinema-e-moda-8-a-23-de-setembro\/\",\"name\":\"BARBIE - CINEMA E MODA | 8 A 23 DE SETEMBRO - Forum Viseu\",\"isPartOf\":{\"@id\":\"https:\/\/www.forumviseu.net\/#website\"},\"primaryImageOfPage\":{\"@id\":\"https:\/\/www.forumviseu.net\/en\/events\/barbie-cinema-e-moda-8-a-23-de-setembro\/#primaryimage\"},\"image\":{\"@id\":\"https:\/\/www.forumviseu.net\/en\/events\/barbie-cinema-e-moda-8-a-23-de-setembro\/#primaryimage\"},\"thumbnailUrl\":\"https:\/\/www.forumviseu.net\/wp-content\/uploads\/sites\/15\/events\/barbie-cinemaemoda_8a23desetembro.jpg\",\"datePublished\":\"2018-08-31T01:01:01+00:00\",\"dateModified\":\"2018-08-31T01:01:01+00:00\",\"breadcrumb\":{\"@id\":\"https:\/\/www.forumviseu.net\/en\/events\/barbie-cinema-e-moda-8-a-23-de-setembro\/#breadcrumb\"},\"inLanguage\":\"en-US\",\"potentialAction\":[{\"@type\":\"ReadAction\",\"target\":[\"https:\/\/www.forumviseu.net\/en\/events\/barbie-cinema-e-moda-8-a-23-de-setembro\/\"]}]},{\"@type\":\"ImageObject\",\"inLanguage\":\"en-US\",\"@id\":\"https:\/\/www.forumviseu.net\/en\/events\/barbie-cinema-e-moda-8-a-23-de-setembro\/#primaryimage\",\"url\":\"https:\/\/www.forumviseu.net\/wp-content\/uploads\/sites\/15\/events\/barbie-cinemaemoda_8a23desetembro.jpg\",\"contentUrl\":\"https:\/\/www.forumviseu.net\/wp-content\/uploads\/sites\/15\/events\/barbie-cinemaemoda_8a23desetembro.jpg\",\"width\":960,\"height\":360},{\"@type\":\"BreadcrumbList\",\"@id\":\"https:\/\/www.forumviseu.net\/en\/events\/barbie-cinema-e-moda-8-a-23-de-setembro\/#breadcrumb\",\"itemListElement\":[{\"@type\":\"ListItem\",\"position\":1,\"name\":\"Events\",\"item\":\"https:\/\/www.forumviseu.net\/events\/\"},{\"@type\":\"ListItem\",\"position\":2,\"name\":\"BARBIE &#8211; CINEMA E MODA | 8 A 23 DE SETEMBRO\"}]},{\"@type\":\"WebSite\",\"@id\":\"https:\/\/www.forumviseu.net\/#website\",\"url\":\"https:\/\/www.forumviseu.net\/\",\"name\":\"Forum Viseu\",\"description\":\"Ser Quem Sou\",\"publisher\":{\"@id\":\"https:\/\/www.forumviseu.net\/#organization\"},\"potentialAction\":[{\"@type\":\"SearchAction\",\"target\":{\"@type\":\"EntryPoint\",\"urlTemplate\":\"https:\/\/www.forumviseu.net\/?s={search_term_string}\"},\"query-input\":\"required name=search_term_string\"}],\"inLanguage\":\"en-US\"},{\"@type\":\"Organization\",\"@id\":\"https:\/\/www.forumviseu.net\/#organization\",\"name\":\"Forum Viseu\",\"url\":\"https:\/\/www.forumviseu.net\/\",\"logo\":{\"@type\":\"ImageObject\",\"inLanguage\":\"en-US\",\"@id\":\"https:\/\/www.forumviseu.net\/#\/schema\/logo\/image\/\",\"url\":\"https:\/\/www.forumviseu.net\/wp-content\/uploads\/sites\/15\/logo.png\",\"contentUrl\":\"https:\/\/www.forumviseu.net\/wp-content\/uploads\/sites\/15\/logo.png\",\"caption\":\"Forum Viseu\"},\"image\":{\"@id\":\"https:\/\/www.forumviseu.net\/#\/schema\/logo\/image\/\"}}]}<\/script>\n<!-- \/ Yoast SEO plugin. -->","yoast_head_json":{"title":"BARBIE - CINEMA E MODA | 8 A 23 DE SETEMBRO - Forum Viseu","robots":{"index":"index","follow":"follow","max-snippet":"max-snippet:-1","max-image-preview":"max-image-preview:large","max-video-preview":"max-video-preview:-1"},"canonical":"https:\/\/www.forumviseu.net\/en\/events\/barbie-cinema-e-moda-8-a-23-de-setembro\/","og_locale":"en_US","og_type":"article","og_title":"BARBIE - CINEMA E MODA | 8 A 23 DE SETEMBRO - Forum Viseu","og_description":"De 8 a 23 de setembro, o&nbsp;Forum Viseu recebe uma exposi\u00e7\u00e3o \u00fanica da consagrada boneca Barbie. BARBIE \u2013 CINEMA E MODA, \u00e9 uma exposi\u00e7\u00e3o gratuita, que estar\u00e1, pela primeira vez, em Portugal. Trata-se de uma sele\u00e7\u00e3o composta por mais de 150 Barbies de cole\u00e7\u00e3o voltada para o mundo do cinema e da moda, combinando tamb\u00e9m [&hellip;]","og_url":"https:\/\/www.forumviseu.net\/en\/events\/barbie-cinema-e-moda-8-a-23-de-setembro\/","og_site_name":"Forum Viseu","og_image":[{"width":960,"height":360,"url":"https:\/\/www.forumviseu.net\/wp-content\/uploads\/sites\/15\/events\/barbie-cinemaemoda_8a23desetembro.jpg","type":"image\/jpeg"}],"twitter_card":"summary_large_image","schema":{"@context":"https:\/\/schema.org","@graph":[{"@type":"WebPage","@id":"https:\/\/www.forumviseu.net\/en\/events\/barbie-cinema-e-moda-8-a-23-de-setembro\/","url":"https:\/\/www.forumviseu.net\/en\/events\/barbie-cinema-e-moda-8-a-23-de-setembro\/","name":"BARBIE - CINEMA E MODA | 8 A 23 DE SETEMBRO - Forum Viseu","isPartOf":{"@id":"https:\/\/www.forumviseu.net\/#website"},"primaryImageOfPage":{"@id":"https:\/\/www.forumviseu.net\/en\/events\/barbie-cinema-e-moda-8-a-23-de-setembro\/#primaryimage"},"image":{"@id":"https:\/\/www.forumviseu.net\/en\/events\/barbie-cinema-e-moda-8-a-23-de-setembro\/#primaryimage"},"thumbnailUrl":"https:\/\/www.forumviseu.net\/wp-content\/uploads\/sites\/15\/events\/barbie-cinemaemoda_8a23desetembro.jpg","datePublished":"2018-08-31T01:01:01+00:00","dateModified":"2018-08-31T01:01:01+00:00","breadcrumb":{"@id":"https:\/\/www.forumviseu.net\/en\/events\/barbie-cinema-e-moda-8-a-23-de-setembro\/#breadcrumb"},"inLanguage":"en-US","potentialAction":[{"@type":"ReadAction","target":["https:\/\/www.forumviseu.net\/en\/events\/barbie-cinema-e-moda-8-a-23-de-setembro\/"]}]},{"@type":"ImageObject","inLanguage":"en-US","@id":"https:\/\/www.forumviseu.net\/en\/events\/barbie-cinema-e-moda-8-a-23-de-setembro\/#primaryimage","url":"https:\/\/www.forumviseu.net\/wp-content\/uploads\/sites\/15\/events\/barbie-cinemaemoda_8a23desetembro.jpg","contentUrl":"https:\/\/www.forumviseu.net\/wp-content\/uploads\/sites\/15\/events\/barbie-cinemaemoda_8a23desetembro.jpg","width":960,"height":360},{"@type":"BreadcrumbList","@id":"https:\/\/www.forumviseu.net\/en\/events\/barbie-cinema-e-moda-8-a-23-de-setembro\/#breadcrumb","itemListElement":[{"@type":"ListItem","position":1,"name":"Events","item":"https:\/\/www.forumviseu.net\/events\/"},{"@type":"ListItem","position":2,"name":"BARBIE &#8211; CINEMA E MODA | 8 A 23 DE SETEMBRO"}]},{"@type":"WebSite","@id":"https:\/\/www.forumviseu.net\/#website","url":"https:\/\/www.forumviseu.net\/","name":"Forum Viseu","description":"Ser Quem Sou","publisher":{"@id":"https:\/\/www.forumviseu.net\/#organization"},"potentialAction":[{"@type":"SearchAction","target":{"@type":"EntryPoint","urlTemplate":"https:\/\/www.forumviseu.net\/?s={search_term_string}"},"query-input":"required name=search_term_string"}],"inLanguage":"en-US"},{"@type":"Organization","@id":"https:\/\/www.forumviseu.net\/#organization","name":"Forum Viseu","url":"https:\/\/www.forumviseu.net\/","logo":{"@type":"ImageObject","inLanguage":"en-US","@id":"https:\/\/www.forumviseu.net\/#\/schema\/logo\/image\/","url":"https:\/\/www.forumviseu.net\/wp-content\/uploads\/sites\/15\/logo.png","contentUrl":"https:\/\/www.forumviseu.net\/wp-content\/uploads\/sites\/15\/logo.png","caption":"Forum Viseu"},"image":{"@id":"https:\/\/www.forumviseu.net\/#\/schema\/logo\/image\/"}}]}},"_links":{"self":[{"href":"https:\/\/www.forumviseu.net\/en\/wp-json\/wp\/v2\/events\/1073","targetHints":{"allow":["GET"]}}],"collection":[{"href":"https:\/\/www.forumviseu.net\/en\/wp-json\/wp\/v2\/events"}],"about":[{"href":"https:\/\/www.forumviseu.net\/en\/wp-json\/wp\/v2\/types\/events"}],"wp:featuredmedia":[{"embeddable":true,"href":"https:\/\/www.forumviseu.net\/en\/wp-json\/wp\/v2\/media\/1008"}],"wp:attachment":[{"href":"https:\/\/www.forumviseu.net\/en\/wp-json\/wp\/v2\/media?parent=1073"}],"curies":[{"name":"wp","href":"https:\/\/api.w.org\/{rel}","templated":true}]}}

<p> 	De <strong>8 a 23 de setembro</strong>, o&nbsp;Forum Viseu recebe uma exposição única da consagrada <strong>boneca Barbie</strong>.</p>
<p> 	<strong>BARBIE – CINEMA E MODA</strong>, é uma exposição <strong>gratuita</strong>, que estará, pela primeira vez, em Portugal. Trata-se de uma seleção composta por mais de 150 Barbies de coleção voltada para o mundo do cinema e da moda, combinando também cultura, história e diversão. Todos os exemplares apresentados pertencem a edições limitadas, em alguns casos de 25.000 exemplares e em outros apenas 999 em todo o mundo.</p>
<p> 	<strong>FORUM VISEU. ENCONTRAMO-NOS AQUI.</strong></p>

<!-- This site is optimized with the Yoast SEO plugin v22.2 - https://yoast.com/wordpress/plugins/seo/ -->
<title>BARBIE - CINEMA E MODA | 8 A 23 DE SETEMBRO - Forum Viseu</title>
<meta name="robots" content="index, follow, max-snippet:-1, max-image-preview:large, max-video-preview:-1" />
<link rel="canonical" href="https://www.forumviseu.net/en/events/barbie-cinema-e-moda-8-a-23-de-setembro/" />
<meta property="og:locale" content="en_US" />
<meta property="og:type" content="article" />
<meta property="og:title" content="BARBIE - CINEMA E MODA | 8 A 23 DE SETEMBRO - Forum Viseu" />
<meta property="og:description" content="De 8 a 23 de setembro, o&nbsp;Forum Viseu recebe uma exposição única da consagrada boneca Barbie. BARBIE – CINEMA E MODA, é uma exposição gratuita, que estará, pela primeira vez, em Portugal. Trata-se de uma seleção composta por mais de 150 Barbies de coleção voltada para o mundo do cinema e da moda, combinando também [&hellip;]" />
<meta property="og:url" content="https://www.forumviseu.net/en/events/barbie-cinema-e-moda-8-a-23-de-setembro/" />
<meta property="og:site_name" content="Forum Viseu" />
<meta property="og:image" content="https://www.forumviseu.net/wp-content/uploads/sites/15/events/barbie-cinemaemoda_8a23desetembro.jpg" />
	<meta property="og:image:width" content="960" />
	<meta property="og:image:height" content="360" />
	<meta property="og:image:type" content="image/jpeg" />
<meta name="twitter:card" content="summary_large_image" />
<script type="application/ld+json" class="yoast-schema-graph">{"@context":"https://schema.org","@graph":[{"@type":"WebPage","@id":"https://www.forumviseu.net/en/events/barbie-cinema-e-moda-8-a-23-de-setembro/","url":"https://www.forumviseu.net/en/events/barbie-cinema-e-moda-8-a-23-de-setembro/","name":"BARBIE - CINEMA E MODA | 8 A 23 DE SETEMBRO - Forum Viseu","isPartOf":{"@id":"https://www.forumviseu.net/#website"},"primaryImageOfPage":{"@id":"https://www.forumviseu.net/en/events/barbie-cinema-e-moda-8-a-23-de-setembro/#primaryimage"},"image":{"@id":"https://www.forumviseu.net/en/events/barbie-cinema-e-moda-8-a-23-de-setembro/#primaryimage"},"thumbnailUrl":"https://www.forumviseu.net/wp-content/uploads/sites/15/events/barbie-cinemaemoda_8a23desetembro.jpg","datePublished":"2018-08-31T01:01:01+00:00","dateModified":"2018-08-31T01:01:01+00:00","breadcrumb":{"@id":"https://www.forumviseu.net/en/events/barbie-cinema-e-moda-8-a-23-de-setembro/#breadcrumb"},"inLanguage":"en-US","potentialAction":[{"@type":"ReadAction","target":["https://www.forumviseu.net/en/events/barbie-cinema-e-moda-8-a-23-de-setembro/"]}]},{"@type":"ImageObject","inLanguage":"en-US","@id":"https://www.forumviseu.net/en/events/barbie-cinema-e-moda-8-a-23-de-setembro/#primaryimage","url":"https://www.forumviseu.net/wp-content/uploads/sites/15/events/barbie-cinemaemoda_8a23desetembro.jpg","contentUrl":"https://www.forumviseu.net/wp-content/uploads/sites/15/events/barbie-cinemaemoda_8a23desetembro.jpg","width":960,"height":360},{"@type":"BreadcrumbList","@id":"https://www.forumviseu.net/en/events/barbie-cinema-e-moda-8-a-23-de-setembro/#breadcrumb","itemListElement":[{"@type":"ListItem","position":1,"name":"Events","item":"https://www.forumviseu.net/events/"},{"@type":"ListItem","position":2,"name":"BARBIE &#8211; CINEMA E MODA | 8 A 23 DE SETEMBRO"}]},{"@type":"WebSite","@id":"https://www.forumviseu.net/#website","url":"https://www.forumviseu.net/","name":"Forum Viseu","description":"Ser Quem Sou","publisher":{"@id":"https://www.forumviseu.net/#organization"},"potentialAction":[{"@type":"SearchAction","target":{"@type":"EntryPoint","urlTemplate":"https://www.forumviseu.net/?s={search_term_string}"},"query-input":"required name=search_term_string"}],"inLanguage":"en-US"},{"@type":"Organization","@id":"https://www.forumviseu.net/#organization","name":"Forum Viseu","url":"https://www.forumviseu.net/","logo":{"@type":"ImageObject","inLanguage":"en-US","@id":"https://www.forumviseu.net/#/schema/logo/image/","url":"https://www.forumviseu.net/wp-content/uploads/sites/15/logo.png","contentUrl":"https://www.forumviseu.net/wp-content/uploads/sites/15/logo.png","caption":"Forum Viseu"},"image":{"@id":"https://www.forumviseu.net/#/schema/logo/image/"}}]}</script>
<!-- / Yoast SEO plugin. -->

De 8 a 23 de setembro, o&nbsp;Forum Viseu recebe uma exposição única da consagrada boneca Barbie. BARBIE – CINEMA E MODA, é uma exposição gratuita, que estará, pela primeira vez, em Portugal. Trata-se de uma seleção composta por mais de 150 Barbies de coleção voltada para o mundo do cinema e da moda, combinando também [&hellip;]
