{"id":1074,"date":"2019-04-01T01:01:01","date_gmt":"2019-04-01T01:01:01","guid":{"rendered":"https:\/\/www.forumviseu.net\/events\/todos-os-caminhos-vao-dar-ao-forum-viseu\/"},"modified":"2019-04-01T01:01:01","modified_gmt":"2019-04-01T01:01:01","slug":"todos-os-caminhos-vao-dar-ao-forum-viseu","status":"publish","type":"events","link":"https:\/\/www.forumviseu.net\/en\/events\/todos-os-caminhos-vao-dar-ao-forum-viseu\/","title":{"rendered":"TODOS OS CAMINHOS V\u00c3O DAR AO FORUM VISEU."},"content":{"rendered":"<p> \t<strong>EXPERI\u00caNCIAS e EXPOSI\u00c7\u00c3O RADIOMODELISMO.<\/strong><\/p>\n<p> \t<strong>6 &#8211; 21 ABRIL<\/strong><\/p>\n<p> \tO mundo do radiomodelismo chegada ao Forum Viseu para uma P\u00e1scoa muito especial.<\/p>\n<p> \tCom \u00e1reas de expois\u00e7\u00e3o e de teste, vamos ter barcos, avi\u00f5es, carros e claro, super drones topo de gama.<\/p>\n<p> \t<strong>Exper\u00eancias | 6 a 20 de abril:<\/strong><\/p>\n<ul>\n<li> \t\t<strong>2\u00aa a 6\u00aa feira das 10h \u00e0s 12h e das 14h \u00e0s 19h<\/strong><\/li>\n<li> \t\t<strong>S\u00e1bados, domingos e feriado das 10h \u00e0s 13h e das 14h \u00e0s 19h<\/strong><\/li>\n<\/ul>\n<p> \tDe <strong>7 a 12 de abril<\/strong>, nos hor\u00e1rios das experi\u00eancias, vamos ter a presen\u00e7a di\u00e1ria do <strong>campe\u00e3o nacional de aeromodeismo<\/strong>, <strong>Pedro Precioso<\/strong>, com demonstra\u00e7\u00f5es da modalidade.<\/p>\n<p> \t<strong>FORUM VISEU. ENCONTRAMO-NOS AQUI.<\/strong><\/p>\n","protected":false},"featured_media":1012,"template":"","class_list":["post-1074","events","type-events","status-publish","has-post-thumbnail","hentry"],"yoast_head":"<!-- This site is optimized with the Yoast SEO plugin v22.2 - https:\/\/yoast.com\/wordpress\/plugins\/seo\/ -->\n<title>TODOS OS CAMINHOS V\u00c3O DAR AO FORUM VISEU. - Forum Viseu<\/title>\n<meta name=\"robots\" content=\"index, follow, max-snippet:-1, max-image-preview:large, max-video-preview:-1\" \/>\n<link rel=\"canonical\" href=\"https:\/\/www.forumviseu.net\/en\/events\/todos-os-caminhos-vao-dar-ao-forum-viseu\/\" \/>\n<meta property=\"og:locale\" content=\"en_US\" \/>\n<meta property=\"og:type\" content=\"article\" \/>\n<meta property=\"og:title\" content=\"TODOS OS CAMINHOS V\u00c3O DAR AO FORUM VISEU. - Forum Viseu\" \/>\n<meta property=\"og:description\" content=\"EXPERI\u00caNCIAS e EXPOSI\u00c7\u00c3O RADIOMODELISMO. 6 &#8211; 21 ABRIL O mundo do radiomodelismo chegada ao Forum Viseu para uma P\u00e1scoa muito especial. Com \u00e1reas de expois\u00e7\u00e3o e de teste, vamos ter barcos, avi\u00f5es, carros e claro, super drones topo de gama. Exper\u00eancias | 6 a 20 de abril: 2\u00aa a 6\u00aa feira das 10h \u00e0s 12h [&hellip;]\" \/>\n<meta property=\"og:url\" content=\"https:\/\/www.forumviseu.net\/en\/events\/todos-os-caminhos-vao-dar-ao-forum-viseu\/\" \/>\n<meta property=\"og:site_name\" content=\"Forum Viseu\" \/>\n<meta property=\"og:image\" content=\"https:\/\/www.forumviseu.net\/wp-content\/uploads\/sites\/15\/events\/todososcaminhosvaodaraoforumviseu..jpg\" \/>\n\t<meta property=\"og:image:width\" content=\"923\" \/>\n\t<meta property=\"og:image:height\" content=\"554\" \/>\n\t<meta property=\"og:image:type\" content=\"image\/jpeg\" \/>\n<meta name=\"twitter:card\" content=\"summary_large_image\" \/>\n<meta name=\"twitter:label1\" content=\"Est. reading time\" \/>\n\t<meta name=\"twitter:data1\" content=\"1 minute\" \/>\n<script type=\"application\/ld+json\" class=\"yoast-schema-graph\">{\"@context\":\"https:\/\/schema.org\",\"@graph\":[{\"@type\":\"WebPage\",\"@id\":\"https:\/\/www.forumviseu.net\/en\/events\/todos-os-caminhos-vao-dar-ao-forum-viseu\/\",\"url\":\"https:\/\/www.forumviseu.net\/en\/events\/todos-os-caminhos-vao-dar-ao-forum-viseu\/\",\"name\":\"TODOS OS CAMINHOS V\u00c3O DAR AO FORUM VISEU. - Forum Viseu\",\"isPartOf\":{\"@id\":\"https:\/\/www.forumviseu.net\/#website\"},\"primaryImageOfPage\":{\"@id\":\"https:\/\/www.forumviseu.net\/en\/events\/todos-os-caminhos-vao-dar-ao-forum-viseu\/#primaryimage\"},\"image\":{\"@id\":\"https:\/\/www.forumviseu.net\/en\/events\/todos-os-caminhos-vao-dar-ao-forum-viseu\/#primaryimage\"},\"thumbnailUrl\":\"https:\/\/www.forumviseu.net\/wp-content\/uploads\/sites\/15\/events\/todososcaminhosvaodaraoforumviseu..jpg\",\"datePublished\":\"2019-04-01T01:01:01+00:00\",\"dateModified\":\"2019-04-01T01:01:01+00:00\",\"breadcrumb\":{\"@id\":\"https:\/\/www.forumviseu.net\/en\/events\/todos-os-caminhos-vao-dar-ao-forum-viseu\/#breadcrumb\"},\"inLanguage\":\"en-US\",\"potentialAction\":[{\"@type\":\"ReadAction\",\"target\":[\"https:\/\/www.forumviseu.net\/en\/events\/todos-os-caminhos-vao-dar-ao-forum-viseu\/\"]}]},{\"@type\":\"ImageObject\",\"inLanguage\":\"en-US\",\"@id\":\"https:\/\/www.forumviseu.net\/en\/events\/todos-os-caminhos-vao-dar-ao-forum-viseu\/#primaryimage\",\"url\":\"https:\/\/www.forumviseu.net\/wp-content\/uploads\/sites\/15\/events\/todososcaminhosvaodaraoforumviseu..jpg\",\"contentUrl\":\"https:\/\/www.forumviseu.net\/wp-content\/uploads\/sites\/15\/events\/todososcaminhosvaodaraoforumviseu..jpg\",\"width\":923,\"height\":554},{\"@type\":\"BreadcrumbList\",\"@id\":\"https:\/\/www.forumviseu.net\/en\/events\/todos-os-caminhos-vao-dar-ao-forum-viseu\/#breadcrumb\",\"itemListElement\":[{\"@type\":\"ListItem\",\"position\":1,\"name\":\"Events\",\"item\":\"https:\/\/www.forumviseu.net\/events\/\"},{\"@type\":\"ListItem\",\"position\":2,\"name\":\"TODOS OS CAMINHOS V\u00c3O DAR AO FORUM VISEU.\"}]},{\"@type\":\"WebSite\",\"@id\":\"https:\/\/www.forumviseu.net\/#website\",\"url\":\"https:\/\/www.forumviseu.net\/\",\"name\":\"Forum Viseu\",\"description\":\"Ser Quem Sou\",\"publisher\":{\"@id\":\"https:\/\/www.forumviseu.net\/#organization\"},\"potentialAction\":[{\"@type\":\"SearchAction\",\"target\":{\"@type\":\"EntryPoint\",\"urlTemplate\":\"https:\/\/www.forumviseu.net\/?s={search_term_string}\"},\"query-input\":\"required name=search_term_string\"}],\"inLanguage\":\"en-US\"},{\"@type\":\"Organization\",\"@id\":\"https:\/\/www.forumviseu.net\/#organization\",\"name\":\"Forum Viseu\",\"url\":\"https:\/\/www.forumviseu.net\/\",\"logo\":{\"@type\":\"ImageObject\",\"inLanguage\":\"en-US\",\"@id\":\"https:\/\/www.forumviseu.net\/#\/schema\/logo\/image\/\",\"url\":\"https:\/\/www.forumviseu.net\/wp-content\/uploads\/sites\/15\/logo.png\",\"contentUrl\":\"https:\/\/www.forumviseu.net\/wp-content\/uploads\/sites\/15\/logo.png\",\"caption\":\"Forum Viseu\"},\"image\":{\"@id\":\"https:\/\/www.forumviseu.net\/#\/schema\/logo\/image\/\"}}]}<\/script>\n<!-- \/ Yoast SEO plugin. -->","yoast_head_json":{"title":"TODOS OS CAMINHOS V\u00c3O DAR AO FORUM VISEU. - Forum Viseu","robots":{"index":"index","follow":"follow","max-snippet":"max-snippet:-1","max-image-preview":"max-image-preview:large","max-video-preview":"max-video-preview:-1"},"canonical":"https:\/\/www.forumviseu.net\/en\/events\/todos-os-caminhos-vao-dar-ao-forum-viseu\/","og_locale":"en_US","og_type":"article","og_title":"TODOS OS CAMINHOS V\u00c3O DAR AO FORUM VISEU. - Forum Viseu","og_description":"EXPERI\u00caNCIAS e EXPOSI\u00c7\u00c3O RADIOMODELISMO. 6 &#8211; 21 ABRIL O mundo do radiomodelismo chegada ao Forum Viseu para uma P\u00e1scoa muito especial. Com \u00e1reas de expois\u00e7\u00e3o e de teste, vamos ter barcos, avi\u00f5es, carros e claro, super drones topo de gama. Exper\u00eancias | 6 a 20 de abril: 2\u00aa a 6\u00aa feira das 10h \u00e0s 12h [&hellip;]","og_url":"https:\/\/www.forumviseu.net\/en\/events\/todos-os-caminhos-vao-dar-ao-forum-viseu\/","og_site_name":"Forum Viseu","og_image":[{"width":923,"height":554,"url":"https:\/\/www.forumviseu.net\/wp-content\/uploads\/sites\/15\/events\/todososcaminhosvaodaraoforumviseu..jpg","type":"image\/jpeg"}],"twitter_card":"summary_large_image","twitter_misc":{"Est. reading time":"1 minute"},"schema":{"@context":"https:\/\/schema.org","@graph":[{"@type":"WebPage","@id":"https:\/\/www.forumviseu.net\/en\/events\/todos-os-caminhos-vao-dar-ao-forum-viseu\/","url":"https:\/\/www.forumviseu.net\/en\/events\/todos-os-caminhos-vao-dar-ao-forum-viseu\/","name":"TODOS OS CAMINHOS V\u00c3O DAR AO FORUM VISEU. - Forum Viseu","isPartOf":{"@id":"https:\/\/www.forumviseu.net\/#website"},"primaryImageOfPage":{"@id":"https:\/\/www.forumviseu.net\/en\/events\/todos-os-caminhos-vao-dar-ao-forum-viseu\/#primaryimage"},"image":{"@id":"https:\/\/www.forumviseu.net\/en\/events\/todos-os-caminhos-vao-dar-ao-forum-viseu\/#primaryimage"},"thumbnailUrl":"https:\/\/www.forumviseu.net\/wp-content\/uploads\/sites\/15\/events\/todososcaminhosvaodaraoforumviseu..jpg","datePublished":"2019-04-01T01:01:01+00:00","dateModified":"2019-04-01T01:01:01+00:00","breadcrumb":{"@id":"https:\/\/www.forumviseu.net\/en\/events\/todos-os-caminhos-vao-dar-ao-forum-viseu\/#breadcrumb"},"inLanguage":"en-US","potentialAction":[{"@type":"ReadAction","target":["https:\/\/www.forumviseu.net\/en\/events\/todos-os-caminhos-vao-dar-ao-forum-viseu\/"]}]},{"@type":"ImageObject","inLanguage":"en-US","@id":"https:\/\/www.forumviseu.net\/en\/events\/todos-os-caminhos-vao-dar-ao-forum-viseu\/#primaryimage","url":"https:\/\/www.forumviseu.net\/wp-content\/uploads\/sites\/15\/events\/todososcaminhosvaodaraoforumviseu..jpg","contentUrl":"https:\/\/www.forumviseu.net\/wp-content\/uploads\/sites\/15\/events\/todososcaminhosvaodaraoforumviseu..jpg","width":923,"height":554},{"@type":"BreadcrumbList","@id":"https:\/\/www.forumviseu.net\/en\/events\/todos-os-caminhos-vao-dar-ao-forum-viseu\/#breadcrumb","itemListElement":[{"@type":"ListItem","position":1,"name":"Events","item":"https:\/\/www.forumviseu.net\/events\/"},{"@type":"ListItem","position":2,"name":"TODOS OS CAMINHOS V\u00c3O DAR AO FORUM VISEU."}]},{"@type":"WebSite","@id":"https:\/\/www.forumviseu.net\/#website","url":"https:\/\/www.forumviseu.net\/","name":"Forum Viseu","description":"Ser Quem Sou","publisher":{"@id":"https:\/\/www.forumviseu.net\/#organization"},"potentialAction":[{"@type":"SearchAction","target":{"@type":"EntryPoint","urlTemplate":"https:\/\/www.forumviseu.net\/?s={search_term_string}"},"query-input":"required name=search_term_string"}],"inLanguage":"en-US"},{"@type":"Organization","@id":"https:\/\/www.forumviseu.net\/#organization","name":"Forum Viseu","url":"https:\/\/www.forumviseu.net\/","logo":{"@type":"ImageObject","inLanguage":"en-US","@id":"https:\/\/www.forumviseu.net\/#\/schema\/logo\/image\/","url":"https:\/\/www.forumviseu.net\/wp-content\/uploads\/sites\/15\/logo.png","contentUrl":"https:\/\/www.forumviseu.net\/wp-content\/uploads\/sites\/15\/logo.png","caption":"Forum Viseu"},"image":{"@id":"https:\/\/www.forumviseu.net\/#\/schema\/logo\/image\/"}}]}},"_links":{"self":[{"href":"https:\/\/www.forumviseu.net\/en\/wp-json\/wp\/v2\/events\/1074","targetHints":{"allow":["GET"]}}],"collection":[{"href":"https:\/\/www.forumviseu.net\/en\/wp-json\/wp\/v2\/events"}],"about":[{"href":"https:\/\/www.forumviseu.net\/en\/wp-json\/wp\/v2\/types\/events"}],"wp:featuredmedia":[{"embeddable":true,"href":"https:\/\/www.forumviseu.net\/en\/wp-json\/wp\/v2\/media\/1012"}],"wp:attachment":[{"href":"https:\/\/www.forumviseu.net\/en\/wp-json\/wp\/v2\/media?parent=1074"}],"curies":[{"name":"wp","href":"https:\/\/api.w.org\/{rel}","templated":true}]}}

TODOS OS CAMINHOS VÃO DAR AO FORUM VISEU.

<p> 	<strong>EXPERIÊNCIAS e EXPOSIÇÃO RADIOMODELISMO.</strong></p>
<p> 	<strong>6 &#8211; 21 ABRIL</strong></p>
<p> 	O mundo do radiomodelismo chegada ao Forum Viseu para uma Páscoa muito especial.</p>
<p> 	Com áreas de expoisção e de teste, vamos ter barcos, aviões, carros e claro, super drones topo de gama.</p>
<p> 	<strong>Experências | 6 a 20 de abril:</strong></p>
<ul>
<li> 		<strong>2ª a 6ª feira das 10h às 12h e das 14h às 19h</strong></li>
<li> 		<strong>Sábados, domingos e feriado das 10h às 13h e das 14h às 19h</strong></li>
</ul>
<p> 	De <strong>7 a 12 de abril</strong>, nos horários das experiências, vamos ter a presença diária do <strong>campeão nacional de aeromodeismo</strong>, <strong>Pedro Precioso</strong>, com demonstrações da modalidade.</p>
<p> 	<strong>FORUM VISEU. ENCONTRAMO-NOS AQUI.</strong></p>

<!-- This site is optimized with the Yoast SEO plugin v22.2 - https://yoast.com/wordpress/plugins/seo/ -->
<title>TODOS OS CAMINHOS VÃO DAR AO FORUM VISEU. - Forum Viseu</title>
<meta name="robots" content="index, follow, max-snippet:-1, max-image-preview:large, max-video-preview:-1" />
<link rel="canonical" href="https://www.forumviseu.net/en/events/todos-os-caminhos-vao-dar-ao-forum-viseu/" />
<meta property="og:locale" content="en_US" />
<meta property="og:type" content="article" />
<meta property="og:title" content="TODOS OS CAMINHOS VÃO DAR AO FORUM VISEU. - Forum Viseu" />
<meta property="og:description" content="EXPERIÊNCIAS e EXPOSIÇÃO RADIOMODELISMO. 6 &#8211; 21 ABRIL O mundo do radiomodelismo chegada ao Forum Viseu para uma Páscoa muito especial. Com áreas de expoisção e de teste, vamos ter barcos, aviões, carros e claro, super drones topo de gama. Experências | 6 a 20 de abril: 2ª a 6ª feira das 10h às 12h [&hellip;]" />
<meta property="og:url" content="https://www.forumviseu.net/en/events/todos-os-caminhos-vao-dar-ao-forum-viseu/" />
<meta property="og:site_name" content="Forum Viseu" />
<meta property="og:image" content="https://www.forumviseu.net/wp-content/uploads/sites/15/events/todososcaminhosvaodaraoforumviseu..jpg" />
	<meta property="og:image:width" content="923" />
	<meta property="og:image:height" content="554" />
	<meta property="og:image:type" content="image/jpeg" />
<meta name="twitter:card" content="summary_large_image" />
<meta name="twitter:label1" content="Est. reading time" />
	<meta name="twitter:data1" content="1 minute" />
<script type="application/ld+json" class="yoast-schema-graph">{"@context":"https://schema.org","@graph":[{"@type":"WebPage","@id":"https://www.forumviseu.net/en/events/todos-os-caminhos-vao-dar-ao-forum-viseu/","url":"https://www.forumviseu.net/en/events/todos-os-caminhos-vao-dar-ao-forum-viseu/","name":"TODOS OS CAMINHOS VÃO DAR AO FORUM VISEU. - Forum Viseu","isPartOf":{"@id":"https://www.forumviseu.net/#website"},"primaryImageOfPage":{"@id":"https://www.forumviseu.net/en/events/todos-os-caminhos-vao-dar-ao-forum-viseu/#primaryimage"},"image":{"@id":"https://www.forumviseu.net/en/events/todos-os-caminhos-vao-dar-ao-forum-viseu/#primaryimage"},"thumbnailUrl":"https://www.forumviseu.net/wp-content/uploads/sites/15/events/todososcaminhosvaodaraoforumviseu..jpg","datePublished":"2019-04-01T01:01:01+00:00","dateModified":"2019-04-01T01:01:01+00:00","breadcrumb":{"@id":"https://www.forumviseu.net/en/events/todos-os-caminhos-vao-dar-ao-forum-viseu/#breadcrumb"},"inLanguage":"en-US","potentialAction":[{"@type":"ReadAction","target":["https://www.forumviseu.net/en/events/todos-os-caminhos-vao-dar-ao-forum-viseu/"]}]},{"@type":"ImageObject","inLanguage":"en-US","@id":"https://www.forumviseu.net/en/events/todos-os-caminhos-vao-dar-ao-forum-viseu/#primaryimage","url":"https://www.forumviseu.net/wp-content/uploads/sites/15/events/todososcaminhosvaodaraoforumviseu..jpg","contentUrl":"https://www.forumviseu.net/wp-content/uploads/sites/15/events/todososcaminhosvaodaraoforumviseu..jpg","width":923,"height":554},{"@type":"BreadcrumbList","@id":"https://www.forumviseu.net/en/events/todos-os-caminhos-vao-dar-ao-forum-viseu/#breadcrumb","itemListElement":[{"@type":"ListItem","position":1,"name":"Events","item":"https://www.forumviseu.net/events/"},{"@type":"ListItem","position":2,"name":"TODOS OS CAMINHOS VÃO DAR AO FORUM VISEU."}]},{"@type":"WebSite","@id":"https://www.forumviseu.net/#website","url":"https://www.forumviseu.net/","name":"Forum Viseu","description":"Ser Quem Sou","publisher":{"@id":"https://www.forumviseu.net/#organization"},"potentialAction":[{"@type":"SearchAction","target":{"@type":"EntryPoint","urlTemplate":"https://www.forumviseu.net/?s={search_term_string}"},"query-input":"required name=search_term_string"}],"inLanguage":"en-US"},{"@type":"Organization","@id":"https://www.forumviseu.net/#organization","name":"Forum Viseu","url":"https://www.forumviseu.net/","logo":{"@type":"ImageObject","inLanguage":"en-US","@id":"https://www.forumviseu.net/#/schema/logo/image/","url":"https://www.forumviseu.net/wp-content/uploads/sites/15/logo.png","contentUrl":"https://www.forumviseu.net/wp-content/uploads/sites/15/logo.png","caption":"Forum Viseu"},"image":{"@id":"https://www.forumviseu.net/#/schema/logo/image/"}}]}</script>
<!-- / Yoast SEO plugin. -->

TODOS OS CAMINHOS VÃO DAR AO FORUM VISEU. - Forum Viseu

EXPERIÊNCIAS e EXPOSIÇÃO RADIOMODELISMO. 6 &#8211; 21 ABRIL O mundo do radiomodelismo chegada ao Forum Viseu para uma Páscoa muito especial. Com áreas de expoisção e de teste, vamos ter barcos, aviões, carros e claro, super drones topo de gama. Experências | 6 a 20 de abril: 2ª a 6ª feira das 10h às 12h [&hellip;]
