{"id":1077,"date":"2019-11-06T01:01:01","date_gmt":"2019-11-06T01:01:01","guid":{"rendered":"https:\/\/www.forumviseu.net\/events\/proxima-paragem-avenida-natal-forum-viseu\/"},"modified":"2019-11-06T01:01:01","modified_gmt":"2019-11-06T01:01:01","slug":"proxima-paragem-avenida-natal-forum-viseu","status":"publish","type":"events","link":"https:\/\/www.forumviseu.net\/en\/events\/proxima-paragem-avenida-natal-forum-viseu\/","title":{"rendered":"PR\u00d3XIMA PARAGEM . AVENIDA NATAL FORUM VISEU"},"content":{"rendered":"<p> \tPR\u00d3XIMA PARAGEM . AVENIDA NATAL FORUM VISEU<\/p>\n<p> \tA grande viagem de de Natal come\u00e7a no dia 9 de novembro com uma paragem na Avenida Natal do Forum Viseu. O Pai Natal&nbsp;<strong>chega \u00e0s 17h carregado de emo\u00e7\u00e3o e sorrisos para todas as crian\u00e7as.<\/strong><\/p>\n<p> \tA chegada do Pai Natal, com atividades a partir das&nbsp;<strong>15h<\/strong>, d\u00e1 in\u00edcio \u00e0 campanha de Natal e vai ser feita de forma muito especial com anima\u00e7\u00e3o e muita m\u00fasica, contando com a presen\u00e7a do&nbsp;<strong>Toz\u00e9<\/strong>, <strong>vocalista dos Perfume<\/strong> e o animado grupo musical <strong>Pentagma<\/strong>,<\/p>\n<p> \tA partir do dia <strong>9 de novembro e at\u00e9 ao dia 31 de dezembro<\/strong>, o&nbsp;Forum Viseu&nbsp;ir\u00e1 ter v\u00e1rios locais de anima\u00e7\u00e3o. A<strong>&nbsp;Avenida Natal<\/strong>&nbsp;\u00e9 um dos espa\u00e7os que ir\u00e1 estar representado e traz consigo v\u00e1rios spots de entretenimento como:<strong>&nbsp;carrossel, baloi\u00e7os, correio do Pai Natal, biblioteca do Pai Natal<\/strong>&nbsp;(com anima\u00e7\u00f5es de est\u00f3rias cantadas),&nbsp;<strong>garagem do Pai Natal<\/strong>&nbsp;(passeio de tren\u00f3 em realidade virtual) e a&nbsp;<strong>visita do Gui<\/strong>; O&nbsp;<strong>espa\u00e7o para pais e filhos<\/strong>&nbsp;\u00e9 o local ideal para quem gosta de artes manuais, onde se v\u00e3o puder fazer&nbsp;<em>workshops<\/em>&nbsp;de Arts e Crafts.<\/p>\n<p> \t&nbsp;<\/p>\n<ul>\n<li> \t\t13\u00aa edi\u00e7\u00e3o do Livro do Gui:&nbsp;<strong>&#8220;Gui e a Batalha contra os Pl\u00e1sticos&#8221;<\/strong>&nbsp;\u00e9 a mensagem solid\u00e1ria a transmitir, sendo que o objetivo desta passa pela consciencializa\u00e7\u00e3o dos visitantes do centro relativamente \u00e0 redu\u00e7\u00e3o do pl\u00e1stico.<\/li>\n<\/ul>\n<ul>\n<li> \t\tInforma\u00e7\u00f5es complementares no Balc\u00e3o de Apoio ao Cliente do Forum Viseu &#8211; Piso 2.<\/li>\n<\/ul>\n","protected":false},"featured_media":1024,"template":"","class_list":["post-1077","events","type-events","status-publish","has-post-thumbnail","hentry"],"yoast_head":"<!-- This site is optimized with the Yoast SEO plugin v22.2 - https:\/\/yoast.com\/wordpress\/plugins\/seo\/ -->\n<title>PR\u00d3XIMA PARAGEM . AVENIDA NATAL FORUM VISEU - Forum Viseu<\/title>\n<meta name=\"robots\" content=\"index, follow, max-snippet:-1, max-image-preview:large, max-video-preview:-1\" \/>\n<link rel=\"canonical\" href=\"https:\/\/www.forumviseu.net\/en\/events\/proxima-paragem-avenida-natal-forum-viseu\/\" \/>\n<meta property=\"og:locale\" content=\"en_US\" \/>\n<meta property=\"og:type\" content=\"article\" \/>\n<meta property=\"og:title\" content=\"PR\u00d3XIMA PARAGEM . AVENIDA NATAL FORUM VISEU - Forum Viseu\" \/>\n<meta property=\"og:description\" content=\"PR\u00d3XIMA PARAGEM . AVENIDA NATAL FORUM VISEU A grande viagem de de Natal come\u00e7a no dia 9 de novembro com uma paragem na Avenida Natal do Forum Viseu. O Pai Natal&nbsp;chega \u00e0s 17h carregado de emo\u00e7\u00e3o e sorrisos para todas as crian\u00e7as. A chegada do Pai Natal, com atividades a partir das&nbsp;15h, d\u00e1 in\u00edcio \u00e0 [&hellip;]\" \/>\n<meta property=\"og:url\" content=\"https:\/\/www.forumviseu.net\/en\/events\/proxima-paragem-avenida-natal-forum-viseu\/\" \/>\n<meta property=\"og:site_name\" content=\"Forum Viseu\" \/>\n<meta property=\"og:image\" content=\"https:\/\/www.forumviseu.net\/wp-content\/uploads\/sites\/15\/events\/proximaparagem.avenidanatalforumviseu.jpg\" \/>\n\t<meta property=\"og:image:width\" content=\"816\" \/>\n\t<meta property=\"og:image:height\" content=\"297\" \/>\n\t<meta property=\"og:image:type\" content=\"image\/jpeg\" \/>\n<meta name=\"twitter:card\" content=\"summary_large_image\" \/>\n<meta name=\"twitter:label1\" content=\"Est. reading time\" \/>\n\t<meta name=\"twitter:data1\" content=\"1 minute\" \/>\n<script type=\"application\/ld+json\" class=\"yoast-schema-graph\">{\"@context\":\"https:\/\/schema.org\",\"@graph\":[{\"@type\":\"WebPage\",\"@id\":\"https:\/\/www.forumviseu.net\/en\/events\/proxima-paragem-avenida-natal-forum-viseu\/\",\"url\":\"https:\/\/www.forumviseu.net\/en\/events\/proxima-paragem-avenida-natal-forum-viseu\/\",\"name\":\"PR\u00d3XIMA PARAGEM . AVENIDA NATAL FORUM VISEU - Forum Viseu\",\"isPartOf\":{\"@id\":\"https:\/\/www.forumviseu.net\/#website\"},\"primaryImageOfPage\":{\"@id\":\"https:\/\/www.forumviseu.net\/en\/events\/proxima-paragem-avenida-natal-forum-viseu\/#primaryimage\"},\"image\":{\"@id\":\"https:\/\/www.forumviseu.net\/en\/events\/proxima-paragem-avenida-natal-forum-viseu\/#primaryimage\"},\"thumbnailUrl\":\"https:\/\/www.forumviseu.net\/wp-content\/uploads\/sites\/15\/events\/proximaparagem.avenidanatalforumviseu.jpg\",\"datePublished\":\"2019-11-06T01:01:01+00:00\",\"dateModified\":\"2019-11-06T01:01:01+00:00\",\"breadcrumb\":{\"@id\":\"https:\/\/www.forumviseu.net\/en\/events\/proxima-paragem-avenida-natal-forum-viseu\/#breadcrumb\"},\"inLanguage\":\"en-US\",\"potentialAction\":[{\"@type\":\"ReadAction\",\"target\":[\"https:\/\/www.forumviseu.net\/en\/events\/proxima-paragem-avenida-natal-forum-viseu\/\"]}]},{\"@type\":\"ImageObject\",\"inLanguage\":\"en-US\",\"@id\":\"https:\/\/www.forumviseu.net\/en\/events\/proxima-paragem-avenida-natal-forum-viseu\/#primaryimage\",\"url\":\"https:\/\/www.forumviseu.net\/wp-content\/uploads\/sites\/15\/events\/proximaparagem.avenidanatalforumviseu.jpg\",\"contentUrl\":\"https:\/\/www.forumviseu.net\/wp-content\/uploads\/sites\/15\/events\/proximaparagem.avenidanatalforumviseu.jpg\",\"width\":816,\"height\":297},{\"@type\":\"BreadcrumbList\",\"@id\":\"https:\/\/www.forumviseu.net\/en\/events\/proxima-paragem-avenida-natal-forum-viseu\/#breadcrumb\",\"itemListElement\":[{\"@type\":\"ListItem\",\"position\":1,\"name\":\"Events\",\"item\":\"https:\/\/www.forumviseu.net\/events\/\"},{\"@type\":\"ListItem\",\"position\":2,\"name\":\"PR\u00d3XIMA PARAGEM . AVENIDA NATAL FORUM VISEU\"}]},{\"@type\":\"WebSite\",\"@id\":\"https:\/\/www.forumviseu.net\/#website\",\"url\":\"https:\/\/www.forumviseu.net\/\",\"name\":\"Forum Viseu\",\"description\":\"Ser Quem Sou\",\"publisher\":{\"@id\":\"https:\/\/www.forumviseu.net\/#organization\"},\"potentialAction\":[{\"@type\":\"SearchAction\",\"target\":{\"@type\":\"EntryPoint\",\"urlTemplate\":\"https:\/\/www.forumviseu.net\/?s={search_term_string}\"},\"query-input\":\"required name=search_term_string\"}],\"inLanguage\":\"en-US\"},{\"@type\":\"Organization\",\"@id\":\"https:\/\/www.forumviseu.net\/#organization\",\"name\":\"Forum Viseu\",\"url\":\"https:\/\/www.forumviseu.net\/\",\"logo\":{\"@type\":\"ImageObject\",\"inLanguage\":\"en-US\",\"@id\":\"https:\/\/www.forumviseu.net\/#\/schema\/logo\/image\/\",\"url\":\"https:\/\/www.forumviseu.net\/wp-content\/uploads\/sites\/15\/logo.png\",\"contentUrl\":\"https:\/\/www.forumviseu.net\/wp-content\/uploads\/sites\/15\/logo.png\",\"caption\":\"Forum Viseu\"},\"image\":{\"@id\":\"https:\/\/www.forumviseu.net\/#\/schema\/logo\/image\/\"}}]}<\/script>\n<!-- \/ Yoast SEO plugin. -->","yoast_head_json":{"title":"PR\u00d3XIMA PARAGEM . AVENIDA NATAL FORUM VISEU - Forum Viseu","robots":{"index":"index","follow":"follow","max-snippet":"max-snippet:-1","max-image-preview":"max-image-preview:large","max-video-preview":"max-video-preview:-1"},"canonical":"https:\/\/www.forumviseu.net\/en\/events\/proxima-paragem-avenida-natal-forum-viseu\/","og_locale":"en_US","og_type":"article","og_title":"PR\u00d3XIMA PARAGEM . AVENIDA NATAL FORUM VISEU - Forum Viseu","og_description":"PR\u00d3XIMA PARAGEM . AVENIDA NATAL FORUM VISEU A grande viagem de de Natal come\u00e7a no dia 9 de novembro com uma paragem na Avenida Natal do Forum Viseu. O Pai Natal&nbsp;chega \u00e0s 17h carregado de emo\u00e7\u00e3o e sorrisos para todas as crian\u00e7as. A chegada do Pai Natal, com atividades a partir das&nbsp;15h, d\u00e1 in\u00edcio \u00e0 [&hellip;]","og_url":"https:\/\/www.forumviseu.net\/en\/events\/proxima-paragem-avenida-natal-forum-viseu\/","og_site_name":"Forum Viseu","og_image":[{"width":816,"height":297,"url":"https:\/\/www.forumviseu.net\/wp-content\/uploads\/sites\/15\/events\/proximaparagem.avenidanatalforumviseu.jpg","type":"image\/jpeg"}],"twitter_card":"summary_large_image","twitter_misc":{"Est. reading time":"1 minute"},"schema":{"@context":"https:\/\/schema.org","@graph":[{"@type":"WebPage","@id":"https:\/\/www.forumviseu.net\/en\/events\/proxima-paragem-avenida-natal-forum-viseu\/","url":"https:\/\/www.forumviseu.net\/en\/events\/proxima-paragem-avenida-natal-forum-viseu\/","name":"PR\u00d3XIMA PARAGEM . AVENIDA NATAL FORUM VISEU - Forum Viseu","isPartOf":{"@id":"https:\/\/www.forumviseu.net\/#website"},"primaryImageOfPage":{"@id":"https:\/\/www.forumviseu.net\/en\/events\/proxima-paragem-avenida-natal-forum-viseu\/#primaryimage"},"image":{"@id":"https:\/\/www.forumviseu.net\/en\/events\/proxima-paragem-avenida-natal-forum-viseu\/#primaryimage"},"thumbnailUrl":"https:\/\/www.forumviseu.net\/wp-content\/uploads\/sites\/15\/events\/proximaparagem.avenidanatalforumviseu.jpg","datePublished":"2019-11-06T01:01:01+00:00","dateModified":"2019-11-06T01:01:01+00:00","breadcrumb":{"@id":"https:\/\/www.forumviseu.net\/en\/events\/proxima-paragem-avenida-natal-forum-viseu\/#breadcrumb"},"inLanguage":"en-US","potentialAction":[{"@type":"ReadAction","target":["https:\/\/www.forumviseu.net\/en\/events\/proxima-paragem-avenida-natal-forum-viseu\/"]}]},{"@type":"ImageObject","inLanguage":"en-US","@id":"https:\/\/www.forumviseu.net\/en\/events\/proxima-paragem-avenida-natal-forum-viseu\/#primaryimage","url":"https:\/\/www.forumviseu.net\/wp-content\/uploads\/sites\/15\/events\/proximaparagem.avenidanatalforumviseu.jpg","contentUrl":"https:\/\/www.forumviseu.net\/wp-content\/uploads\/sites\/15\/events\/proximaparagem.avenidanatalforumviseu.jpg","width":816,"height":297},{"@type":"BreadcrumbList","@id":"https:\/\/www.forumviseu.net\/en\/events\/proxima-paragem-avenida-natal-forum-viseu\/#breadcrumb","itemListElement":[{"@type":"ListItem","position":1,"name":"Events","item":"https:\/\/www.forumviseu.net\/events\/"},{"@type":"ListItem","position":2,"name":"PR\u00d3XIMA PARAGEM . AVENIDA NATAL FORUM VISEU"}]},{"@type":"WebSite","@id":"https:\/\/www.forumviseu.net\/#website","url":"https:\/\/www.forumviseu.net\/","name":"Forum Viseu","description":"Ser Quem Sou","publisher":{"@id":"https:\/\/www.forumviseu.net\/#organization"},"potentialAction":[{"@type":"SearchAction","target":{"@type":"EntryPoint","urlTemplate":"https:\/\/www.forumviseu.net\/?s={search_term_string}"},"query-input":"required name=search_term_string"}],"inLanguage":"en-US"},{"@type":"Organization","@id":"https:\/\/www.forumviseu.net\/#organization","name":"Forum Viseu","url":"https:\/\/www.forumviseu.net\/","logo":{"@type":"ImageObject","inLanguage":"en-US","@id":"https:\/\/www.forumviseu.net\/#\/schema\/logo\/image\/","url":"https:\/\/www.forumviseu.net\/wp-content\/uploads\/sites\/15\/logo.png","contentUrl":"https:\/\/www.forumviseu.net\/wp-content\/uploads\/sites\/15\/logo.png","caption":"Forum Viseu"},"image":{"@id":"https:\/\/www.forumviseu.net\/#\/schema\/logo\/image\/"}}]}},"_links":{"self":[{"href":"https:\/\/www.forumviseu.net\/en\/wp-json\/wp\/v2\/events\/1077","targetHints":{"allow":["GET"]}}],"collection":[{"href":"https:\/\/www.forumviseu.net\/en\/wp-json\/wp\/v2\/events"}],"about":[{"href":"https:\/\/www.forumviseu.net\/en\/wp-json\/wp\/v2\/types\/events"}],"wp:featuredmedia":[{"embeddable":true,"href":"https:\/\/www.forumviseu.net\/en\/wp-json\/wp\/v2\/media\/1024"}],"wp:attachment":[{"href":"https:\/\/www.forumviseu.net\/en\/wp-json\/wp\/v2\/media?parent=1077"}],"curies":[{"name":"wp","href":"https:\/\/api.w.org\/{rel}","templated":true}]}}

PRÓXIMA PARAGEM . AVENIDA NATAL FORUM VISEU

<p> 	PRÓXIMA PARAGEM . AVENIDA NATAL FORUM VISEU</p>
<p> 	A grande viagem de de Natal começa no dia 9 de novembro com uma paragem na Avenida Natal do Forum Viseu. O Pai Natal&nbsp;<strong>chega às 17h carregado de emoção e sorrisos para todas as crianças.</strong></p>
<p> 	A chegada do Pai Natal, com atividades a partir das&nbsp;<strong>15h</strong>, dá início à campanha de Natal e vai ser feita de forma muito especial com animação e muita música, contando com a presença do&nbsp;<strong>Tozé</strong>, <strong>vocalista dos Perfume</strong> e o animado grupo musical <strong>Pentagma</strong>,</p>
<p> 	A partir do dia <strong>9 de novembro e até ao dia 31 de dezembro</strong>, o&nbsp;Forum Viseu&nbsp;irá ter vários locais de animação. A<strong>&nbsp;Avenida Natal</strong>&nbsp;é um dos espaços que irá estar representado e traz consigo vários spots de entretenimento como:<strong>&nbsp;carrossel, baloiços, correio do Pai Natal, biblioteca do Pai Natal</strong>&nbsp;(com animações de estórias cantadas),&nbsp;<strong>garagem do Pai Natal</strong>&nbsp;(passeio de trenó em realidade virtual) e a&nbsp;<strong>visita do Gui</strong>; O&nbsp;<strong>espaço para pais e filhos</strong>&nbsp;é o local ideal para quem gosta de artes manuais, onde se vão puder fazer&nbsp;<em>workshops</em>&nbsp;de Arts e Crafts.</p>
<p> 	&nbsp;</p>
<ul>
<li> 		13ª edição do Livro do Gui:&nbsp;<strong>&#8220;Gui e a Batalha contra os Plásticos&#8221;</strong>&nbsp;é a mensagem solidária a transmitir, sendo que o objetivo desta passa pela consciencialização dos visitantes do centro relativamente à redução do plástico.</li>
</ul>
<ul>
<li> 		Informações complementares no Balcão de Apoio ao Cliente do Forum Viseu &#8211; Piso 2.</li>
</ul>

<!-- This site is optimized with the Yoast SEO plugin v22.2 - https://yoast.com/wordpress/plugins/seo/ -->
<title>PRÓXIMA PARAGEM . AVENIDA NATAL FORUM VISEU - Forum Viseu</title>
<meta name="robots" content="index, follow, max-snippet:-1, max-image-preview:large, max-video-preview:-1" />
<link rel="canonical" href="https://www.forumviseu.net/en/events/proxima-paragem-avenida-natal-forum-viseu/" />
<meta property="og:locale" content="en_US" />
<meta property="og:type" content="article" />
<meta property="og:title" content="PRÓXIMA PARAGEM . AVENIDA NATAL FORUM VISEU - Forum Viseu" />
<meta property="og:description" content="PRÓXIMA PARAGEM . AVENIDA NATAL FORUM VISEU A grande viagem de de Natal começa no dia 9 de novembro com uma paragem na Avenida Natal do Forum Viseu. O Pai Natal&nbsp;chega às 17h carregado de emoção e sorrisos para todas as crianças. A chegada do Pai Natal, com atividades a partir das&nbsp;15h, dá início à [&hellip;]" />
<meta property="og:url" content="https://www.forumviseu.net/en/events/proxima-paragem-avenida-natal-forum-viseu/" />
<meta property="og:site_name" content="Forum Viseu" />
<meta property="og:image" content="https://www.forumviseu.net/wp-content/uploads/sites/15/events/proximaparagem.avenidanatalforumviseu.jpg" />
	<meta property="og:image:width" content="816" />
	<meta property="og:image:height" content="297" />
	<meta property="og:image:type" content="image/jpeg" />
<meta name="twitter:card" content="summary_large_image" />
<meta name="twitter:label1" content="Est. reading time" />
	<meta name="twitter:data1" content="1 minute" />
<script type="application/ld+json" class="yoast-schema-graph">{"@context":"https://schema.org","@graph":[{"@type":"WebPage","@id":"https://www.forumviseu.net/en/events/proxima-paragem-avenida-natal-forum-viseu/","url":"https://www.forumviseu.net/en/events/proxima-paragem-avenida-natal-forum-viseu/","name":"PRÓXIMA PARAGEM . AVENIDA NATAL FORUM VISEU - Forum Viseu","isPartOf":{"@id":"https://www.forumviseu.net/#website"},"primaryImageOfPage":{"@id":"https://www.forumviseu.net/en/events/proxima-paragem-avenida-natal-forum-viseu/#primaryimage"},"image":{"@id":"https://www.forumviseu.net/en/events/proxima-paragem-avenida-natal-forum-viseu/#primaryimage"},"thumbnailUrl":"https://www.forumviseu.net/wp-content/uploads/sites/15/events/proximaparagem.avenidanatalforumviseu.jpg","datePublished":"2019-11-06T01:01:01+00:00","dateModified":"2019-11-06T01:01:01+00:00","breadcrumb":{"@id":"https://www.forumviseu.net/en/events/proxima-paragem-avenida-natal-forum-viseu/#breadcrumb"},"inLanguage":"en-US","potentialAction":[{"@type":"ReadAction","target":["https://www.forumviseu.net/en/events/proxima-paragem-avenida-natal-forum-viseu/"]}]},{"@type":"ImageObject","inLanguage":"en-US","@id":"https://www.forumviseu.net/en/events/proxima-paragem-avenida-natal-forum-viseu/#primaryimage","url":"https://www.forumviseu.net/wp-content/uploads/sites/15/events/proximaparagem.avenidanatalforumviseu.jpg","contentUrl":"https://www.forumviseu.net/wp-content/uploads/sites/15/events/proximaparagem.avenidanatalforumviseu.jpg","width":816,"height":297},{"@type":"BreadcrumbList","@id":"https://www.forumviseu.net/en/events/proxima-paragem-avenida-natal-forum-viseu/#breadcrumb","itemListElement":[{"@type":"ListItem","position":1,"name":"Events","item":"https://www.forumviseu.net/events/"},{"@type":"ListItem","position":2,"name":"PRÓXIMA PARAGEM . AVENIDA NATAL FORUM VISEU"}]},{"@type":"WebSite","@id":"https://www.forumviseu.net/#website","url":"https://www.forumviseu.net/","name":"Forum Viseu","description":"Ser Quem Sou","publisher":{"@id":"https://www.forumviseu.net/#organization"},"potentialAction":[{"@type":"SearchAction","target":{"@type":"EntryPoint","urlTemplate":"https://www.forumviseu.net/?s={search_term_string}"},"query-input":"required name=search_term_string"}],"inLanguage":"en-US"},{"@type":"Organization","@id":"https://www.forumviseu.net/#organization","name":"Forum Viseu","url":"https://www.forumviseu.net/","logo":{"@type":"ImageObject","inLanguage":"en-US","@id":"https://www.forumviseu.net/#/schema/logo/image/","url":"https://www.forumviseu.net/wp-content/uploads/sites/15/logo.png","contentUrl":"https://www.forumviseu.net/wp-content/uploads/sites/15/logo.png","caption":"Forum Viseu"},"image":{"@id":"https://www.forumviseu.net/#/schema/logo/image/"}}]}</script>
<!-- / Yoast SEO plugin. -->

PRÓXIMA PARAGEM . AVENIDA NATAL FORUM VISEU - Forum Viseu

PRÓXIMA PARAGEM . AVENIDA NATAL FORUM VISEU A grande viagem de de Natal começa no dia 9 de novembro com uma paragem na Avenida Natal do Forum Viseu. O Pai Natal&nbsp;chega às 17h carregado de emoção e sorrisos para todas as crianças. A chegada do Pai Natal, com atividades a partir das&nbsp;15h, dá início à [&hellip;]
