{"id":2090,"date":"2021-12-12T08:15:31","date_gmt":"2021-12-12T08:15:31","guid":{"rendered":"https:\/\/forumviseu.net\/?post_type=events&#038;p=2090"},"modified":"2022-03-07T08:15:53","modified_gmt":"2022-03-07T08:15:53","slug":"natal-2021","status":"publish","type":"events","link":"https:\/\/www.forumviseu.net\/en\/events\/natal-2021\/","title":{"rendered":"NATAL 2021"},"content":{"rendered":"<p><strong>O NATAL VOLTA A BRILHAR<\/strong><\/p>\n<p>Este ano o esp\u00edrito natal\u00edcio chega a Viseu\u2026 de comboio el\u00e9trico! \u00a0A partir de 13 de novembro as luzes do Forum Viseu voltam a acender-se com muitas atividades para toda a fam\u00edlia!<\/p>\n<p>Ilumina\u00e7\u00f5es e decora\u00e7\u00f5es de Natal, \u00e1rvore gigante, Casa do Pai Natal, fotografias, viagens de comboio el\u00e9trico sustent\u00e1vel e os melhores instaspots da cidade. H\u00e1 magia a acontecer todos os dias para celebrar a melhor \u00e9poca do ano!<\/p>\n<p><strong>DIA 13 DE NOVEMBRO, \u00c0S 17H00<\/strong>, O FORUM VISEU INAUGURA CEN\u00c1RIO DE NATAL EM DIRECTO ATRAV\u00c9S DAS SUAS REDES SOCIAIS<\/p>\n<p>&nbsp;<\/p>\n<p align=\"center\"><strong>Hor\u00e1rios &#8211; Casa do Pai Natal e Comboio<\/strong><\/p>\n<p align=\"center\"><strong>Novembro<\/strong><\/p>\n<p align=\"center\">6\u00aa feira, S\u00e1b. e Dom.: 11h00 &#8211; 13h00 e 15h00 &#8211; 19h00<\/p>\n<p align=\"center\"><strong>Dezembro\u00a0<\/strong>(a partir de dia 3)<\/p>\n<p align=\"center\">2\u00aa a 5\u00aa feira: 15h00 &#8211; 19h00<\/p>\n<p align=\"center\">6\u00aa feira, S\u00e1b., Dom. e Feriado: 11h00 &#8211; 13h00 e 15h00 &#8211; 19h00<\/p>\n<p align=\"center\">24 de dezembro: 11h00 &#8211; 13h00 e 14h00 &#8211; 17h00<\/p>\n<p>Esperamos pela vossa visita! Feliz Natal!<\/p>\n","protected":false},"featured_media":2088,"template":"","class_list":["post-2090","events","type-events","status-publish","has-post-thumbnail","hentry"],"yoast_head":"<!-- This site is optimized with the Yoast SEO plugin v22.2 - https:\/\/yoast.com\/wordpress\/plugins\/seo\/ -->\n<title>NATAL 2021 - Forum Viseu<\/title>\n<meta name=\"robots\" content=\"index, follow, max-snippet:-1, max-image-preview:large, max-video-preview:-1\" \/>\n<link rel=\"canonical\" href=\"https:\/\/www.forumviseu.net\/en\/events\/natal-2021\/\" \/>\n<meta property=\"og:locale\" content=\"en_US\" \/>\n<meta property=\"og:type\" content=\"article\" \/>\n<meta property=\"og:title\" content=\"NATAL 2021 - Forum Viseu\" \/>\n<meta property=\"og:description\" content=\"O NATAL VOLTA A BRILHAR Este ano o esp\u00edrito natal\u00edcio chega a Viseu\u2026 de comboio el\u00e9trico! \u00a0A partir de 13 de novembro as luzes do Forum Viseu voltam a acender-se com muitas atividades para toda a fam\u00edlia! Ilumina\u00e7\u00f5es e decora\u00e7\u00f5es de Natal, \u00e1rvore gigante, Casa do Pai Natal, fotografias, viagens de comboio el\u00e9trico sustent\u00e1vel e [&hellip;]\" \/>\n<meta property=\"og:url\" content=\"https:\/\/www.forumviseu.net\/en\/events\/natal-2021\/\" \/>\n<meta property=\"og:site_name\" content=\"Forum Viseu\" \/>\n<meta property=\"article:modified_time\" content=\"2022-03-07T08:15:53+00:00\" \/>\n<meta property=\"og:image\" content=\"https:\/\/www.forumviseu.net\/wp-content\/uploads\/sites\/15\/2022\/03\/natal2021.jpg\" \/>\n\t<meta property=\"og:image:width\" content=\"444\" \/>\n\t<meta property=\"og:image:height\" content=\"332\" \/>\n\t<meta property=\"og:image:type\" content=\"image\/jpeg\" \/>\n<meta name=\"twitter:card\" content=\"summary_large_image\" \/>\n<meta name=\"twitter:label1\" content=\"Est. reading time\" \/>\n\t<meta name=\"twitter:data1\" content=\"1 minute\" \/>\n<script type=\"application\/ld+json\" class=\"yoast-schema-graph\">{\"@context\":\"https:\/\/schema.org\",\"@graph\":[{\"@type\":\"WebPage\",\"@id\":\"https:\/\/www.forumviseu.net\/en\/events\/natal-2021\/\",\"url\":\"https:\/\/www.forumviseu.net\/en\/events\/natal-2021\/\",\"name\":\"NATAL 2021 - Forum Viseu\",\"isPartOf\":{\"@id\":\"https:\/\/www.forumviseu.net\/#website\"},\"primaryImageOfPage\":{\"@id\":\"https:\/\/www.forumviseu.net\/en\/events\/natal-2021\/#primaryimage\"},\"image\":{\"@id\":\"https:\/\/www.forumviseu.net\/en\/events\/natal-2021\/#primaryimage\"},\"thumbnailUrl\":\"https:\/\/www.forumviseu.net\/wp-content\/uploads\/sites\/15\/2022\/03\/natal2021.jpg\",\"datePublished\":\"2021-12-12T08:15:31+00:00\",\"dateModified\":\"2022-03-07T08:15:53+00:00\",\"breadcrumb\":{\"@id\":\"https:\/\/www.forumviseu.net\/en\/events\/natal-2021\/#breadcrumb\"},\"inLanguage\":\"en-US\",\"potentialAction\":[{\"@type\":\"ReadAction\",\"target\":[\"https:\/\/www.forumviseu.net\/en\/events\/natal-2021\/\"]}]},{\"@type\":\"ImageObject\",\"inLanguage\":\"en-US\",\"@id\":\"https:\/\/www.forumviseu.net\/en\/events\/natal-2021\/#primaryimage\",\"url\":\"https:\/\/www.forumviseu.net\/wp-content\/uploads\/sites\/15\/2022\/03\/natal2021.jpg\",\"contentUrl\":\"https:\/\/www.forumviseu.net\/wp-content\/uploads\/sites\/15\/2022\/03\/natal2021.jpg\",\"width\":444,\"height\":332},{\"@type\":\"BreadcrumbList\",\"@id\":\"https:\/\/www.forumviseu.net\/en\/events\/natal-2021\/#breadcrumb\",\"itemListElement\":[{\"@type\":\"ListItem\",\"position\":1,\"name\":\"Events\",\"item\":\"https:\/\/www.forumviseu.net\/events\/\"},{\"@type\":\"ListItem\",\"position\":2,\"name\":\"NATAL 2021\"}]},{\"@type\":\"WebSite\",\"@id\":\"https:\/\/www.forumviseu.net\/#website\",\"url\":\"https:\/\/www.forumviseu.net\/\",\"name\":\"Forum Viseu\",\"description\":\"Ser Quem Sou\",\"publisher\":{\"@id\":\"https:\/\/www.forumviseu.net\/#organization\"},\"potentialAction\":[{\"@type\":\"SearchAction\",\"target\":{\"@type\":\"EntryPoint\",\"urlTemplate\":\"https:\/\/www.forumviseu.net\/?s={search_term_string}\"},\"query-input\":\"required name=search_term_string\"}],\"inLanguage\":\"en-US\"},{\"@type\":\"Organization\",\"@id\":\"https:\/\/www.forumviseu.net\/#organization\",\"name\":\"Forum Viseu\",\"url\":\"https:\/\/www.forumviseu.net\/\",\"logo\":{\"@type\":\"ImageObject\",\"inLanguage\":\"en-US\",\"@id\":\"https:\/\/www.forumviseu.net\/#\/schema\/logo\/image\/\",\"url\":\"https:\/\/www.forumviseu.net\/wp-content\/uploads\/sites\/15\/logo.png\",\"contentUrl\":\"https:\/\/www.forumviseu.net\/wp-content\/uploads\/sites\/15\/logo.png\",\"caption\":\"Forum Viseu\"},\"image\":{\"@id\":\"https:\/\/www.forumviseu.net\/#\/schema\/logo\/image\/\"}}]}<\/script>\n<!-- \/ Yoast SEO plugin. -->","yoast_head_json":{"title":"NATAL 2021 - Forum Viseu","robots":{"index":"index","follow":"follow","max-snippet":"max-snippet:-1","max-image-preview":"max-image-preview:large","max-video-preview":"max-video-preview:-1"},"canonical":"https:\/\/www.forumviseu.net\/en\/events\/natal-2021\/","og_locale":"en_US","og_type":"article","og_title":"NATAL 2021 - Forum Viseu","og_description":"O NATAL VOLTA A BRILHAR Este ano o esp\u00edrito natal\u00edcio chega a Viseu\u2026 de comboio el\u00e9trico! \u00a0A partir de 13 de novembro as luzes do Forum Viseu voltam a acender-se com muitas atividades para toda a fam\u00edlia! Ilumina\u00e7\u00f5es e decora\u00e7\u00f5es de Natal, \u00e1rvore gigante, Casa do Pai Natal, fotografias, viagens de comboio el\u00e9trico sustent\u00e1vel e [&hellip;]","og_url":"https:\/\/www.forumviseu.net\/en\/events\/natal-2021\/","og_site_name":"Forum Viseu","article_modified_time":"2022-03-07T08:15:53+00:00","og_image":[{"width":444,"height":332,"url":"https:\/\/www.forumviseu.net\/wp-content\/uploads\/sites\/15\/2022\/03\/natal2021.jpg","type":"image\/jpeg"}],"twitter_card":"summary_large_image","twitter_misc":{"Est. reading time":"1 minute"},"schema":{"@context":"https:\/\/schema.org","@graph":[{"@type":"WebPage","@id":"https:\/\/www.forumviseu.net\/en\/events\/natal-2021\/","url":"https:\/\/www.forumviseu.net\/en\/events\/natal-2021\/","name":"NATAL 2021 - Forum Viseu","isPartOf":{"@id":"https:\/\/www.forumviseu.net\/#website"},"primaryImageOfPage":{"@id":"https:\/\/www.forumviseu.net\/en\/events\/natal-2021\/#primaryimage"},"image":{"@id":"https:\/\/www.forumviseu.net\/en\/events\/natal-2021\/#primaryimage"},"thumbnailUrl":"https:\/\/www.forumviseu.net\/wp-content\/uploads\/sites\/15\/2022\/03\/natal2021.jpg","datePublished":"2021-12-12T08:15:31+00:00","dateModified":"2022-03-07T08:15:53+00:00","breadcrumb":{"@id":"https:\/\/www.forumviseu.net\/en\/events\/natal-2021\/#breadcrumb"},"inLanguage":"en-US","potentialAction":[{"@type":"ReadAction","target":["https:\/\/www.forumviseu.net\/en\/events\/natal-2021\/"]}]},{"@type":"ImageObject","inLanguage":"en-US","@id":"https:\/\/www.forumviseu.net\/en\/events\/natal-2021\/#primaryimage","url":"https:\/\/www.forumviseu.net\/wp-content\/uploads\/sites\/15\/2022\/03\/natal2021.jpg","contentUrl":"https:\/\/www.forumviseu.net\/wp-content\/uploads\/sites\/15\/2022\/03\/natal2021.jpg","width":444,"height":332},{"@type":"BreadcrumbList","@id":"https:\/\/www.forumviseu.net\/en\/events\/natal-2021\/#breadcrumb","itemListElement":[{"@type":"ListItem","position":1,"name":"Events","item":"https:\/\/www.forumviseu.net\/events\/"},{"@type":"ListItem","position":2,"name":"NATAL 2021"}]},{"@type":"WebSite","@id":"https:\/\/www.forumviseu.net\/#website","url":"https:\/\/www.forumviseu.net\/","name":"Forum Viseu","description":"Ser Quem Sou","publisher":{"@id":"https:\/\/www.forumviseu.net\/#organization"},"potentialAction":[{"@type":"SearchAction","target":{"@type":"EntryPoint","urlTemplate":"https:\/\/www.forumviseu.net\/?s={search_term_string}"},"query-input":"required name=search_term_string"}],"inLanguage":"en-US"},{"@type":"Organization","@id":"https:\/\/www.forumviseu.net\/#organization","name":"Forum Viseu","url":"https:\/\/www.forumviseu.net\/","logo":{"@type":"ImageObject","inLanguage":"en-US","@id":"https:\/\/www.forumviseu.net\/#\/schema\/logo\/image\/","url":"https:\/\/www.forumviseu.net\/wp-content\/uploads\/sites\/15\/logo.png","contentUrl":"https:\/\/www.forumviseu.net\/wp-content\/uploads\/sites\/15\/logo.png","caption":"Forum Viseu"},"image":{"@id":"https:\/\/www.forumviseu.net\/#\/schema\/logo\/image\/"}}]}},"_links":{"self":[{"href":"https:\/\/www.forumviseu.net\/en\/wp-json\/wp\/v2\/events\/2090","targetHints":{"allow":["GET"]}}],"collection":[{"href":"https:\/\/www.forumviseu.net\/en\/wp-json\/wp\/v2\/events"}],"about":[{"href":"https:\/\/www.forumviseu.net\/en\/wp-json\/wp\/v2\/types\/events"}],"wp:featuredmedia":[{"embeddable":true,"href":"https:\/\/www.forumviseu.net\/en\/wp-json\/wp\/v2\/media\/2088"}],"wp:attachment":[{"href":"https:\/\/www.forumviseu.net\/en\/wp-json\/wp\/v2\/media?parent=2090"}],"curies":[{"name":"wp","href":"https:\/\/api.w.org\/{rel}","templated":true}]}}

<p><strong>O NATAL VOLTA A BRILHAR</strong></p>
<p>Este ano o espírito natalício chega a Viseu… de comboio elétrico!  A partir de 13 de novembro as luzes do Forum Viseu voltam a acender-se com muitas atividades para toda a família!</p>
<p>Iluminações e decorações de Natal, árvore gigante, Casa do Pai Natal, fotografias, viagens de comboio elétrico sustentável e os melhores instaspots da cidade. Há magia a acontecer todos os dias para celebrar a melhor época do ano!</p>
<p><strong>DIA 13 DE NOVEMBRO, ÀS 17H00</strong>, O FORUM VISEU INAUGURA CENÁRIO DE NATAL EM DIRECTO ATRAVÉS DAS SUAS REDES SOCIAIS</p>
<p>&nbsp;</p>
<p align="center"><strong>Horários &#8211; Casa do Pai Natal e Comboio</strong></p>
<p align="center"><strong>Novembro</strong></p>
<p align="center">6ª feira, Sáb. e Dom.: 11h00 &#8211; 13h00 e 15h00 &#8211; 19h00</p>
<p align="center"><strong>Dezembro </strong>(a partir de dia 3)</p>
<p align="center">2ª a 5ª feira: 15h00 &#8211; 19h00</p>
<p align="center">6ª feira, Sáb., Dom. e Feriado: 11h00 &#8211; 13h00 e 15h00 &#8211; 19h00</p>
<p align="center">24 de dezembro: 11h00 &#8211; 13h00 e 14h00 &#8211; 17h00</p>
<p>Esperamos pela vossa visita! Feliz Natal!</p>

<!-- This site is optimized with the Yoast SEO plugin v22.2 - https://yoast.com/wordpress/plugins/seo/ -->
<title>NATAL 2021 - Forum Viseu</title>
<meta name="robots" content="index, follow, max-snippet:-1, max-image-preview:large, max-video-preview:-1" />
<link rel="canonical" href="https://www.forumviseu.net/en/events/natal-2021/" />
<meta property="og:locale" content="en_US" />
<meta property="og:type" content="article" />
<meta property="og:title" content="NATAL 2021 - Forum Viseu" />
<meta property="og:description" content="O NATAL VOLTA A BRILHAR Este ano o espírito natalício chega a Viseu… de comboio elétrico!  A partir de 13 de novembro as luzes do Forum Viseu voltam a acender-se com muitas atividades para toda a família! Iluminações e decorações de Natal, árvore gigante, Casa do Pai Natal, fotografias, viagens de comboio elétrico sustentável e [&hellip;]" />
<meta property="og:url" content="https://www.forumviseu.net/en/events/natal-2021/" />
<meta property="og:site_name" content="Forum Viseu" />
<meta property="article:modified_time" content="2022-03-07T08:15:53+00:00" />
<meta property="og:image" content="https://www.forumviseu.net/wp-content/uploads/sites/15/2022/03/natal2021.jpg" />
	<meta property="og:image:width" content="444" />
	<meta property="og:image:height" content="332" />
	<meta property="og:image:type" content="image/jpeg" />
<meta name="twitter:card" content="summary_large_image" />
<meta name="twitter:label1" content="Est. reading time" />
	<meta name="twitter:data1" content="1 minute" />
<script type="application/ld+json" class="yoast-schema-graph">{"@context":"https://schema.org","@graph":[{"@type":"WebPage","@id":"https://www.forumviseu.net/en/events/natal-2021/","url":"https://www.forumviseu.net/en/events/natal-2021/","name":"NATAL 2021 - Forum Viseu","isPartOf":{"@id":"https://www.forumviseu.net/#website"},"primaryImageOfPage":{"@id":"https://www.forumviseu.net/en/events/natal-2021/#primaryimage"},"image":{"@id":"https://www.forumviseu.net/en/events/natal-2021/#primaryimage"},"thumbnailUrl":"https://www.forumviseu.net/wp-content/uploads/sites/15/2022/03/natal2021.jpg","datePublished":"2021-12-12T08:15:31+00:00","dateModified":"2022-03-07T08:15:53+00:00","breadcrumb":{"@id":"https://www.forumviseu.net/en/events/natal-2021/#breadcrumb"},"inLanguage":"en-US","potentialAction":[{"@type":"ReadAction","target":["https://www.forumviseu.net/en/events/natal-2021/"]}]},{"@type":"ImageObject","inLanguage":"en-US","@id":"https://www.forumviseu.net/en/events/natal-2021/#primaryimage","url":"https://www.forumviseu.net/wp-content/uploads/sites/15/2022/03/natal2021.jpg","contentUrl":"https://www.forumviseu.net/wp-content/uploads/sites/15/2022/03/natal2021.jpg","width":444,"height":332},{"@type":"BreadcrumbList","@id":"https://www.forumviseu.net/en/events/natal-2021/#breadcrumb","itemListElement":[{"@type":"ListItem","position":1,"name":"Events","item":"https://www.forumviseu.net/events/"},{"@type":"ListItem","position":2,"name":"NATAL 2021"}]},{"@type":"WebSite","@id":"https://www.forumviseu.net/#website","url":"https://www.forumviseu.net/","name":"Forum Viseu","description":"Ser Quem Sou","publisher":{"@id":"https://www.forumviseu.net/#organization"},"potentialAction":[{"@type":"SearchAction","target":{"@type":"EntryPoint","urlTemplate":"https://www.forumviseu.net/?s={search_term_string}"},"query-input":"required name=search_term_string"}],"inLanguage":"en-US"},{"@type":"Organization","@id":"https://www.forumviseu.net/#organization","name":"Forum Viseu","url":"https://www.forumviseu.net/","logo":{"@type":"ImageObject","inLanguage":"en-US","@id":"https://www.forumviseu.net/#/schema/logo/image/","url":"https://www.forumviseu.net/wp-content/uploads/sites/15/logo.png","contentUrl":"https://www.forumviseu.net/wp-content/uploads/sites/15/logo.png","caption":"Forum Viseu"},"image":{"@id":"https://www.forumviseu.net/#/schema/logo/image/"}}]}</script>
<!-- / Yoast SEO plugin. -->

O NATAL VOLTA A BRILHAR Este ano o espírito natalício chega a Viseu… de comboio elétrico!  A partir de 13 de novembro as luzes do Forum Viseu voltam a acender-se com muitas atividades para toda a família! Iluminações e decorações de Natal, árvore gigante, Casa do Pai Natal, fotografias, viagens de comboio elétrico sustentável e [&hellip;]
