{"id":4608,"date":"2026-01-30T15:36:00","date_gmt":"2026-01-30T15:36:00","guid":{"rendered":"https:\/\/www.forumviseu.net\/?post_type=events&#038;p=4608"},"modified":"2026-01-30T15:36:00","modified_gmt":"2026-01-30T15:36:00","slug":"sou-natal-no-forum-viseu-2022","status":"publish","type":"events","link":"https:\/\/www.forumviseu.net\/en\/events\/sou-natal-no-forum-viseu-2022\/","title":{"rendered":"Sou Natal no Forum Viseu 2022"},"content":{"rendered":"<p>Natal para toda a fam\u00edlia, com muita anima\u00e7\u00e3o, espet\u00e1culos, a Casa do Pai Natal e muito mais.<\/p>\n<p>No Forum Viseu em cada momento. Todos os dias.<\/p>\n<p><strong>Hor\u00e1rios do Pai Natal<\/strong><br \/>\n<strong>Casa do Pai Natal &#8211; Piso 1<\/strong><br \/>\nNovembro | 6\u00aa, s\u00e1bados e domingos: 11h \u00e0s 13h | 15h \u00e0s 19h<br \/>\nDezembro | 2\u00aa a 5\u00aa das 15h \u00e0s 19h;<br \/>\n6\u00aa, s\u00e1bados, domingos e feriados: 11h \u00e0s 13h e das 15h \u00e0s 19h;<br \/>\n24 de dezembro das 11h \u00e0s 13h e das 14h \u00e0s 17h.<br \/>\nFotografia com o Pai Natal | S\u00e1bados, domingos e feriados.<\/p>\n<p><strong>Livro do Gui<\/strong><br \/>\nCom oferta de pe\u00e7as colecion\u00e1veis.<br \/>\nRecebe o livro do Gui que este ano ter\u00e1 o t\u00edtulo \u201cGui, \u00e0 Descoberta de Portugal\u201d e que fala de monumentos. Com o livro oferecemos-te ainda um \u201ctabuleiro\u201d com o mapa de Portugal, e ainda pe\u00e7as colecion\u00e1veis, a serem lan\u00e7adas em cada fim-de-semana, entre os dias 12 e 27 de novembro e que podes levantar gratuitamente* no Balc\u00e3o de Apoio ao Cliente. *(Limitado ao stock existente).<\/p>\n<p><strong>19 de novembro a 6 de janeiro<\/strong><br \/>\n<strong>Exposi\u00e7\u00e3o Solid\u00e1ria de Pres\u00e9pios &#8211; Piso 0<\/strong><br \/>\nProjecto Mission\u00e1rio \u00abChispuditos\u00bb: apoiar crian\u00e7as com desnutri\u00e7\u00e3o cr\u00f3nica na Guatemala.<br \/>\nHor\u00e1rio: Todos os dias das 15h \u00e0s 20h | 3\u00aa e 5\u00aa das 10h \u00e0s 12h \u2013 workshops para crian\u00e7as (inscri\u00e7\u00f5es para viseu.combonianos@gmail.com).<br \/>\nEncerrado a 24 e 25 de dezembro e 31 de dezembro e 1 de janeiro.<\/p>\n<p><strong>Espet\u00e1culos de Natal<\/strong><br \/>\n<strong>15h30<\/strong><\/p>\n<p>1 Dez | Concerto de Natal \u2013 Soldadinhos<br \/>\n3 Dez | Contos de Natal &#8211; O Pai Natal pregui\u00e7oso e a Rena Rodolfa<br \/>\n4 Dez | Teatro Musical &#8211; O Presente deste Natal<br \/>\n8 Dez | Espet\u00e1culo de Magia &#8211; Mimi<br \/>\n10 Dez | Teatro de Natal \u2013 A F\u00e1brica do Pai Natal<br \/>\n11 Dez | Contos de Natal &#8211; As visitas do Pai Natal<br \/>\n17 Dez | Concerto de Natal &#8211; As melhores m\u00fasicas de Natal<br \/>\n18 Dez | Teatro de Marionetas<\/p>\n","protected":false},"featured_media":2180,"template":"","class_list":["post-4608","events","type-events","status-publish","has-post-thumbnail","hentry"],"yoast_head":"<!-- This site is optimized with the Yoast SEO plugin v22.2 - https:\/\/yoast.com\/wordpress\/plugins\/seo\/ -->\n<title>Sou Natal no Forum Viseu 2022 - Forum Viseu<\/title>\n<meta name=\"robots\" content=\"index, follow, max-snippet:-1, max-image-preview:large, max-video-preview:-1\" \/>\n<link rel=\"canonical\" href=\"https:\/\/www.forumviseu.net\/en\/events\/sou-natal-no-forum-viseu-2022\/\" \/>\n<meta property=\"og:locale\" content=\"en_US\" \/>\n<meta property=\"og:type\" content=\"article\" \/>\n<meta property=\"og:title\" content=\"Sou Natal no Forum Viseu 2022 - Forum Viseu\" \/>\n<meta property=\"og:description\" content=\"Natal para toda a fam\u00edlia, com muita anima\u00e7\u00e3o, espet\u00e1culos, a Casa do Pai Natal e muito mais. No Forum Viseu em cada momento. Todos os dias. Hor\u00e1rios do Pai Natal Casa do Pai Natal &#8211; Piso 1 Novembro | 6\u00aa, s\u00e1bados e domingos: 11h \u00e0s 13h | 15h \u00e0s 19h Dezembro | 2\u00aa a 5\u00aa [&hellip;]\" \/>\n<meta property=\"og:url\" content=\"https:\/\/www.forumviseu.net\/en\/events\/sou-natal-no-forum-viseu-2022\/\" \/>\n<meta property=\"og:site_name\" content=\"Forum Viseu\" \/>\n<meta property=\"og:image\" content=\"https:\/\/www.forumviseu.net\/wp-content\/uploads\/sites\/15\/2022\/11\/Forum-Viseu_Homepage_digital_2500x1500.jpg\" \/>\n\t<meta property=\"og:image:width\" content=\"2500\" \/>\n\t<meta property=\"og:image:height\" content=\"1500\" \/>\n\t<meta property=\"og:image:type\" content=\"image\/jpeg\" \/>\n<meta name=\"twitter:card\" content=\"summary_large_image\" \/>\n<meta name=\"twitter:label1\" content=\"Est. reading time\" \/>\n\t<meta name=\"twitter:data1\" content=\"2 minutes\" \/>\n<script type=\"application\/ld+json\" class=\"yoast-schema-graph\">{\"@context\":\"https:\/\/schema.org\",\"@graph\":[{\"@type\":\"WebPage\",\"@id\":\"https:\/\/www.forumviseu.net\/en\/events\/sou-natal-no-forum-viseu-2022\/\",\"url\":\"https:\/\/www.forumviseu.net\/en\/events\/sou-natal-no-forum-viseu-2022\/\",\"name\":\"Sou Natal no Forum Viseu 2022 - Forum Viseu\",\"isPartOf\":{\"@id\":\"https:\/\/www.forumviseu.net\/#website\"},\"primaryImageOfPage\":{\"@id\":\"https:\/\/www.forumviseu.net\/en\/events\/sou-natal-no-forum-viseu-2022\/#primaryimage\"},\"image\":{\"@id\":\"https:\/\/www.forumviseu.net\/en\/events\/sou-natal-no-forum-viseu-2022\/#primaryimage\"},\"thumbnailUrl\":\"https:\/\/www.forumviseu.net\/wp-content\/uploads\/sites\/15\/2022\/11\/Forum-Viseu_Homepage_digital_2500x1500.jpg\",\"datePublished\":\"2026-01-30T15:36:00+00:00\",\"dateModified\":\"2026-01-30T15:36:00+00:00\",\"breadcrumb\":{\"@id\":\"https:\/\/www.forumviseu.net\/en\/events\/sou-natal-no-forum-viseu-2022\/#breadcrumb\"},\"inLanguage\":\"en-US\",\"potentialAction\":[{\"@type\":\"ReadAction\",\"target\":[\"https:\/\/www.forumviseu.net\/en\/events\/sou-natal-no-forum-viseu-2022\/\"]}]},{\"@type\":\"ImageObject\",\"inLanguage\":\"en-US\",\"@id\":\"https:\/\/www.forumviseu.net\/en\/events\/sou-natal-no-forum-viseu-2022\/#primaryimage\",\"url\":\"https:\/\/www.forumviseu.net\/wp-content\/uploads\/sites\/15\/2022\/11\/Forum-Viseu_Homepage_digital_2500x1500.jpg\",\"contentUrl\":\"https:\/\/www.forumviseu.net\/wp-content\/uploads\/sites\/15\/2022\/11\/Forum-Viseu_Homepage_digital_2500x1500.jpg\",\"width\":2500,\"height\":1500},{\"@type\":\"BreadcrumbList\",\"@id\":\"https:\/\/www.forumviseu.net\/en\/events\/sou-natal-no-forum-viseu-2022\/#breadcrumb\",\"itemListElement\":[{\"@type\":\"ListItem\",\"position\":1,\"name\":\"Events\",\"item\":\"https:\/\/www.forumviseu.net\/events\/\"},{\"@type\":\"ListItem\",\"position\":2,\"name\":\"Sou Natal no Forum Viseu 2022\"}]},{\"@type\":\"WebSite\",\"@id\":\"https:\/\/www.forumviseu.net\/#website\",\"url\":\"https:\/\/www.forumviseu.net\/\",\"name\":\"Forum Viseu\",\"description\":\"Ser Quem Sou\",\"publisher\":{\"@id\":\"https:\/\/www.forumviseu.net\/#organization\"},\"potentialAction\":[{\"@type\":\"SearchAction\",\"target\":{\"@type\":\"EntryPoint\",\"urlTemplate\":\"https:\/\/www.forumviseu.net\/?s={search_term_string}\"},\"query-input\":\"required name=search_term_string\"}],\"inLanguage\":\"en-US\"},{\"@type\":\"Organization\",\"@id\":\"https:\/\/www.forumviseu.net\/#organization\",\"name\":\"Forum Viseu\",\"url\":\"https:\/\/www.forumviseu.net\/\",\"logo\":{\"@type\":\"ImageObject\",\"inLanguage\":\"en-US\",\"@id\":\"https:\/\/www.forumviseu.net\/#\/schema\/logo\/image\/\",\"url\":\"https:\/\/www.forumviseu.net\/wp-content\/uploads\/sites\/15\/logo.png\",\"contentUrl\":\"https:\/\/www.forumviseu.net\/wp-content\/uploads\/sites\/15\/logo.png\",\"caption\":\"Forum Viseu\"},\"image\":{\"@id\":\"https:\/\/www.forumviseu.net\/#\/schema\/logo\/image\/\"}}]}<\/script>\n<!-- \/ Yoast SEO plugin. -->","yoast_head_json":{"title":"Sou Natal no Forum Viseu 2022 - Forum Viseu","robots":{"index":"index","follow":"follow","max-snippet":"max-snippet:-1","max-image-preview":"max-image-preview:large","max-video-preview":"max-video-preview:-1"},"canonical":"https:\/\/www.forumviseu.net\/en\/events\/sou-natal-no-forum-viseu-2022\/","og_locale":"en_US","og_type":"article","og_title":"Sou Natal no Forum Viseu 2022 - Forum Viseu","og_description":"Natal para toda a fam\u00edlia, com muita anima\u00e7\u00e3o, espet\u00e1culos, a Casa do Pai Natal e muito mais. No Forum Viseu em cada momento. Todos os dias. Hor\u00e1rios do Pai Natal Casa do Pai Natal &#8211; Piso 1 Novembro | 6\u00aa, s\u00e1bados e domingos: 11h \u00e0s 13h | 15h \u00e0s 19h Dezembro | 2\u00aa a 5\u00aa [&hellip;]","og_url":"https:\/\/www.forumviseu.net\/en\/events\/sou-natal-no-forum-viseu-2022\/","og_site_name":"Forum Viseu","og_image":[{"width":2500,"height":1500,"url":"https:\/\/www.forumviseu.net\/wp-content\/uploads\/sites\/15\/2022\/11\/Forum-Viseu_Homepage_digital_2500x1500.jpg","type":"image\/jpeg"}],"twitter_card":"summary_large_image","twitter_misc":{"Est. reading time":"2 minutes"},"schema":{"@context":"https:\/\/schema.org","@graph":[{"@type":"WebPage","@id":"https:\/\/www.forumviseu.net\/en\/events\/sou-natal-no-forum-viseu-2022\/","url":"https:\/\/www.forumviseu.net\/en\/events\/sou-natal-no-forum-viseu-2022\/","name":"Sou Natal no Forum Viseu 2022 - Forum Viseu","isPartOf":{"@id":"https:\/\/www.forumviseu.net\/#website"},"primaryImageOfPage":{"@id":"https:\/\/www.forumviseu.net\/en\/events\/sou-natal-no-forum-viseu-2022\/#primaryimage"},"image":{"@id":"https:\/\/www.forumviseu.net\/en\/events\/sou-natal-no-forum-viseu-2022\/#primaryimage"},"thumbnailUrl":"https:\/\/www.forumviseu.net\/wp-content\/uploads\/sites\/15\/2022\/11\/Forum-Viseu_Homepage_digital_2500x1500.jpg","datePublished":"2026-01-30T15:36:00+00:00","dateModified":"2026-01-30T15:36:00+00:00","breadcrumb":{"@id":"https:\/\/www.forumviseu.net\/en\/events\/sou-natal-no-forum-viseu-2022\/#breadcrumb"},"inLanguage":"en-US","potentialAction":[{"@type":"ReadAction","target":["https:\/\/www.forumviseu.net\/en\/events\/sou-natal-no-forum-viseu-2022\/"]}]},{"@type":"ImageObject","inLanguage":"en-US","@id":"https:\/\/www.forumviseu.net\/en\/events\/sou-natal-no-forum-viseu-2022\/#primaryimage","url":"https:\/\/www.forumviseu.net\/wp-content\/uploads\/sites\/15\/2022\/11\/Forum-Viseu_Homepage_digital_2500x1500.jpg","contentUrl":"https:\/\/www.forumviseu.net\/wp-content\/uploads\/sites\/15\/2022\/11\/Forum-Viseu_Homepage_digital_2500x1500.jpg","width":2500,"height":1500},{"@type":"BreadcrumbList","@id":"https:\/\/www.forumviseu.net\/en\/events\/sou-natal-no-forum-viseu-2022\/#breadcrumb","itemListElement":[{"@type":"ListItem","position":1,"name":"Events","item":"https:\/\/www.forumviseu.net\/events\/"},{"@type":"ListItem","position":2,"name":"Sou Natal no Forum Viseu 2022"}]},{"@type":"WebSite","@id":"https:\/\/www.forumviseu.net\/#website","url":"https:\/\/www.forumviseu.net\/","name":"Forum Viseu","description":"Ser Quem Sou","publisher":{"@id":"https:\/\/www.forumviseu.net\/#organization"},"potentialAction":[{"@type":"SearchAction","target":{"@type":"EntryPoint","urlTemplate":"https:\/\/www.forumviseu.net\/?s={search_term_string}"},"query-input":"required name=search_term_string"}],"inLanguage":"en-US"},{"@type":"Organization","@id":"https:\/\/www.forumviseu.net\/#organization","name":"Forum Viseu","url":"https:\/\/www.forumviseu.net\/","logo":{"@type":"ImageObject","inLanguage":"en-US","@id":"https:\/\/www.forumviseu.net\/#\/schema\/logo\/image\/","url":"https:\/\/www.forumviseu.net\/wp-content\/uploads\/sites\/15\/logo.png","contentUrl":"https:\/\/www.forumviseu.net\/wp-content\/uploads\/sites\/15\/logo.png","caption":"Forum Viseu"},"image":{"@id":"https:\/\/www.forumviseu.net\/#\/schema\/logo\/image\/"}}]}},"_links":{"self":[{"href":"https:\/\/www.forumviseu.net\/en\/wp-json\/wp\/v2\/events\/4608","targetHints":{"allow":["GET"]}}],"collection":[{"href":"https:\/\/www.forumviseu.net\/en\/wp-json\/wp\/v2\/events"}],"about":[{"href":"https:\/\/www.forumviseu.net\/en\/wp-json\/wp\/v2\/types\/events"}],"wp:featuredmedia":[{"embeddable":true,"href":"https:\/\/www.forumviseu.net\/en\/wp-json\/wp\/v2\/media\/2180"}],"wp:attachment":[{"href":"https:\/\/www.forumviseu.net\/en\/wp-json\/wp\/v2\/media?parent=4608"}],"curies":[{"name":"wp","href":"https:\/\/api.w.org\/{rel}","templated":true}]}}

<p>Natal para toda a família, com muita animação, espetáculos, a Casa do Pai Natal e muito mais.</p>
<p>No Forum Viseu em cada momento. Todos os dias.</p>
<p><strong>Horários do Pai Natal</strong><br />
<strong>Casa do Pai Natal &#8211; Piso 1</strong><br />
Novembro | 6ª, sábados e domingos: 11h às 13h | 15h às 19h<br />
Dezembro | 2ª a 5ª das 15h às 19h;<br />
6ª, sábados, domingos e feriados: 11h às 13h e das 15h às 19h;<br />
24 de dezembro das 11h às 13h e das 14h às 17h.<br />
Fotografia com o Pai Natal | Sábados, domingos e feriados.</p>
<p><strong>Livro do Gui</strong><br />
Com oferta de peças colecionáveis.<br />
Recebe o livro do Gui que este ano terá o título “Gui, à Descoberta de Portugal” e que fala de monumentos. Com o livro oferecemos-te ainda um “tabuleiro” com o mapa de Portugal, e ainda peças colecionáveis, a serem lançadas em cada fim-de-semana, entre os dias 12 e 27 de novembro e que podes levantar gratuitamente* no Balcão de Apoio ao Cliente. *(Limitado ao stock existente).</p>
<p><strong>19 de novembro a 6 de janeiro</strong><br />
<strong>Exposição Solidária de Presépios &#8211; Piso 0</strong><br />
Projecto Missionário «Chispuditos»: apoiar crianças com desnutrição crónica na Guatemala.<br />
Horário: Todos os dias das 15h às 20h | 3ª e 5ª das 10h às 12h – workshops para crianças (inscrições para viseu.combonianos@gmail.com).<br />
Encerrado a 24 e 25 de dezembro e 31 de dezembro e 1 de janeiro.</p>
<p><strong>Espetáculos de Natal</strong><br />
<strong>15h30</strong></p>
<p>1 Dez | Concerto de Natal – Soldadinhos<br />
3 Dez | Contos de Natal &#8211; O Pai Natal preguiçoso e a Rena Rodolfa<br />
4 Dez | Teatro Musical &#8211; O Presente deste Natal<br />
8 Dez | Espetáculo de Magia &#8211; Mimi<br />
10 Dez | Teatro de Natal – A Fábrica do Pai Natal<br />
11 Dez | Contos de Natal &#8211; As visitas do Pai Natal<br />
17 Dez | Concerto de Natal &#8211; As melhores músicas de Natal<br />
18 Dez | Teatro de Marionetas</p>

<!-- This site is optimized with the Yoast SEO plugin v22.2 - https://yoast.com/wordpress/plugins/seo/ -->
<title>Sou Natal no Forum Viseu 2022 - Forum Viseu</title>
<meta name="robots" content="index, follow, max-snippet:-1, max-image-preview:large, max-video-preview:-1" />
<link rel="canonical" href="https://www.forumviseu.net/en/events/sou-natal-no-forum-viseu-2022/" />
<meta property="og:locale" content="en_US" />
<meta property="og:type" content="article" />
<meta property="og:title" content="Sou Natal no Forum Viseu 2022 - Forum Viseu" />
<meta property="og:description" content="Natal para toda a família, com muita animação, espetáculos, a Casa do Pai Natal e muito mais. No Forum Viseu em cada momento. Todos os dias. Horários do Pai Natal Casa do Pai Natal &#8211; Piso 1 Novembro | 6ª, sábados e domingos: 11h às 13h | 15h às 19h Dezembro | 2ª a 5ª [&hellip;]" />
<meta property="og:url" content="https://www.forumviseu.net/en/events/sou-natal-no-forum-viseu-2022/" />
<meta property="og:site_name" content="Forum Viseu" />
<meta property="og:image" content="https://www.forumviseu.net/wp-content/uploads/sites/15/2022/11/Forum-Viseu_Homepage_digital_2500x1500.jpg" />
	<meta property="og:image:width" content="2500" />
	<meta property="og:image:height" content="1500" />
	<meta property="og:image:type" content="image/jpeg" />
<meta name="twitter:card" content="summary_large_image" />
<meta name="twitter:label1" content="Est. reading time" />
	<meta name="twitter:data1" content="2 minutes" />
<script type="application/ld+json" class="yoast-schema-graph">{"@context":"https://schema.org","@graph":[{"@type":"WebPage","@id":"https://www.forumviseu.net/en/events/sou-natal-no-forum-viseu-2022/","url":"https://www.forumviseu.net/en/events/sou-natal-no-forum-viseu-2022/","name":"Sou Natal no Forum Viseu 2022 - Forum Viseu","isPartOf":{"@id":"https://www.forumviseu.net/#website"},"primaryImageOfPage":{"@id":"https://www.forumviseu.net/en/events/sou-natal-no-forum-viseu-2022/#primaryimage"},"image":{"@id":"https://www.forumviseu.net/en/events/sou-natal-no-forum-viseu-2022/#primaryimage"},"thumbnailUrl":"https://www.forumviseu.net/wp-content/uploads/sites/15/2022/11/Forum-Viseu_Homepage_digital_2500x1500.jpg","datePublished":"2026-01-30T15:36:00+00:00","dateModified":"2026-01-30T15:36:00+00:00","breadcrumb":{"@id":"https://www.forumviseu.net/en/events/sou-natal-no-forum-viseu-2022/#breadcrumb"},"inLanguage":"en-US","potentialAction":[{"@type":"ReadAction","target":["https://www.forumviseu.net/en/events/sou-natal-no-forum-viseu-2022/"]}]},{"@type":"ImageObject","inLanguage":"en-US","@id":"https://www.forumviseu.net/en/events/sou-natal-no-forum-viseu-2022/#primaryimage","url":"https://www.forumviseu.net/wp-content/uploads/sites/15/2022/11/Forum-Viseu_Homepage_digital_2500x1500.jpg","contentUrl":"https://www.forumviseu.net/wp-content/uploads/sites/15/2022/11/Forum-Viseu_Homepage_digital_2500x1500.jpg","width":2500,"height":1500},{"@type":"BreadcrumbList","@id":"https://www.forumviseu.net/en/events/sou-natal-no-forum-viseu-2022/#breadcrumb","itemListElement":[{"@type":"ListItem","position":1,"name":"Events","item":"https://www.forumviseu.net/events/"},{"@type":"ListItem","position":2,"name":"Sou Natal no Forum Viseu 2022"}]},{"@type":"WebSite","@id":"https://www.forumviseu.net/#website","url":"https://www.forumviseu.net/","name":"Forum Viseu","description":"Ser Quem Sou","publisher":{"@id":"https://www.forumviseu.net/#organization"},"potentialAction":[{"@type":"SearchAction","target":{"@type":"EntryPoint","urlTemplate":"https://www.forumviseu.net/?s={search_term_string}"},"query-input":"required name=search_term_string"}],"inLanguage":"en-US"},{"@type":"Organization","@id":"https://www.forumviseu.net/#organization","name":"Forum Viseu","url":"https://www.forumviseu.net/","logo":{"@type":"ImageObject","inLanguage":"en-US","@id":"https://www.forumviseu.net/#/schema/logo/image/","url":"https://www.forumviseu.net/wp-content/uploads/sites/15/logo.png","contentUrl":"https://www.forumviseu.net/wp-content/uploads/sites/15/logo.png","caption":"Forum Viseu"},"image":{"@id":"https://www.forumviseu.net/#/schema/logo/image/"}}]}</script>
<!-- / Yoast SEO plugin. -->

Natal para toda a família, com muita animação, espetáculos, a Casa do Pai Natal e muito mais. No Forum Viseu em cada momento. Todos os dias. Horários do Pai Natal Casa do Pai Natal &#8211; Piso 1 Novembro | 6ª, sábados e domingos: 11h às 13h | 15h às 19h Dezembro | 2ª a 5ª [&hellip;]
