{"id":4619,"date":"2026-01-30T15:39:39","date_gmt":"2026-01-30T15:39:39","guid":{"rendered":"https:\/\/www.forumviseu.net\/?post_type=events&#038;p=4619"},"modified":"2026-01-30T15:39:39","modified_gmt":"2026-01-30T15:39:39","slug":"20-anos-forum-viseu","status":"publish","type":"events","link":"https:\/\/www.forumviseu.net\/en\/events\/20-anos-forum-viseu\/","title":{"rendered":"20 Anos Forum Viseu"},"content":{"rendered":"<p data-start=\"162\" data-end=\"230\">O Forum Viseu faz 20 anos e queremos comemorar este marco consigo.<\/p>\n<p>H\u00e1 20 anos abrimos portas com o sonho de criar um espa\u00e7o de encontro, partilha e experi\u00eancias memor\u00e1veis. Trouxemos as melhores marcas internacionais para Viseu, ger\u00e1mos emprego e tornamo-nos um ponto de encontro de refer\u00eancia da cidade. Um lugar onde tudo acontece.<\/p>\n<p>Hoje, celebramos n\u00e3o apenas o nosso percurso, mas tamb\u00e9m o que constru\u00edmos juntos, com todos os que nos acompanham, inspiram e d\u00e3o sentido a esta hist\u00f3ria de proximidade, crescimento e desenvolvimento.<\/p>\n<p>O Forum Viseu celebra 20 anos e continua a ser um espa\u00e7o onde a cidade vive, acontece e se reinventa.<\/p>\n<p><strong>12 de setembro | 18h<br \/>\n<\/strong><strong>Vamos Celebrar!<\/strong><\/p>\n<h4>Programa especial de anivers\u00e1rio:<\/h4>\n<p>Momento musical ac\u00fastico com a artista <strong>Cuca Roseta<\/strong><\/p>\n<p>Inaugura\u00e7\u00e3o da <strong>\u201cExposi\u00e7\u00e3o 20 Anos\u201d<\/strong><\/p>\n<p>Apresenta\u00e7\u00e3o do <strong>Mural Art\u00edstico do Projeto Ru\u00eddo<\/strong><\/p>\n<p>&nbsp;<\/p>\n<p data-start=\"1043\" data-end=\"1145\"><strong>Junte-se a n\u00f3s nesta data especial e venha fazer parte da celebra\u00e7\u00e3o dos 20 anos do Forum Viseu.<\/strong><\/p>\n","protected":false},"featured_media":4501,"template":"","class_list":["post-4619","events","type-events","status-publish","has-post-thumbnail","hentry"],"yoast_head":"<!-- This site is optimized with the Yoast SEO plugin v22.2 - https:\/\/yoast.com\/wordpress\/plugins\/seo\/ -->\n<title>20 Anos Forum Viseu - Forum Viseu<\/title>\n<meta name=\"robots\" content=\"index, follow, max-snippet:-1, max-image-preview:large, max-video-preview:-1\" \/>\n<link rel=\"canonical\" href=\"https:\/\/www.forumviseu.net\/en\/events\/20-anos-forum-viseu\/\" \/>\n<meta property=\"og:locale\" content=\"en_US\" \/>\n<meta property=\"og:type\" content=\"article\" \/>\n<meta property=\"og:title\" content=\"20 Anos Forum Viseu - Forum Viseu\" \/>\n<meta property=\"og:description\" content=\"O Forum Viseu faz 20 anos e queremos comemorar este marco consigo. H\u00e1 20 anos abrimos portas com o sonho de criar um espa\u00e7o de encontro, partilha e experi\u00eancias memor\u00e1veis. Trouxemos as melhores marcas internacionais para Viseu, ger\u00e1mos emprego e tornamo-nos um ponto de encontro de refer\u00eancia da cidade. Um lugar onde tudo acontece. Hoje, [&hellip;]\" \/>\n<meta property=\"og:url\" content=\"https:\/\/www.forumviseu.net\/en\/events\/20-anos-forum-viseu\/\" \/>\n<meta property=\"og:site_name\" content=\"Forum Viseu\" \/>\n<meta property=\"og:image\" content=\"https:\/\/www.forumviseu.net\/wp-content\/uploads\/sites\/15\/2025\/09\/Evento-Aniv20_banner.jpg\" \/>\n\t<meta property=\"og:image:width\" content=\"2374\" \/>\n\t<meta property=\"og:image:height\" content=\"958\" \/>\n\t<meta property=\"og:image:type\" content=\"image\/jpeg\" \/>\n<meta name=\"twitter:card\" content=\"summary_large_image\" \/>\n<script type=\"application\/ld+json\" class=\"yoast-schema-graph\">{\"@context\":\"https:\/\/schema.org\",\"@graph\":[{\"@type\":\"WebPage\",\"@id\":\"https:\/\/www.forumviseu.net\/en\/events\/20-anos-forum-viseu\/\",\"url\":\"https:\/\/www.forumviseu.net\/en\/events\/20-anos-forum-viseu\/\",\"name\":\"20 Anos Forum Viseu - Forum Viseu\",\"isPartOf\":{\"@id\":\"https:\/\/www.forumviseu.net\/#website\"},\"primaryImageOfPage\":{\"@id\":\"https:\/\/www.forumviseu.net\/en\/events\/20-anos-forum-viseu\/#primaryimage\"},\"image\":{\"@id\":\"https:\/\/www.forumviseu.net\/en\/events\/20-anos-forum-viseu\/#primaryimage\"},\"thumbnailUrl\":\"https:\/\/www.forumviseu.net\/wp-content\/uploads\/sites\/15\/2025\/09\/Evento-Aniv20_banner.jpg\",\"datePublished\":\"2026-01-30T15:39:39+00:00\",\"dateModified\":\"2026-01-30T15:39:39+00:00\",\"breadcrumb\":{\"@id\":\"https:\/\/www.forumviseu.net\/en\/events\/20-anos-forum-viseu\/#breadcrumb\"},\"inLanguage\":\"en-US\",\"potentialAction\":[{\"@type\":\"ReadAction\",\"target\":[\"https:\/\/www.forumviseu.net\/en\/events\/20-anos-forum-viseu\/\"]}]},{\"@type\":\"ImageObject\",\"inLanguage\":\"en-US\",\"@id\":\"https:\/\/www.forumviseu.net\/en\/events\/20-anos-forum-viseu\/#primaryimage\",\"url\":\"https:\/\/www.forumviseu.net\/wp-content\/uploads\/sites\/15\/2025\/09\/Evento-Aniv20_banner.jpg\",\"contentUrl\":\"https:\/\/www.forumviseu.net\/wp-content\/uploads\/sites\/15\/2025\/09\/Evento-Aniv20_banner.jpg\",\"width\":2374,\"height\":958},{\"@type\":\"BreadcrumbList\",\"@id\":\"https:\/\/www.forumviseu.net\/en\/events\/20-anos-forum-viseu\/#breadcrumb\",\"itemListElement\":[{\"@type\":\"ListItem\",\"position\":1,\"name\":\"Events\",\"item\":\"https:\/\/www.forumviseu.net\/events\/\"},{\"@type\":\"ListItem\",\"position\":2,\"name\":\"20 Anos Forum Viseu\"}]},{\"@type\":\"WebSite\",\"@id\":\"https:\/\/www.forumviseu.net\/#website\",\"url\":\"https:\/\/www.forumviseu.net\/\",\"name\":\"Forum Viseu\",\"description\":\"Ser Quem Sou\",\"publisher\":{\"@id\":\"https:\/\/www.forumviseu.net\/#organization\"},\"potentialAction\":[{\"@type\":\"SearchAction\",\"target\":{\"@type\":\"EntryPoint\",\"urlTemplate\":\"https:\/\/www.forumviseu.net\/?s={search_term_string}\"},\"query-input\":\"required name=search_term_string\"}],\"inLanguage\":\"en-US\"},{\"@type\":\"Organization\",\"@id\":\"https:\/\/www.forumviseu.net\/#organization\",\"name\":\"Forum Viseu\",\"url\":\"https:\/\/www.forumviseu.net\/\",\"logo\":{\"@type\":\"ImageObject\",\"inLanguage\":\"en-US\",\"@id\":\"https:\/\/www.forumviseu.net\/#\/schema\/logo\/image\/\",\"url\":\"https:\/\/www.forumviseu.net\/wp-content\/uploads\/sites\/15\/logo.png\",\"contentUrl\":\"https:\/\/www.forumviseu.net\/wp-content\/uploads\/sites\/15\/logo.png\",\"caption\":\"Forum Viseu\"},\"image\":{\"@id\":\"https:\/\/www.forumviseu.net\/#\/schema\/logo\/image\/\"}}]}<\/script>\n<!-- \/ Yoast SEO plugin. -->","yoast_head_json":{"title":"20 Anos Forum Viseu - Forum Viseu","robots":{"index":"index","follow":"follow","max-snippet":"max-snippet:-1","max-image-preview":"max-image-preview:large","max-video-preview":"max-video-preview:-1"},"canonical":"https:\/\/www.forumviseu.net\/en\/events\/20-anos-forum-viseu\/","og_locale":"en_US","og_type":"article","og_title":"20 Anos Forum Viseu - Forum Viseu","og_description":"O Forum Viseu faz 20 anos e queremos comemorar este marco consigo. H\u00e1 20 anos abrimos portas com o sonho de criar um espa\u00e7o de encontro, partilha e experi\u00eancias memor\u00e1veis. Trouxemos as melhores marcas internacionais para Viseu, ger\u00e1mos emprego e tornamo-nos um ponto de encontro de refer\u00eancia da cidade. Um lugar onde tudo acontece. Hoje, [&hellip;]","og_url":"https:\/\/www.forumviseu.net\/en\/events\/20-anos-forum-viseu\/","og_site_name":"Forum Viseu","og_image":[{"width":2374,"height":958,"url":"https:\/\/www.forumviseu.net\/wp-content\/uploads\/sites\/15\/2025\/09\/Evento-Aniv20_banner.jpg","type":"image\/jpeg"}],"twitter_card":"summary_large_image","schema":{"@context":"https:\/\/schema.org","@graph":[{"@type":"WebPage","@id":"https:\/\/www.forumviseu.net\/en\/events\/20-anos-forum-viseu\/","url":"https:\/\/www.forumviseu.net\/en\/events\/20-anos-forum-viseu\/","name":"20 Anos Forum Viseu - Forum Viseu","isPartOf":{"@id":"https:\/\/www.forumviseu.net\/#website"},"primaryImageOfPage":{"@id":"https:\/\/www.forumviseu.net\/en\/events\/20-anos-forum-viseu\/#primaryimage"},"image":{"@id":"https:\/\/www.forumviseu.net\/en\/events\/20-anos-forum-viseu\/#primaryimage"},"thumbnailUrl":"https:\/\/www.forumviseu.net\/wp-content\/uploads\/sites\/15\/2025\/09\/Evento-Aniv20_banner.jpg","datePublished":"2026-01-30T15:39:39+00:00","dateModified":"2026-01-30T15:39:39+00:00","breadcrumb":{"@id":"https:\/\/www.forumviseu.net\/en\/events\/20-anos-forum-viseu\/#breadcrumb"},"inLanguage":"en-US","potentialAction":[{"@type":"ReadAction","target":["https:\/\/www.forumviseu.net\/en\/events\/20-anos-forum-viseu\/"]}]},{"@type":"ImageObject","inLanguage":"en-US","@id":"https:\/\/www.forumviseu.net\/en\/events\/20-anos-forum-viseu\/#primaryimage","url":"https:\/\/www.forumviseu.net\/wp-content\/uploads\/sites\/15\/2025\/09\/Evento-Aniv20_banner.jpg","contentUrl":"https:\/\/www.forumviseu.net\/wp-content\/uploads\/sites\/15\/2025\/09\/Evento-Aniv20_banner.jpg","width":2374,"height":958},{"@type":"BreadcrumbList","@id":"https:\/\/www.forumviseu.net\/en\/events\/20-anos-forum-viseu\/#breadcrumb","itemListElement":[{"@type":"ListItem","position":1,"name":"Events","item":"https:\/\/www.forumviseu.net\/events\/"},{"@type":"ListItem","position":2,"name":"20 Anos Forum Viseu"}]},{"@type":"WebSite","@id":"https:\/\/www.forumviseu.net\/#website","url":"https:\/\/www.forumviseu.net\/","name":"Forum Viseu","description":"Ser Quem Sou","publisher":{"@id":"https:\/\/www.forumviseu.net\/#organization"},"potentialAction":[{"@type":"SearchAction","target":{"@type":"EntryPoint","urlTemplate":"https:\/\/www.forumviseu.net\/?s={search_term_string}"},"query-input":"required name=search_term_string"}],"inLanguage":"en-US"},{"@type":"Organization","@id":"https:\/\/www.forumviseu.net\/#organization","name":"Forum Viseu","url":"https:\/\/www.forumviseu.net\/","logo":{"@type":"ImageObject","inLanguage":"en-US","@id":"https:\/\/www.forumviseu.net\/#\/schema\/logo\/image\/","url":"https:\/\/www.forumviseu.net\/wp-content\/uploads\/sites\/15\/logo.png","contentUrl":"https:\/\/www.forumviseu.net\/wp-content\/uploads\/sites\/15\/logo.png","caption":"Forum Viseu"},"image":{"@id":"https:\/\/www.forumviseu.net\/#\/schema\/logo\/image\/"}}]}},"_links":{"self":[{"href":"https:\/\/www.forumviseu.net\/en\/wp-json\/wp\/v2\/events\/4619","targetHints":{"allow":["GET"]}}],"collection":[{"href":"https:\/\/www.forumviseu.net\/en\/wp-json\/wp\/v2\/events"}],"about":[{"href":"https:\/\/www.forumviseu.net\/en\/wp-json\/wp\/v2\/types\/events"}],"wp:featuredmedia":[{"embeddable":true,"href":"https:\/\/www.forumviseu.net\/en\/wp-json\/wp\/v2\/media\/4501"}],"wp:attachment":[{"href":"https:\/\/www.forumviseu.net\/en\/wp-json\/wp\/v2\/media?parent=4619"}],"curies":[{"name":"wp","href":"https:\/\/api.w.org\/{rel}","templated":true}]}}

<p data-start="162" data-end="230">O Forum Viseu faz 20 anos e queremos comemorar este marco consigo.</p>
<p>Há 20 anos abrimos portas com o sonho de criar um espaço de encontro, partilha e experiências memoráveis. Trouxemos as melhores marcas internacionais para Viseu, gerámos emprego e tornamo-nos um ponto de encontro de referência da cidade. Um lugar onde tudo acontece.</p>
<p>Hoje, celebramos não apenas o nosso percurso, mas também o que construímos juntos, com todos os que nos acompanham, inspiram e dão sentido a esta história de proximidade, crescimento e desenvolvimento.</p>
<p>O Forum Viseu celebra 20 anos e continua a ser um espaço onde a cidade vive, acontece e se reinventa.</p>
<p><strong>12 de setembro | 18h<br />
</strong><strong>Vamos Celebrar!</strong></p>
<h4>Programa especial de aniversário:</h4>
<p>Momento musical acústico com a artista <strong>Cuca Roseta</strong></p>
<p>Inauguração da <strong>“Exposição 20 Anos”</strong></p>
<p>Apresentação do <strong>Mural Artístico do Projeto Ruído</strong></p>
<p>&nbsp;</p>
<p data-start="1043" data-end="1145"><strong>Junte-se a nós nesta data especial e venha fazer parte da celebração dos 20 anos do Forum Viseu.</strong></p>

<!-- This site is optimized with the Yoast SEO plugin v22.2 - https://yoast.com/wordpress/plugins/seo/ -->
<title>20 Anos Forum Viseu - Forum Viseu</title>
<meta name="robots" content="index, follow, max-snippet:-1, max-image-preview:large, max-video-preview:-1" />
<link rel="canonical" href="https://www.forumviseu.net/en/events/20-anos-forum-viseu/" />
<meta property="og:locale" content="en_US" />
<meta property="og:type" content="article" />
<meta property="og:title" content="20 Anos Forum Viseu - Forum Viseu" />
<meta property="og:description" content="O Forum Viseu faz 20 anos e queremos comemorar este marco consigo. Há 20 anos abrimos portas com o sonho de criar um espaço de encontro, partilha e experiências memoráveis. Trouxemos as melhores marcas internacionais para Viseu, gerámos emprego e tornamo-nos um ponto de encontro de referência da cidade. Um lugar onde tudo acontece. Hoje, [&hellip;]" />
<meta property="og:url" content="https://www.forumviseu.net/en/events/20-anos-forum-viseu/" />
<meta property="og:site_name" content="Forum Viseu" />
<meta property="og:image" content="https://www.forumviseu.net/wp-content/uploads/sites/15/2025/09/Evento-Aniv20_banner.jpg" />
	<meta property="og:image:width" content="2374" />
	<meta property="og:image:height" content="958" />
	<meta property="og:image:type" content="image/jpeg" />
<meta name="twitter:card" content="summary_large_image" />
<script type="application/ld+json" class="yoast-schema-graph">{"@context":"https://schema.org","@graph":[{"@type":"WebPage","@id":"https://www.forumviseu.net/en/events/20-anos-forum-viseu/","url":"https://www.forumviseu.net/en/events/20-anos-forum-viseu/","name":"20 Anos Forum Viseu - Forum Viseu","isPartOf":{"@id":"https://www.forumviseu.net/#website"},"primaryImageOfPage":{"@id":"https://www.forumviseu.net/en/events/20-anos-forum-viseu/#primaryimage"},"image":{"@id":"https://www.forumviseu.net/en/events/20-anos-forum-viseu/#primaryimage"},"thumbnailUrl":"https://www.forumviseu.net/wp-content/uploads/sites/15/2025/09/Evento-Aniv20_banner.jpg","datePublished":"2026-01-30T15:39:39+00:00","dateModified":"2026-01-30T15:39:39+00:00","breadcrumb":{"@id":"https://www.forumviseu.net/en/events/20-anos-forum-viseu/#breadcrumb"},"inLanguage":"en-US","potentialAction":[{"@type":"ReadAction","target":["https://www.forumviseu.net/en/events/20-anos-forum-viseu/"]}]},{"@type":"ImageObject","inLanguage":"en-US","@id":"https://www.forumviseu.net/en/events/20-anos-forum-viseu/#primaryimage","url":"https://www.forumviseu.net/wp-content/uploads/sites/15/2025/09/Evento-Aniv20_banner.jpg","contentUrl":"https://www.forumviseu.net/wp-content/uploads/sites/15/2025/09/Evento-Aniv20_banner.jpg","width":2374,"height":958},{"@type":"BreadcrumbList","@id":"https://www.forumviseu.net/en/events/20-anos-forum-viseu/#breadcrumb","itemListElement":[{"@type":"ListItem","position":1,"name":"Events","item":"https://www.forumviseu.net/events/"},{"@type":"ListItem","position":2,"name":"20 Anos Forum Viseu"}]},{"@type":"WebSite","@id":"https://www.forumviseu.net/#website","url":"https://www.forumviseu.net/","name":"Forum Viseu","description":"Ser Quem Sou","publisher":{"@id":"https://www.forumviseu.net/#organization"},"potentialAction":[{"@type":"SearchAction","target":{"@type":"EntryPoint","urlTemplate":"https://www.forumviseu.net/?s={search_term_string}"},"query-input":"required name=search_term_string"}],"inLanguage":"en-US"},{"@type":"Organization","@id":"https://www.forumviseu.net/#organization","name":"Forum Viseu","url":"https://www.forumviseu.net/","logo":{"@type":"ImageObject","inLanguage":"en-US","@id":"https://www.forumviseu.net/#/schema/logo/image/","url":"https://www.forumviseu.net/wp-content/uploads/sites/15/logo.png","contentUrl":"https://www.forumviseu.net/wp-content/uploads/sites/15/logo.png","caption":"Forum Viseu"},"image":{"@id":"https://www.forumviseu.net/#/schema/logo/image/"}}]}</script>
<!-- / Yoast SEO plugin. -->

O Forum Viseu faz 20 anos e queremos comemorar este marco consigo. Há 20 anos abrimos portas com o sonho de criar um espaço de encontro, partilha e experiências memoráveis. Trouxemos as melhores marcas internacionais para Viseu, gerámos emprego e tornamo-nos um ponto de encontro de referência da cidade. Um lugar onde tudo acontece. Hoje, [&hellip;]
