{"id":4620,"date":"2026-01-30T15:40:11","date_gmt":"2026-01-30T15:40:11","guid":{"rendered":"https:\/\/www.forumviseu.net\/?post_type=events&#038;p=4620"},"modified":"2026-01-30T15:40:11","modified_gmt":"2026-01-30T15:40:11","slug":"natal-de-estrelas","status":"publish","type":"events","link":"https:\/\/www.forumviseu.net\/en\/events\/natal-de-estrelas\/","title":{"rendered":"Natal de Estrelas"},"content":{"rendered":"<p>Este Natal, o Forum Viseu \u00e9 o seu destino para viver a magia, as surpresas e os sorrisos da \u00e9poca mais encantadora do ano.<\/p>\n<p><strong>A Magia Come\u00e7a a 8 de novembro.<\/strong><br \/>\nO Forum Viseu veste-se a rigor para celebrar a \u00e9poca mais m\u00e1gica do ano!<\/p>\n<p>As luzes, a decora\u00e7\u00e3o e o esp\u00edrito natal\u00edcio transformam o centro num espa\u00e7o cheio de brilho, encanto e alegria, o cen\u00e1rio perfeito para viver momentos especiais em fam\u00edlia e fazer as compras de Natal.<\/p>\n<p>&nbsp;<\/p>\n<h3><strong>29 de novembro | 11h00 | Chegada do Pai Natal \u201cUma Aventura C\u00f3smica!\u201d<\/strong><\/h3>\n<p>Piso 1<\/p>\n<p>A Luna e a Astra v\u00e3o guiar-nos numa viagem intergal\u00e1ctica, com a participa\u00e7\u00e3o especial do Coro Mozart, que vai cantar e encantar.<\/p>\n<p>O Pai Natal chegar\u00e1 de uma forma surpreendente, dando in\u00edcio oficial ao Natal e inaugurando a sua Casinha de Natal e respetivas atividades.<br \/>\nPrepare-se para um momento m\u00e1gico que vai deliciar mi\u00fados e gra\u00fados!<\/p>\n<p>&nbsp;<\/p>\n<h3><strong>29 de novembro a 24 de dezembro | Espa\u00e7o Kids on the Moon<\/strong><\/h3>\n<p>Piso 0 (Loja 0.03 \u2013 entre o Pingo Doce e Gin\u00e1sio)<\/p>\n<p>Um espa\u00e7o l\u00fadico e pedag\u00f3gico pensado para os mais pequenos embarcarem numa aut\u00eantica viagem pelo espa\u00e7o!<br \/>\nAtrav\u00e9s de m\u00f3dulos interativos, r\u00e9plicas espaciais e experi\u00eancias imersivas, as crian\u00e7as poder\u00e3o aprender e divertir-se enquanto descobrem os segredos do universo e sentem a emo\u00e7\u00e3o de caminhar na Lua.<\/p>\n<p><strong>Hor\u00e1rio:<\/strong><br \/>\n11h \u00e0s 13h \u2013 15h \u00e0s 19h<br \/>\nDia 24: 11h \u00e0s 13h \u2013 14h \u00e0s 16h<\/p>\n<p>&nbsp;<\/p>\n<h3><strong>29 de novembro a 24 de dezembro | Casa do Pai Natal<\/strong><\/h3>\n<p>Piso 1<\/p>\n<p>Aqui, as crian\u00e7as poder\u00e3o visitar o Pai Natal, tirar fotografias e receber, gratuitamente, o novo livro \u201cGui \u2013 e a viagem ao espa\u00e7o\u201d.<\/p>\n<p><strong>Hor\u00e1rio:<\/strong><br \/>\nSegunda a sexta: 15h \u00e0s 19h<br \/>\nS\u00e1bados, domingos e feriados: 11h \u00e0s 13h \u2013 15h \u00e0s 19h<br \/>\nDia 24: 11h \u00e0s 13h \u2013 14h \u00e0s 16h<\/p>\n<p>Um espa\u00e7o cheio de ternura e sorrisos, onde os sonhos ganham vida e o esp\u00edrito natal\u00edcio se faz sentir em cada abra\u00e7o!<\/p>\n<p>&nbsp;<\/p>\n<h3><strong>De 1 a 21 de dezembro | Campanha \u201cEstrelas de Pr\u00e9mios\u201d<\/strong><\/h3>\n<p>Quanto mais comprar, mais pode ganhar!<\/p>\n<p>5 pr\u00e9mios semanais de 200\u20ac em Gift Cards<br \/>\n1 pr\u00e9mio final de 2.000\u20ac em Gift Card<\/p>\n<p>Regulamento dispon\u00edvel brevemente aqui<\/p>\n<p>Participe e viva o Natal com ainda mais brilho \u2014 o Forum Viseu celebra consigo esta \u00e9poca de alegria e partilha!<\/p>\n<p>&nbsp;<\/p>\n<p>Este Natal, o Forum Viseu \u00e9 o seu universo de magia!<\/p>\n<p>Venha descobrir um Natal cheio de luz, encanto e emo\u00e7\u00e3o \u2014 e crie mem\u00f3rias que v\u00e3o brilhar para sempre.<\/p>\n","protected":false},"featured_media":4519,"template":"","class_list":["post-4620","events","type-events","status-publish","has-post-thumbnail","hentry"],"yoast_head":"<!-- This site is optimized with the Yoast SEO plugin v22.2 - https:\/\/yoast.com\/wordpress\/plugins\/seo\/ -->\n<title>Natal de Estrelas - Forum Viseu<\/title>\n<meta name=\"robots\" content=\"index, follow, max-snippet:-1, max-image-preview:large, max-video-preview:-1\" \/>\n<link rel=\"canonical\" href=\"https:\/\/www.forumviseu.net\/en\/events\/natal-de-estrelas\/\" \/>\n<meta property=\"og:locale\" content=\"en_US\" \/>\n<meta property=\"og:type\" content=\"article\" \/>\n<meta property=\"og:title\" content=\"Natal de Estrelas - Forum Viseu\" \/>\n<meta property=\"og:description\" content=\"Este Natal, o Forum Viseu \u00e9 o seu destino para viver a magia, as surpresas e os sorrisos da \u00e9poca mais encantadora do ano. A Magia Come\u00e7a a 8 de novembro. O Forum Viseu veste-se a rigor para celebrar a \u00e9poca mais m\u00e1gica do ano! As luzes, a decora\u00e7\u00e3o e o esp\u00edrito natal\u00edcio transformam o [&hellip;]\" \/>\n<meta property=\"og:url\" content=\"https:\/\/www.forumviseu.net\/en\/events\/natal-de-estrelas\/\" \/>\n<meta property=\"og:site_name\" content=\"Forum Viseu\" \/>\n<meta property=\"og:image\" content=\"https:\/\/www.forumviseu.net\/wp-content\/uploads\/sites\/15\/2025\/11\/FV_NATAL_BANNER_WEB_2500x1500px-compress.jpg\" \/>\n\t<meta property=\"og:image:width\" content=\"2500\" \/>\n\t<meta property=\"og:image:height\" content=\"1500\" \/>\n\t<meta property=\"og:image:type\" content=\"image\/jpeg\" \/>\n<meta name=\"twitter:card\" content=\"summary_large_image\" \/>\n<script type=\"application\/ld+json\" class=\"yoast-schema-graph\">{\"@context\":\"https:\/\/schema.org\",\"@graph\":[{\"@type\":\"WebPage\",\"@id\":\"https:\/\/www.forumviseu.net\/en\/events\/natal-de-estrelas\/\",\"url\":\"https:\/\/www.forumviseu.net\/en\/events\/natal-de-estrelas\/\",\"name\":\"Natal de Estrelas - Forum Viseu\",\"isPartOf\":{\"@id\":\"https:\/\/www.forumviseu.net\/#website\"},\"primaryImageOfPage\":{\"@id\":\"https:\/\/www.forumviseu.net\/en\/events\/natal-de-estrelas\/#primaryimage\"},\"image\":{\"@id\":\"https:\/\/www.forumviseu.net\/en\/events\/natal-de-estrelas\/#primaryimage\"},\"thumbnailUrl\":\"https:\/\/www.forumviseu.net\/wp-content\/uploads\/sites\/15\/2025\/11\/FV_NATAL_BANNER_WEB_2500x1500px-compress.jpg\",\"datePublished\":\"2026-01-30T15:40:11+00:00\",\"dateModified\":\"2026-01-30T15:40:11+00:00\",\"breadcrumb\":{\"@id\":\"https:\/\/www.forumviseu.net\/en\/events\/natal-de-estrelas\/#breadcrumb\"},\"inLanguage\":\"en-US\",\"potentialAction\":[{\"@type\":\"ReadAction\",\"target\":[\"https:\/\/www.forumviseu.net\/en\/events\/natal-de-estrelas\/\"]}]},{\"@type\":\"ImageObject\",\"inLanguage\":\"en-US\",\"@id\":\"https:\/\/www.forumviseu.net\/en\/events\/natal-de-estrelas\/#primaryimage\",\"url\":\"https:\/\/www.forumviseu.net\/wp-content\/uploads\/sites\/15\/2025\/11\/FV_NATAL_BANNER_WEB_2500x1500px-compress.jpg\",\"contentUrl\":\"https:\/\/www.forumviseu.net\/wp-content\/uploads\/sites\/15\/2025\/11\/FV_NATAL_BANNER_WEB_2500x1500px-compress.jpg\",\"width\":2500,\"height\":1500},{\"@type\":\"BreadcrumbList\",\"@id\":\"https:\/\/www.forumviseu.net\/en\/events\/natal-de-estrelas\/#breadcrumb\",\"itemListElement\":[{\"@type\":\"ListItem\",\"position\":1,\"name\":\"Events\",\"item\":\"https:\/\/www.forumviseu.net\/events\/\"},{\"@type\":\"ListItem\",\"position\":2,\"name\":\"Natal de Estrelas\"}]},{\"@type\":\"WebSite\",\"@id\":\"https:\/\/www.forumviseu.net\/#website\",\"url\":\"https:\/\/www.forumviseu.net\/\",\"name\":\"Forum Viseu\",\"description\":\"Ser Quem Sou\",\"publisher\":{\"@id\":\"https:\/\/www.forumviseu.net\/#organization\"},\"potentialAction\":[{\"@type\":\"SearchAction\",\"target\":{\"@type\":\"EntryPoint\",\"urlTemplate\":\"https:\/\/www.forumviseu.net\/?s={search_term_string}\"},\"query-input\":\"required name=search_term_string\"}],\"inLanguage\":\"en-US\"},{\"@type\":\"Organization\",\"@id\":\"https:\/\/www.forumviseu.net\/#organization\",\"name\":\"Forum Viseu\",\"url\":\"https:\/\/www.forumviseu.net\/\",\"logo\":{\"@type\":\"ImageObject\",\"inLanguage\":\"en-US\",\"@id\":\"https:\/\/www.forumviseu.net\/#\/schema\/logo\/image\/\",\"url\":\"https:\/\/www.forumviseu.net\/wp-content\/uploads\/sites\/15\/logo.png\",\"contentUrl\":\"https:\/\/www.forumviseu.net\/wp-content\/uploads\/sites\/15\/logo.png\",\"caption\":\"Forum Viseu\"},\"image\":{\"@id\":\"https:\/\/www.forumviseu.net\/#\/schema\/logo\/image\/\"}}]}<\/script>\n<!-- \/ Yoast SEO plugin. -->","yoast_head_json":{"title":"Natal de Estrelas - Forum Viseu","robots":{"index":"index","follow":"follow","max-snippet":"max-snippet:-1","max-image-preview":"max-image-preview:large","max-video-preview":"max-video-preview:-1"},"canonical":"https:\/\/www.forumviseu.net\/en\/events\/natal-de-estrelas\/","og_locale":"en_US","og_type":"article","og_title":"Natal de Estrelas - Forum Viseu","og_description":"Este Natal, o Forum Viseu \u00e9 o seu destino para viver a magia, as surpresas e os sorrisos da \u00e9poca mais encantadora do ano. A Magia Come\u00e7a a 8 de novembro. O Forum Viseu veste-se a rigor para celebrar a \u00e9poca mais m\u00e1gica do ano! As luzes, a decora\u00e7\u00e3o e o esp\u00edrito natal\u00edcio transformam o [&hellip;]","og_url":"https:\/\/www.forumviseu.net\/en\/events\/natal-de-estrelas\/","og_site_name":"Forum Viseu","og_image":[{"width":2500,"height":1500,"url":"https:\/\/www.forumviseu.net\/wp-content\/uploads\/sites\/15\/2025\/11\/FV_NATAL_BANNER_WEB_2500x1500px-compress.jpg","type":"image\/jpeg"}],"twitter_card":"summary_large_image","schema":{"@context":"https:\/\/schema.org","@graph":[{"@type":"WebPage","@id":"https:\/\/www.forumviseu.net\/en\/events\/natal-de-estrelas\/","url":"https:\/\/www.forumviseu.net\/en\/events\/natal-de-estrelas\/","name":"Natal de Estrelas - Forum Viseu","isPartOf":{"@id":"https:\/\/www.forumviseu.net\/#website"},"primaryImageOfPage":{"@id":"https:\/\/www.forumviseu.net\/en\/events\/natal-de-estrelas\/#primaryimage"},"image":{"@id":"https:\/\/www.forumviseu.net\/en\/events\/natal-de-estrelas\/#primaryimage"},"thumbnailUrl":"https:\/\/www.forumviseu.net\/wp-content\/uploads\/sites\/15\/2025\/11\/FV_NATAL_BANNER_WEB_2500x1500px-compress.jpg","datePublished":"2026-01-30T15:40:11+00:00","dateModified":"2026-01-30T15:40:11+00:00","breadcrumb":{"@id":"https:\/\/www.forumviseu.net\/en\/events\/natal-de-estrelas\/#breadcrumb"},"inLanguage":"en-US","potentialAction":[{"@type":"ReadAction","target":["https:\/\/www.forumviseu.net\/en\/events\/natal-de-estrelas\/"]}]},{"@type":"ImageObject","inLanguage":"en-US","@id":"https:\/\/www.forumviseu.net\/en\/events\/natal-de-estrelas\/#primaryimage","url":"https:\/\/www.forumviseu.net\/wp-content\/uploads\/sites\/15\/2025\/11\/FV_NATAL_BANNER_WEB_2500x1500px-compress.jpg","contentUrl":"https:\/\/www.forumviseu.net\/wp-content\/uploads\/sites\/15\/2025\/11\/FV_NATAL_BANNER_WEB_2500x1500px-compress.jpg","width":2500,"height":1500},{"@type":"BreadcrumbList","@id":"https:\/\/www.forumviseu.net\/en\/events\/natal-de-estrelas\/#breadcrumb","itemListElement":[{"@type":"ListItem","position":1,"name":"Events","item":"https:\/\/www.forumviseu.net\/events\/"},{"@type":"ListItem","position":2,"name":"Natal de Estrelas"}]},{"@type":"WebSite","@id":"https:\/\/www.forumviseu.net\/#website","url":"https:\/\/www.forumviseu.net\/","name":"Forum Viseu","description":"Ser Quem Sou","publisher":{"@id":"https:\/\/www.forumviseu.net\/#organization"},"potentialAction":[{"@type":"SearchAction","target":{"@type":"EntryPoint","urlTemplate":"https:\/\/www.forumviseu.net\/?s={search_term_string}"},"query-input":"required name=search_term_string"}],"inLanguage":"en-US"},{"@type":"Organization","@id":"https:\/\/www.forumviseu.net\/#organization","name":"Forum Viseu","url":"https:\/\/www.forumviseu.net\/","logo":{"@type":"ImageObject","inLanguage":"en-US","@id":"https:\/\/www.forumviseu.net\/#\/schema\/logo\/image\/","url":"https:\/\/www.forumviseu.net\/wp-content\/uploads\/sites\/15\/logo.png","contentUrl":"https:\/\/www.forumviseu.net\/wp-content\/uploads\/sites\/15\/logo.png","caption":"Forum Viseu"},"image":{"@id":"https:\/\/www.forumviseu.net\/#\/schema\/logo\/image\/"}}]}},"_links":{"self":[{"href":"https:\/\/www.forumviseu.net\/en\/wp-json\/wp\/v2\/events\/4620","targetHints":{"allow":["GET"]}}],"collection":[{"href":"https:\/\/www.forumviseu.net\/en\/wp-json\/wp\/v2\/events"}],"about":[{"href":"https:\/\/www.forumviseu.net\/en\/wp-json\/wp\/v2\/types\/events"}],"wp:featuredmedia":[{"embeddable":true,"href":"https:\/\/www.forumviseu.net\/en\/wp-json\/wp\/v2\/media\/4519"}],"wp:attachment":[{"href":"https:\/\/www.forumviseu.net\/en\/wp-json\/wp\/v2\/media?parent=4620"}],"curies":[{"name":"wp","href":"https:\/\/api.w.org\/{rel}","templated":true}]}}

<p>Este Natal, o Forum Viseu é o seu destino para viver a magia, as surpresas e os sorrisos da época mais encantadora do ano.</p>
<p><strong>A Magia Começa a 8 de novembro.</strong><br />
O Forum Viseu veste-se a rigor para celebrar a época mais mágica do ano!</p>
<p>As luzes, a decoração e o espírito natalício transformam o centro num espaço cheio de brilho, encanto e alegria, o cenário perfeito para viver momentos especiais em família e fazer as compras de Natal.</p>
<p>&nbsp;</p>
<h3><strong>29 de novembro | 11h00 | Chegada do Pai Natal “Uma Aventura Cósmica!”</strong></h3>
<p>Piso 1</p>
<p>A Luna e a Astra vão guiar-nos numa viagem intergaláctica, com a participação especial do Coro Mozart, que vai cantar e encantar.</p>
<p>O Pai Natal chegará de uma forma surpreendente, dando início oficial ao Natal e inaugurando a sua Casinha de Natal e respetivas atividades.<br />
Prepare-se para um momento mágico que vai deliciar miúdos e graúdos!</p>
<p>&nbsp;</p>
<h3><strong>29 de novembro a 24 de dezembro | Espaço Kids on the Moon</strong></h3>
<p>Piso 0 (Loja 0.03 – entre o Pingo Doce e Ginásio)</p>
<p>Um espaço lúdico e pedagógico pensado para os mais pequenos embarcarem numa autêntica viagem pelo espaço!<br />
Através de módulos interativos, réplicas espaciais e experiências imersivas, as crianças poderão aprender e divertir-se enquanto descobrem os segredos do universo e sentem a emoção de caminhar na Lua.</p>
<p><strong>Horário:</strong><br />
11h às 13h – 15h às 19h<br />
Dia 24: 11h às 13h – 14h às 16h</p>
<p>&nbsp;</p>
<h3><strong>29 de novembro a 24 de dezembro | Casa do Pai Natal</strong></h3>
<p>Piso 1</p>
<p>Aqui, as crianças poderão visitar o Pai Natal, tirar fotografias e receber, gratuitamente, o novo livro “Gui – e a viagem ao espaço”.</p>
<p><strong>Horário:</strong><br />
Segunda a sexta: 15h às 19h<br />
Sábados, domingos e feriados: 11h às 13h – 15h às 19h<br />
Dia 24: 11h às 13h – 14h às 16h</p>
<p>Um espaço cheio de ternura e sorrisos, onde os sonhos ganham vida e o espírito natalício se faz sentir em cada abraço!</p>
<p>&nbsp;</p>
<h3><strong>De 1 a 21 de dezembro | Campanha “Estrelas de Prémios”</strong></h3>
<p>Quanto mais comprar, mais pode ganhar!</p>
<p>5 prémios semanais de 200€ em Gift Cards<br />
1 prémio final de 2.000€ em Gift Card</p>
<p>Regulamento disponível brevemente aqui</p>
<p>Participe e viva o Natal com ainda mais brilho — o Forum Viseu celebra consigo esta época de alegria e partilha!</p>
<p>&nbsp;</p>
<p>Este Natal, o Forum Viseu é o seu universo de magia!</p>
<p>Venha descobrir um Natal cheio de luz, encanto e emoção — e crie memórias que vão brilhar para sempre.</p>

<!-- This site is optimized with the Yoast SEO plugin v22.2 - https://yoast.com/wordpress/plugins/seo/ -->
<title>Natal de Estrelas - Forum Viseu</title>
<meta name="robots" content="index, follow, max-snippet:-1, max-image-preview:large, max-video-preview:-1" />
<link rel="canonical" href="https://www.forumviseu.net/en/events/natal-de-estrelas/" />
<meta property="og:locale" content="en_US" />
<meta property="og:type" content="article" />
<meta property="og:title" content="Natal de Estrelas - Forum Viseu" />
<meta property="og:description" content="Este Natal, o Forum Viseu é o seu destino para viver a magia, as surpresas e os sorrisos da época mais encantadora do ano. A Magia Começa a 8 de novembro. O Forum Viseu veste-se a rigor para celebrar a época mais mágica do ano! As luzes, a decoração e o espírito natalício transformam o [&hellip;]" />
<meta property="og:url" content="https://www.forumviseu.net/en/events/natal-de-estrelas/" />
<meta property="og:site_name" content="Forum Viseu" />
<meta property="og:image" content="https://www.forumviseu.net/wp-content/uploads/sites/15/2025/11/FV_NATAL_BANNER_WEB_2500x1500px-compress.jpg" />
	<meta property="og:image:width" content="2500" />
	<meta property="og:image:height" content="1500" />
	<meta property="og:image:type" content="image/jpeg" />
<meta name="twitter:card" content="summary_large_image" />
<script type="application/ld+json" class="yoast-schema-graph">{"@context":"https://schema.org","@graph":[{"@type":"WebPage","@id":"https://www.forumviseu.net/en/events/natal-de-estrelas/","url":"https://www.forumviseu.net/en/events/natal-de-estrelas/","name":"Natal de Estrelas - Forum Viseu","isPartOf":{"@id":"https://www.forumviseu.net/#website"},"primaryImageOfPage":{"@id":"https://www.forumviseu.net/en/events/natal-de-estrelas/#primaryimage"},"image":{"@id":"https://www.forumviseu.net/en/events/natal-de-estrelas/#primaryimage"},"thumbnailUrl":"https://www.forumviseu.net/wp-content/uploads/sites/15/2025/11/FV_NATAL_BANNER_WEB_2500x1500px-compress.jpg","datePublished":"2026-01-30T15:40:11+00:00","dateModified":"2026-01-30T15:40:11+00:00","breadcrumb":{"@id":"https://www.forumviseu.net/en/events/natal-de-estrelas/#breadcrumb"},"inLanguage":"en-US","potentialAction":[{"@type":"ReadAction","target":["https://www.forumviseu.net/en/events/natal-de-estrelas/"]}]},{"@type":"ImageObject","inLanguage":"en-US","@id":"https://www.forumviseu.net/en/events/natal-de-estrelas/#primaryimage","url":"https://www.forumviseu.net/wp-content/uploads/sites/15/2025/11/FV_NATAL_BANNER_WEB_2500x1500px-compress.jpg","contentUrl":"https://www.forumviseu.net/wp-content/uploads/sites/15/2025/11/FV_NATAL_BANNER_WEB_2500x1500px-compress.jpg","width":2500,"height":1500},{"@type":"BreadcrumbList","@id":"https://www.forumviseu.net/en/events/natal-de-estrelas/#breadcrumb","itemListElement":[{"@type":"ListItem","position":1,"name":"Events","item":"https://www.forumviseu.net/events/"},{"@type":"ListItem","position":2,"name":"Natal de Estrelas"}]},{"@type":"WebSite","@id":"https://www.forumviseu.net/#website","url":"https://www.forumviseu.net/","name":"Forum Viseu","description":"Ser Quem Sou","publisher":{"@id":"https://www.forumviseu.net/#organization"},"potentialAction":[{"@type":"SearchAction","target":{"@type":"EntryPoint","urlTemplate":"https://www.forumviseu.net/?s={search_term_string}"},"query-input":"required name=search_term_string"}],"inLanguage":"en-US"},{"@type":"Organization","@id":"https://www.forumviseu.net/#organization","name":"Forum Viseu","url":"https://www.forumviseu.net/","logo":{"@type":"ImageObject","inLanguage":"en-US","@id":"https://www.forumviseu.net/#/schema/logo/image/","url":"https://www.forumviseu.net/wp-content/uploads/sites/15/logo.png","contentUrl":"https://www.forumviseu.net/wp-content/uploads/sites/15/logo.png","caption":"Forum Viseu"},"image":{"@id":"https://www.forumviseu.net/#/schema/logo/image/"}}]}</script>
<!-- / Yoast SEO plugin. -->

Este Natal, o Forum Viseu é o seu destino para viver a magia, as surpresas e os sorrisos da época mais encantadora do ano. A Magia Começa a 8 de novembro. O Forum Viseu veste-se a rigor para celebrar a época mais mágica do ano! As luzes, a decoração e o espírito natalício transformam o [&hellip;]
